{"id":46007,"date":"2024-11-27T11:31:25","date_gmt":"2024-11-27T10:31:25","guid":{"rendered":"https:\/\/websjop.afuk.frl\/frl\/?post_type=product&#038;p=46007"},"modified":"2025-01-01T12:05:37","modified_gmt":"2025-01-01T11:05:37","slug":"ik-ruk-al-aardech-naar-de-skep-leeuwarder-spreekwoorden-en-gezegden","status":"publish","type":"product","link":"https:\/\/websjop.afuk.frl\/nl\/winkel\/ik-ruk-al-aardech-naar-de-skep-leeuwarder-spreekwoorden-en-gezegden\/","title":{"rendered":"Ik r\u00fak al aardech naar de skep &#8211; Leeuwarder spreekwoorden en gezegden"},"content":{"rendered":"<p><em>Ik r\u00fak al aardech naar de skep<\/em> is een verzameling van spreekwoorden en gezegden die de oma van de auteur, Attie Efd\u00e9, tijdens haar leven heeft\u00a0 vastgelegd. Na haar overlijden in 2022 heeft hij het schriftje waar ze deze teksten in 1998 in opschreef, overgenomen en gedigitaliseerd. De illustraties in dit boek zijn van de broer van de auteur, Remco Efd\u00e9.<\/p>\n<p>De titel is een knipoog naar de dood. Het refereert aan een uitspraak die Attie Efd\u00e9 vaak deed in de laatste fase van haar leven. Het is een herinnering aan haar scherpe gevoel voor humor en vermogen om zware situaties te verlichten.<\/p>\n<p>Spreuken als: &#8216;Kanst wel teugen un geintsje? Dan must dy in &#8216;e b\u00fase pise late&#8217;, &#8216;Toen se de neuzen \u00fatdeelden hewwe se dy seker un ellebooch geven&#8217; en &#8216;Se hewwe in Liwwarden oek un straat naar dy noemd, <em>De Ossekop.<\/em>&#8216;<\/p>\n","protected":false},"excerpt":{"rendered":"<p>Ik r\u00fak al aardech naar de skep is een verzameling van spreekwoorden en gezegden die de oma van de auteur, Attie Efd\u00e9, tijdens haar leven heeft\u00a0 vastgelegd. Na haar overlijden in 2022 heeft hij het schriftje waar ze deze teksten in 1998 in opschreef, overgenomen en gedigitaliseerd. De illustraties in dit boek zijn van de [&hellip;]<\/p>\n","protected":false},"featured_media":46008,"comment_status":"closed","ping_status":"closed","template":"","meta":{"_acf_changed":false},"product_brand":[],"product_cat":[554,535,1255],"product_tag":[23284,14217,8628,23282,17827,17780,23283,6643],"class_list":{"0":"post-46007","1":"product","2":"type-product","3":"status-publish","4":"has-post-thumbnail","6":"product_cat-ferskaat","7":"product_cat-fryske-boeken","8":"product_cat-kado-s-foar-de-feestdagen","9":"product_tag-ezra-efde","10":"product_tag-gezegden","11":"product_tag-humor","12":"product_tag-ik-ruk-al-aardech-naar-de-skep","13":"product_tag-kadoboekje","14":"product_tag-liwwadders","15":"product_tag-spreekwoorden","16":"product_tag-sprekwurden","17":"product_shipping_class-brievenbus-verzending","18":"pa_auteur-aartje-feikje-efde-van-der-wal-ezra-efde","19":"pa_isbn-23280","20":"pa_new-label-1-3","21":"pa_taal-leewaddes","22":"pa_uitgever-uitgeverij-wijdemeer","24":"first","25":"instock","26":"taxable","27":"shipping-taxable","28":"purchasable","29":"product-type-simple"},"acf":[],"yoast_head":"<!-- This site is optimized with the Yoast SEO plugin v27.3 - https:\/\/yoast.com\/product\/yoast-seo-wordpress\/ -->\n<title>Ik r\u00fak al aardech naar de skep - Leeuwarder spreekwoorden en gezegden &#8211; Af\u00fbk Websjop<\/title>\n<meta name=\"description\" content=\"Ik r\u00fak al aardech naar de skep is een verzameling van spreekwoorden en gezegden die de oma van de auteur, Attie Efd\u00e9, tijdens haar leven heeft\u00a0 vastgelegd.\" \/>\n<meta name=\"robots\" content=\"index, follow, max-snippet:-1, max-image-preview:large, max-video-preview:-1\" \/>\n<link rel=\"canonical\" href=\"https:\/\/websjop.afuk.frl\/nl\/winkel\/ik-ruk-al-aardech-naar-de-skep-leeuwarder-spreekwoorden-en-gezegden\/\" \/>\n<meta property=\"og:locale\" content=\"nl_NL\" \/>\n<meta property=\"og:type\" content=\"article\" \/>\n<meta property=\"og:title\" content=\"Ik r\u00fak al aardech naar de skep - Leeuwarder spreekwoorden en gezegden &#8211; Af\u00fbk Websjop\" \/>\n<meta property=\"og:description\" content=\"Ik r\u00fak al aardech naar de skep is een verzameling van spreekwoorden en gezegden die de oma van de auteur, Attie Efd\u00e9, tijdens haar leven heeft\u00a0 vastgelegd.\" \/>\n<meta property=\"og:url\" content=\"https:\/\/websjop.afuk.frl\/nl\/winkel\/ik-ruk-al-aardech-naar-de-skep-leeuwarder-spreekwoorden-en-gezegden\/\" \/>\n<meta property=\"og:site_name\" content=\"Af\u00fbk Websjop\" \/>\n<meta property=\"article:modified_time\" content=\"2025-01-01T11:05:37+00:00\" \/>\n<meta property=\"og:image\" content=\"https:\/\/websjop.afuk.frl\/wp-content\/uploads\/2024\/11\/Ik-ruk-al-aardech.jpg\" \/>\n\t<meta property=\"og:image:width\" content=\"600\" \/>\n\t<meta property=\"og:image:height\" content=\"581\" \/>\n\t<meta property=\"og:image:type\" content=\"image\/jpeg\" \/>\n<meta name=\"twitter:card\" content=\"summary_large_image\" \/>\n<meta name=\"twitter:label1\" content=\"Geschatte leestijd\" \/>\n\t<meta name=\"twitter:data1\" content=\"1 minuut\" \/>\n<script type=\"application\/ld+json\" class=\"yoast-schema-graph\">{\"@context\":\"https:\\\/\\\/schema.org\",\"@graph\":[{\"@type\":\"WebPage\",\"@id\":\"https:\\\/\\\/websjop.afuk.frl\\\/nl\\\/winkel\\\/ik-ruk-al-aardech-naar-de-skep-leeuwarder-spreekwoorden-en-gezegden\\\/\",\"url\":\"https:\\\/\\\/websjop.afuk.frl\\\/nl\\\/winkel\\\/ik-ruk-al-aardech-naar-de-skep-leeuwarder-spreekwoorden-en-gezegden\\\/\",\"name\":\"Ik r\u00fak al aardech naar de skep - Leeuwarder spreekwoorden en gezegden &#8211; Af\u00fbk Websjop\",\"isPartOf\":{\"@id\":\"https:\\\/\\\/websjop.afuk.frl\\\/nl\\\/#website\"},\"primaryImageOfPage\":{\"@id\":\"https:\\\/\\\/websjop.afuk.frl\\\/nl\\\/winkel\\\/ik-ruk-al-aardech-naar-de-skep-leeuwarder-spreekwoorden-en-gezegden\\\/#primaryimage\"},\"image\":{\"@id\":\"https:\\\/\\\/websjop.afuk.frl\\\/nl\\\/winkel\\\/ik-ruk-al-aardech-naar-de-skep-leeuwarder-spreekwoorden-en-gezegden\\\/#primaryimage\"},\"thumbnailUrl\":\"https:\\\/\\\/websjop.afuk.frl\\\/wp-content\\\/uploads\\\/2024\\\/11\\\/Ik-ruk-al-aardech.jpg\",\"datePublished\":\"2024-11-27T10:31:25+00:00\",\"dateModified\":\"2025-01-01T11:05:37+00:00\",\"description\":\"Ik r\u00fak al aardech naar de skep is een verzameling van spreekwoorden en gezegden die de oma van de auteur, Attie Efd\u00e9, tijdens haar leven heeft\u00a0 vastgelegd.\",\"breadcrumb\":{\"@id\":\"https:\\\/\\\/websjop.afuk.frl\\\/nl\\\/winkel\\\/ik-ruk-al-aardech-naar-de-skep-leeuwarder-spreekwoorden-en-gezegden\\\/#breadcrumb\"},\"inLanguage\":\"nl-NL\",\"potentialAction\":[{\"@type\":\"ReadAction\",\"target\":[\"https:\\\/\\\/websjop.afuk.frl\\\/nl\\\/winkel\\\/ik-ruk-al-aardech-naar-de-skep-leeuwarder-spreekwoorden-en-gezegden\\\/\"]}]},{\"@type\":\"ImageObject\",\"inLanguage\":\"nl-NL\",\"@id\":\"https:\\\/\\\/websjop.afuk.frl\\\/nl\\\/winkel\\\/ik-ruk-al-aardech-naar-de-skep-leeuwarder-spreekwoorden-en-gezegden\\\/#primaryimage\",\"url\":\"https:\\\/\\\/websjop.afuk.frl\\\/wp-content\\\/uploads\\\/2024\\\/11\\\/Ik-ruk-al-aardech.jpg\",\"contentUrl\":\"https:\\\/\\\/websjop.afuk.frl\\\/wp-content\\\/uploads\\\/2024\\\/11\\\/Ik-ruk-al-aardech.jpg\",\"width\":600,\"height\":581},{\"@type\":\"BreadcrumbList\",\"@id\":\"https:\\\/\\\/websjop.afuk.frl\\\/nl\\\/winkel\\\/ik-ruk-al-aardech-naar-de-skep-leeuwarder-spreekwoorden-en-gezegden\\\/#breadcrumb\",\"itemListElement\":[{\"@type\":\"ListItem\",\"position\":1,\"name\":\"Home\",\"item\":\"https:\\\/\\\/websjop.afuk.frl\\\/nl\\\/\"},{\"@type\":\"ListItem\",\"position\":2,\"name\":\"Winkel\",\"item\":\"https:\\\/\\\/websjop.afuk.frl\\\/nl\\\/winkel\\\/\"},{\"@type\":\"ListItem\",\"position\":3,\"name\":\"Ik r\u00fak al aardech naar de skep &#8211; Leeuwarder spreekwoorden en gezegden\"}]},{\"@type\":\"WebSite\",\"@id\":\"https:\\\/\\\/websjop.afuk.frl\\\/nl\\\/#website\",\"url\":\"https:\\\/\\\/websjop.afuk.frl\\\/nl\\\/\",\"name\":\"Af\u00fbk Websjop\",\"description\":\"\",\"potentialAction\":[{\"@type\":\"SearchAction\",\"target\":{\"@type\":\"EntryPoint\",\"urlTemplate\":\"https:\\\/\\\/websjop.afuk.frl\\\/nl\\\/?s={search_term_string}\"},\"query-input\":{\"@type\":\"PropertyValueSpecification\",\"valueRequired\":true,\"valueName\":\"search_term_string\"}}],\"inLanguage\":\"nl-NL\"}]}<\/script>\n<!-- \/ Yoast SEO plugin. -->","yoast_head_json":{"title":"Ik r\u00fak al aardech naar de skep - Leeuwarder spreekwoorden en gezegden &#8211; Af\u00fbk Websjop","description":"Ik r\u00fak al aardech naar de skep is een verzameling van spreekwoorden en gezegden die de oma van de auteur, Attie Efd\u00e9, tijdens haar leven heeft\u00a0 vastgelegd.","robots":{"index":"index","follow":"follow","max-snippet":"max-snippet:-1","max-image-preview":"max-image-preview:large","max-video-preview":"max-video-preview:-1"},"canonical":"https:\/\/websjop.afuk.frl\/nl\/winkel\/ik-ruk-al-aardech-naar-de-skep-leeuwarder-spreekwoorden-en-gezegden\/","og_locale":"nl_NL","og_type":"article","og_title":"Ik r\u00fak al aardech naar de skep - Leeuwarder spreekwoorden en gezegden &#8211; Af\u00fbk Websjop","og_description":"Ik r\u00fak al aardech naar de skep is een verzameling van spreekwoorden en gezegden die de oma van de auteur, Attie Efd\u00e9, tijdens haar leven heeft\u00a0 vastgelegd.","og_url":"https:\/\/websjop.afuk.frl\/nl\/winkel\/ik-ruk-al-aardech-naar-de-skep-leeuwarder-spreekwoorden-en-gezegden\/","og_site_name":"Af\u00fbk Websjop","article_modified_time":"2025-01-01T11:05:37+00:00","og_image":[{"width":600,"height":581,"url":"https:\/\/websjop.afuk.frl\/wp-content\/uploads\/2024\/11\/Ik-ruk-al-aardech.jpg","type":"image\/jpeg"}],"twitter_card":"summary_large_image","twitter_misc":{"Geschatte leestijd":"1 minuut"},"schema":{"@context":"https:\/\/schema.org","@graph":[{"@type":"WebPage","@id":"https:\/\/websjop.afuk.frl\/nl\/winkel\/ik-ruk-al-aardech-naar-de-skep-leeuwarder-spreekwoorden-en-gezegden\/","url":"https:\/\/websjop.afuk.frl\/nl\/winkel\/ik-ruk-al-aardech-naar-de-skep-leeuwarder-spreekwoorden-en-gezegden\/","name":"Ik r\u00fak al aardech naar de skep - Leeuwarder spreekwoorden en gezegden &#8211; Af\u00fbk Websjop","isPartOf":{"@id":"https:\/\/websjop.afuk.frl\/nl\/#website"},"primaryImageOfPage":{"@id":"https:\/\/websjop.afuk.frl\/nl\/winkel\/ik-ruk-al-aardech-naar-de-skep-leeuwarder-spreekwoorden-en-gezegden\/#primaryimage"},"image":{"@id":"https:\/\/websjop.afuk.frl\/nl\/winkel\/ik-ruk-al-aardech-naar-de-skep-leeuwarder-spreekwoorden-en-gezegden\/#primaryimage"},"thumbnailUrl":"https:\/\/websjop.afuk.frl\/wp-content\/uploads\/2024\/11\/Ik-ruk-al-aardech.jpg","datePublished":"2024-11-27T10:31:25+00:00","dateModified":"2025-01-01T11:05:37+00:00","description":"Ik r\u00fak al aardech naar de skep is een verzameling van spreekwoorden en gezegden die de oma van de auteur, Attie Efd\u00e9, tijdens haar leven heeft\u00a0 vastgelegd.","breadcrumb":{"@id":"https:\/\/websjop.afuk.frl\/nl\/winkel\/ik-ruk-al-aardech-naar-de-skep-leeuwarder-spreekwoorden-en-gezegden\/#breadcrumb"},"inLanguage":"nl-NL","potentialAction":[{"@type":"ReadAction","target":["https:\/\/websjop.afuk.frl\/nl\/winkel\/ik-ruk-al-aardech-naar-de-skep-leeuwarder-spreekwoorden-en-gezegden\/"]}]},{"@type":"ImageObject","inLanguage":"nl-NL","@id":"https:\/\/websjop.afuk.frl\/nl\/winkel\/ik-ruk-al-aardech-naar-de-skep-leeuwarder-spreekwoorden-en-gezegden\/#primaryimage","url":"https:\/\/websjop.afuk.frl\/wp-content\/uploads\/2024\/11\/Ik-ruk-al-aardech.jpg","contentUrl":"https:\/\/websjop.afuk.frl\/wp-content\/uploads\/2024\/11\/Ik-ruk-al-aardech.jpg","width":600,"height":581},{"@type":"BreadcrumbList","@id":"https:\/\/websjop.afuk.frl\/nl\/winkel\/ik-ruk-al-aardech-naar-de-skep-leeuwarder-spreekwoorden-en-gezegden\/#breadcrumb","itemListElement":[{"@type":"ListItem","position":1,"name":"Home","item":"https:\/\/websjop.afuk.frl\/nl\/"},{"@type":"ListItem","position":2,"name":"Winkel","item":"https:\/\/websjop.afuk.frl\/nl\/winkel\/"},{"@type":"ListItem","position":3,"name":"Ik r\u00fak al aardech naar de skep &#8211; Leeuwarder spreekwoorden en gezegden"}]},{"@type":"WebSite","@id":"https:\/\/websjop.afuk.frl\/nl\/#website","url":"https:\/\/websjop.afuk.frl\/nl\/","name":"Af\u00fbk Websjop","description":"","potentialAction":[{"@type":"SearchAction","target":{"@type":"EntryPoint","urlTemplate":"https:\/\/websjop.afuk.frl\/nl\/?s={search_term_string}"},"query-input":{"@type":"PropertyValueSpecification","valueRequired":true,"valueName":"search_term_string"}}],"inLanguage":"nl-NL"}]}},"_links":{"self":[{"href":"https:\/\/websjop.afuk.frl\/nl\/wp-json\/wp\/v2\/product\/46007","targetHints":{"allow":["GET"]}}],"collection":[{"href":"https:\/\/websjop.afuk.frl\/nl\/wp-json\/wp\/v2\/product"}],"about":[{"href":"https:\/\/websjop.afuk.frl\/nl\/wp-json\/wp\/v2\/types\/product"}],"replies":[{"embeddable":true,"href":"https:\/\/websjop.afuk.frl\/nl\/wp-json\/wp\/v2\/comments?post=46007"}],"wp:featuredmedia":[{"embeddable":true,"href":"https:\/\/websjop.afuk.frl\/nl\/wp-json\/wp\/v2\/media\/46008"}],"wp:attachment":[{"href":"https:\/\/websjop.afuk.frl\/nl\/wp-json\/wp\/v2\/media?parent=46007"}],"wp:term":[{"taxonomy":"product_brand","embeddable":true,"href":"https:\/\/websjop.afuk.frl\/nl\/wp-json\/wp\/v2\/product_brand?post=46007"},{"taxonomy":"product_cat","embeddable":true,"href":"https:\/\/websjop.afuk.frl\/nl\/wp-json\/wp\/v2\/product_cat?post=46007"},{"taxonomy":"product_tag","embeddable":true,"href":"https:\/\/websjop.afuk.frl\/nl\/wp-json\/wp\/v2\/product_tag?post=46007"}],"curies":[{"name":"wp","href":"https:\/\/api.w.org\/{rel}","templated":true}]}}

Ik rúk al aardech naar de skep &#8211; Leeuwarder spreekwoorden en gezegden

<p><em>Ik rúk al aardech naar de skep</em> is een verzameling van spreekwoorden en gezegden die de oma van de auteur, Attie Efdé, tijdens haar leven heeft  vastgelegd. Na haar overlijden in 2022 heeft hij het schriftje waar ze deze teksten in 1998 in opschreef, overgenomen en gedigitaliseerd. De illustraties in dit boek zijn van de broer van de auteur, Remco Efdé.</p>
<p>De titel is een knipoog naar de dood. Het refereert aan een uitspraak die Attie Efdé vaak deed in de laatste fase van haar leven. Het is een herinnering aan haar scherpe gevoel voor humor en vermogen om zware situaties te verlichten.</p>
<p>Spreuken als: &#8216;Kanst wel teugen un geintsje? Dan must dy in &#8216;e búse pise late&#8217;, &#8216;Toen se de neuzen útdeelden hewwe se dy seker un ellebooch geven&#8217; en &#8216;Se hewwe in Liwwarden oek un straat naar dy noemd, <em>De Ossekop.</em>&#8216;</p>

<p>Ik rúk al aardech naar de skep is een verzameling van spreekwoorden en gezegden die de oma van de auteur, Attie Efdé, tijdens haar leven heeft  vastgelegd. Na haar overlijden in 2022 heeft hij het schriftje waar ze deze teksten in 1998 in opschreef, overgenomen en gedigitaliseerd. De illustraties in dit boek zijn van de [&hellip;]</p>

<!-- This site is optimized with the Yoast SEO plugin v27.3 - https://yoast.com/product/yoast-seo-wordpress/ -->
<title>Ik rúk al aardech naar de skep - Leeuwarder spreekwoorden en gezegden &#8211; Afûk Websjop</title>
<meta name="description" content="Ik rúk al aardech naar de skep is een verzameling van spreekwoorden en gezegden die de oma van de auteur, Attie Efdé, tijdens haar leven heeft  vastgelegd." />
<meta name="robots" content="index, follow, max-snippet:-1, max-image-preview:large, max-video-preview:-1" />
<link rel="canonical" href="https://websjop.afuk.frl/nl/winkel/ik-ruk-al-aardech-naar-de-skep-leeuwarder-spreekwoorden-en-gezegden/" />
<meta property="og:locale" content="nl_NL" />
<meta property="og:type" content="article" />
<meta property="og:title" content="Ik rúk al aardech naar de skep - Leeuwarder spreekwoorden en gezegden &#8211; Afûk Websjop" />
<meta property="og:description" content="Ik rúk al aardech naar de skep is een verzameling van spreekwoorden en gezegden die de oma van de auteur, Attie Efdé, tijdens haar leven heeft  vastgelegd." />
<meta property="og:url" content="https://websjop.afuk.frl/nl/winkel/ik-ruk-al-aardech-naar-de-skep-leeuwarder-spreekwoorden-en-gezegden/" />
<meta property="og:site_name" content="Afûk Websjop" />
<meta property="article:modified_time" content="2025-01-01T11:05:37+00:00" />
<meta property="og:image" content="https://websjop.afuk.frl/wp-content/uploads/2024/11/Ik-ruk-al-aardech.jpg" />
	<meta property="og:image:width" content="600" />
	<meta property="og:image:height" content="581" />
	<meta property="og:image:type" content="image/jpeg" />
<meta name="twitter:card" content="summary_large_image" />
<meta name="twitter:label1" content="Geschatte leestijd" />
	<meta name="twitter:data1" content="1 minuut" />
<script type="application/ld+json" class="yoast-schema-graph">{"@context":"https:\/\/schema.org","@graph":[{"@type":"WebPage","@id":"https:\/\/websjop.afuk.frl\/nl\/winkel\/ik-ruk-al-aardech-naar-de-skep-leeuwarder-spreekwoorden-en-gezegden\/","url":"https:\/\/websjop.afuk.frl\/nl\/winkel\/ik-ruk-al-aardech-naar-de-skep-leeuwarder-spreekwoorden-en-gezegden\/","name":"Ik rúk al aardech naar de skep - Leeuwarder spreekwoorden en gezegden &#8211; Afûk Websjop","isPartOf":{"@id":"https:\/\/websjop.afuk.frl\/nl\/#website"},"primaryImageOfPage":{"@id":"https:\/\/websjop.afuk.frl\/nl\/winkel\/ik-ruk-al-aardech-naar-de-skep-leeuwarder-spreekwoorden-en-gezegden\/#primaryimage"},"image":{"@id":"https:\/\/websjop.afuk.frl\/nl\/winkel\/ik-ruk-al-aardech-naar-de-skep-leeuwarder-spreekwoorden-en-gezegden\/#primaryimage"},"thumbnailUrl":"https:\/\/websjop.afuk.frl\/wp-content\/uploads\/2024\/11\/Ik-ruk-al-aardech.jpg","datePublished":"2024-11-27T10:31:25+00:00","dateModified":"2025-01-01T11:05:37+00:00","description":"Ik rúk al aardech naar de skep is een verzameling van spreekwoorden en gezegden die de oma van de auteur, Attie Efdé, tijdens haar leven heeft  vastgelegd.","breadcrumb":{"@id":"https:\/\/websjop.afuk.frl\/nl\/winkel\/ik-ruk-al-aardech-naar-de-skep-leeuwarder-spreekwoorden-en-gezegden\/#breadcrumb"},"inLanguage":"nl-NL","potentialAction":[{"@type":"ReadAction","target":["https:\/\/websjop.afuk.frl\/nl\/winkel\/ik-ruk-al-aardech-naar-de-skep-leeuwarder-spreekwoorden-en-gezegden\/"]}]},{"@type":"ImageObject","inLanguage":"nl-NL","@id":"https:\/\/websjop.afuk.frl\/nl\/winkel\/ik-ruk-al-aardech-naar-de-skep-leeuwarder-spreekwoorden-en-gezegden\/#primaryimage","url":"https:\/\/websjop.afuk.frl\/wp-content\/uploads\/2024\/11\/Ik-ruk-al-aardech.jpg","contentUrl":"https:\/\/websjop.afuk.frl\/wp-content\/uploads\/2024\/11\/Ik-ruk-al-aardech.jpg","width":600,"height":581},{"@type":"BreadcrumbList","@id":"https:\/\/websjop.afuk.frl\/nl\/winkel\/ik-ruk-al-aardech-naar-de-skep-leeuwarder-spreekwoorden-en-gezegden\/#breadcrumb","itemListElement":[{"@type":"ListItem","position":1,"name":"Home","item":"https:\/\/websjop.afuk.frl\/nl\/"},{"@type":"ListItem","position":2,"name":"Winkel","item":"https:\/\/websjop.afuk.frl\/nl\/winkel\/"},{"@type":"ListItem","position":3,"name":"Ik rúk al aardech naar de skep &#8211; Leeuwarder spreekwoorden en gezegden"}]},{"@type":"WebSite","@id":"https:\/\/websjop.afuk.frl\/nl\/#website","url":"https:\/\/websjop.afuk.frl\/nl\/","name":"Afûk Websjop","description":"","potentialAction":[{"@type":"SearchAction","target":{"@type":"EntryPoint","urlTemplate":"https:\/\/websjop.afuk.frl\/nl\/?s={search_term_string}"},"query-input":{"@type":"PropertyValueSpecification","valueRequired":true,"valueName":"search_term_string"}}],"inLanguage":"nl-NL"}]}</script>
<!-- / Yoast SEO plugin. -->

Ik rúk al aardech naar de skep - Leeuwarder spreekwoorden en gezegden &#8211; Afûk Websjop

Ik rúk al aardech naar de skep is een verzameling van spreekwoorden en gezegden die de oma van de auteur, Attie Efdé, tijdens haar leven heeft  vastgelegd.

Afûk Websjop
