{"id":8937,"date":"2014-09-29T04:32:54","date_gmt":"2014-09-29T03:32:54","guid":{"rendered":"https:\/\/websjop.bwhontwerpers.nl\/?post_type=product&#038;p=8937"},"modified":"2023-07-04T15:33:28","modified_gmt":"2023-07-04T14:33:28","slug":"brekber","status":"publish","type":"product","link":"https:\/\/websjop.afuk.frl\/frl\/winkel\/brekber\/","title":{"rendered":"Brekber"},"content":{"rendered":"<p>Sinne kin better mei hynders as mei minsken. Dy begrypt se teminsten en sy begripe har. Freonen hat se net, \u00f4fsjoen fan Jorrit dy&#8217;t se al har hiele libben kin en d\u00ear&#8217;t se letter in relaasje mei krijt. Hy begrypt har folslein, mar wol mear fan har as dat se him jaan kin.<br \/>As se mei har \u00e2lden en sus nei Sardini\u00eb giet, op besite by har earder noch \u00fbnbekinde pake en beppe, wurdt d\u00fadlik w\u00ear&#8217;t Sinne har leafde en talint foar hynders fan hat mar ek har \u00fbnfermogen om echt kontakt mei minsken te lizzen. Se treft in ruter d\u00ear&#8217;t se slim fan \u00fbnder de yndruk rekket en dat set alle ferh\u00e2ldingen op skerp.<br \/>Desyllusionearre giet se werom nei h\u00fbs. Se fynt wurk op in maneezje d\u00ear&#8217;t se it nei &#8216;t sin hat. Mar dat duorret net lang, se krijt in nije baas. Hy hat in kompleet oare fizy as har. Se kin him net \u00fatstean en hy fynt har in oansteller. Dochs krije se \u00fateinlik wat mear respekt foar elkoar, mar dan sjocht Sinne eat dat har hert brekt en hy is d\u00earby belutsen. Se nimt in rigoereus besl\u00fat mar flechtet foar de gefolgen. En dan komt se harsels goed tsjin.<\/p>\n<p>Hilda Talsma stiet bekend om har flotte en frisse skriuwstyl. Har boeken l\u00fbke in breed publyk. Earder skreau se de trilogy <a target=\"_blank\" href=\"http:\/\/afuk.nl\/shop_product\/4274\" rel=\"noopener\">De twadde h\u00fbd<\/a>, <a target=\"_blank\" href=\"http:\/\/afuk.nl\/shop_product\/4471\" rel=\"noopener\">Flammen<\/a> en <a target=\"_blank\" href=\"http:\/\/afuk.nl\/shop_product\/4675\" rel=\"noopener\">It geloksbern<\/a>.<\/p>\n<p>Frysk, 314 siden, paperback<\/p>\n","protected":false},"excerpt":{"rendered":"<p>Sinne kin better mei hynders as mei minsken. Dy begrypt se teminsten en sy begripe har. Freonen hat se net, \u00f4fsjoen fan Jorrit dy&#8217;t se al har hiele libben kin en d\u00ear&#8217;t se letter in relaasje mei krijt. Hy begrypt har folslein, mar wol mear fan har as dat se him jaan kin.As se mei [&hellip;]<\/p>\n","protected":false},"featured_media":8938,"comment_status":"closed","ping_status":"closed","template":"","meta":{"_acf_changed":false},"product_brand":[],"product_cat":[535,537,1215],"product_tag":[],"class_list":{"0":"post-8937","1":"product","2":"type-product","3":"status-publish","4":"has-post-thumbnail","6":"product_cat-fryske-boeken","7":"product_cat-romans","8":"product_cat-romans-en-literatuer","9":"product_shipping_class-brievenbus-verzending","10":"pa_auteur-hilda-talsma-2","11":"pa_is-een-afuk-product-0-2","12":"pa_sale-label-0-3","14":"first","15":"instock","16":"taxable","17":"shipping-taxable","18":"purchasable","19":"product-type-simple"},"acf":[],"yoast_head":"<!-- This site is optimized with the Yoast SEO plugin v27.3 - https:\/\/yoast.com\/product\/yoast-seo-wordpress\/ -->\n<title>Brekber<\/title>\n<meta name=\"description\" content=\"Brekber\" \/>\n<meta name=\"robots\" content=\"index, follow, max-snippet:-1, max-image-preview:large, max-video-preview:-1\" \/>\n<link rel=\"canonical\" href=\"https:\/\/websjop.afuk.frl\/frl\/winkel\/brekber\/\" \/>\n<meta property=\"og:locale\" content=\"fy_NL\" \/>\n<meta property=\"og:type\" content=\"article\" \/>\n<meta property=\"og:title\" content=\"Brekber\" \/>\n<meta property=\"og:description\" content=\"Brekber\" \/>\n<meta property=\"og:url\" content=\"https:\/\/websjop.afuk.frl\/frl\/winkel\/brekber\/\" \/>\n<meta property=\"og:site_name\" content=\"Af\u00fbk Websjop\" \/>\n<meta property=\"article:modified_time\" content=\"2023-07-04T14:33:28+00:00\" \/>\n<meta property=\"og:image\" content=\"https:\/\/websjop.afuk.frl\/wp-content\/uploads\/2014\/09\/products-product_4915_0.jpg\" \/>\n\t<meta property=\"og:image:width\" content=\"700\" \/>\n\t<meta property=\"og:image:height\" content=\"1024\" \/>\n\t<meta property=\"og:image:type\" content=\"image\/jpeg\" \/>\n<meta name=\"twitter:card\" content=\"summary_large_image\" \/>\n<meta name=\"twitter:label1\" content=\"Est. reading time\" \/>\n\t<meta name=\"twitter:data1\" content=\"1 minute\" \/>\n<script type=\"application\/ld+json\" class=\"yoast-schema-graph\">{\"@context\":\"https:\\\/\\\/schema.org\",\"@graph\":[{\"@type\":\"WebPage\",\"@id\":\"https:\\\/\\\/websjop.afuk.frl\\\/frl\\\/winkel\\\/brekber\\\/\",\"url\":\"https:\\\/\\\/websjop.afuk.frl\\\/frl\\\/winkel\\\/brekber\\\/\",\"name\":\"Brekber\",\"isPartOf\":{\"@id\":\"https:\\\/\\\/websjop.afuk.frl\\\/frl\\\/#website\"},\"primaryImageOfPage\":{\"@id\":\"https:\\\/\\\/websjop.afuk.frl\\\/frl\\\/winkel\\\/brekber\\\/#primaryimage\"},\"image\":{\"@id\":\"https:\\\/\\\/websjop.afuk.frl\\\/frl\\\/winkel\\\/brekber\\\/#primaryimage\"},\"thumbnailUrl\":\"https:\\\/\\\/websjop.afuk.frl\\\/wp-content\\\/uploads\\\/2014\\\/09\\\/products-product_4915_0.jpg\",\"datePublished\":\"2014-09-29T03:32:54+00:00\",\"dateModified\":\"2023-07-04T14:33:28+00:00\",\"description\":\"Brekber\",\"breadcrumb\":{\"@id\":\"https:\\\/\\\/websjop.afuk.frl\\\/frl\\\/winkel\\\/brekber\\\/#breadcrumb\"},\"inLanguage\":\"fy-NL\",\"potentialAction\":[{\"@type\":\"ReadAction\",\"target\":[\"https:\\\/\\\/websjop.afuk.frl\\\/frl\\\/winkel\\\/brekber\\\/\"]}]},{\"@type\":\"ImageObject\",\"inLanguage\":\"fy-NL\",\"@id\":\"https:\\\/\\\/websjop.afuk.frl\\\/frl\\\/winkel\\\/brekber\\\/#primaryimage\",\"url\":\"https:\\\/\\\/websjop.afuk.frl\\\/wp-content\\\/uploads\\\/2014\\\/09\\\/products-product_4915_0.jpg\",\"contentUrl\":\"https:\\\/\\\/websjop.afuk.frl\\\/wp-content\\\/uploads\\\/2014\\\/09\\\/products-product_4915_0.jpg\",\"width\":700,\"height\":1024,\"caption\":\"Brekber\"},{\"@type\":\"BreadcrumbList\",\"@id\":\"https:\\\/\\\/websjop.afuk.frl\\\/frl\\\/winkel\\\/brekber\\\/#breadcrumb\",\"itemListElement\":[{\"@type\":\"ListItem\",\"position\":1,\"name\":\"Home\",\"item\":\"https:\\\/\\\/websjop.afuk.frl\\\/frl\\\/\"},{\"@type\":\"ListItem\",\"position\":2,\"name\":\"Winkel\",\"item\":\"https:\\\/\\\/websjop.afuk.frl\\\/nl\\\/winkel\\\/\"},{\"@type\":\"ListItem\",\"position\":3,\"name\":\"Brekber\"}]},{\"@type\":\"WebSite\",\"@id\":\"https:\\\/\\\/websjop.afuk.frl\\\/frl\\\/#website\",\"url\":\"https:\\\/\\\/websjop.afuk.frl\\\/frl\\\/\",\"name\":\"Af\u00fbk Websjop\",\"description\":\"\",\"potentialAction\":[{\"@type\":\"SearchAction\",\"target\":{\"@type\":\"EntryPoint\",\"urlTemplate\":\"https:\\\/\\\/websjop.afuk.frl\\\/frl\\\/?s={search_term_string}\"},\"query-input\":{\"@type\":\"PropertyValueSpecification\",\"valueRequired\":true,\"valueName\":\"search_term_string\"}}],\"inLanguage\":\"fy-NL\"}]}<\/script>\n<!-- \/ Yoast SEO plugin. -->","yoast_head_json":{"title":"Brekber","description":"Brekber","robots":{"index":"index","follow":"follow","max-snippet":"max-snippet:-1","max-image-preview":"max-image-preview:large","max-video-preview":"max-video-preview:-1"},"canonical":"https:\/\/websjop.afuk.frl\/frl\/winkel\/brekber\/","og_locale":"fy_NL","og_type":"article","og_title":"Brekber","og_description":"Brekber","og_url":"https:\/\/websjop.afuk.frl\/frl\/winkel\/brekber\/","og_site_name":"Af\u00fbk Websjop","article_modified_time":"2023-07-04T14:33:28+00:00","og_image":[{"width":700,"height":1024,"url":"https:\/\/websjop.afuk.frl\/wp-content\/uploads\/2014\/09\/products-product_4915_0.jpg","type":"image\/jpeg"}],"twitter_card":"summary_large_image","twitter_misc":{"Est. reading time":"1 minute"},"schema":{"@context":"https:\/\/schema.org","@graph":[{"@type":"WebPage","@id":"https:\/\/websjop.afuk.frl\/frl\/winkel\/brekber\/","url":"https:\/\/websjop.afuk.frl\/frl\/winkel\/brekber\/","name":"Brekber","isPartOf":{"@id":"https:\/\/websjop.afuk.frl\/frl\/#website"},"primaryImageOfPage":{"@id":"https:\/\/websjop.afuk.frl\/frl\/winkel\/brekber\/#primaryimage"},"image":{"@id":"https:\/\/websjop.afuk.frl\/frl\/winkel\/brekber\/#primaryimage"},"thumbnailUrl":"https:\/\/websjop.afuk.frl\/wp-content\/uploads\/2014\/09\/products-product_4915_0.jpg","datePublished":"2014-09-29T03:32:54+00:00","dateModified":"2023-07-04T14:33:28+00:00","description":"Brekber","breadcrumb":{"@id":"https:\/\/websjop.afuk.frl\/frl\/winkel\/brekber\/#breadcrumb"},"inLanguage":"fy-NL","potentialAction":[{"@type":"ReadAction","target":["https:\/\/websjop.afuk.frl\/frl\/winkel\/brekber\/"]}]},{"@type":"ImageObject","inLanguage":"fy-NL","@id":"https:\/\/websjop.afuk.frl\/frl\/winkel\/brekber\/#primaryimage","url":"https:\/\/websjop.afuk.frl\/wp-content\/uploads\/2014\/09\/products-product_4915_0.jpg","contentUrl":"https:\/\/websjop.afuk.frl\/wp-content\/uploads\/2014\/09\/products-product_4915_0.jpg","width":700,"height":1024,"caption":"Brekber"},{"@type":"BreadcrumbList","@id":"https:\/\/websjop.afuk.frl\/frl\/winkel\/brekber\/#breadcrumb","itemListElement":[{"@type":"ListItem","position":1,"name":"Home","item":"https:\/\/websjop.afuk.frl\/frl\/"},{"@type":"ListItem","position":2,"name":"Winkel","item":"https:\/\/websjop.afuk.frl\/nl\/winkel\/"},{"@type":"ListItem","position":3,"name":"Brekber"}]},{"@type":"WebSite","@id":"https:\/\/websjop.afuk.frl\/frl\/#website","url":"https:\/\/websjop.afuk.frl\/frl\/","name":"Af\u00fbk Websjop","description":"","potentialAction":[{"@type":"SearchAction","target":{"@type":"EntryPoint","urlTemplate":"https:\/\/websjop.afuk.frl\/frl\/?s={search_term_string}"},"query-input":{"@type":"PropertyValueSpecification","valueRequired":true,"valueName":"search_term_string"}}],"inLanguage":"fy-NL"}]}},"_links":{"self":[{"href":"https:\/\/websjop.afuk.frl\/frl\/wp-json\/wp\/v2\/product\/8937","targetHints":{"allow":["GET"]}}],"collection":[{"href":"https:\/\/websjop.afuk.frl\/frl\/wp-json\/wp\/v2\/product"}],"about":[{"href":"https:\/\/websjop.afuk.frl\/frl\/wp-json\/wp\/v2\/types\/product"}],"replies":[{"embeddable":true,"href":"https:\/\/websjop.afuk.frl\/frl\/wp-json\/wp\/v2\/comments?post=8937"}],"wp:featuredmedia":[{"embeddable":true,"href":"https:\/\/websjop.afuk.frl\/frl\/wp-json\/wp\/v2\/media\/8938"}],"wp:attachment":[{"href":"https:\/\/websjop.afuk.frl\/frl\/wp-json\/wp\/v2\/media?parent=8937"}],"wp:term":[{"taxonomy":"product_brand","embeddable":true,"href":"https:\/\/websjop.afuk.frl\/frl\/wp-json\/wp\/v2\/product_brand?post=8937"},{"taxonomy":"product_cat","embeddable":true,"href":"https:\/\/websjop.afuk.frl\/frl\/wp-json\/wp\/v2\/product_cat?post=8937"},{"taxonomy":"product_tag","embeddable":true,"href":"https:\/\/websjop.afuk.frl\/frl\/wp-json\/wp\/v2\/product_tag?post=8937"}],"curies":[{"name":"wp","href":"https:\/\/api.w.org\/{rel}","templated":true}]}}