{"id":8145,"date":"2014-10-09T00:04:27","date_gmt":"2014-10-08T23:04:27","guid":{"rendered":"https:\/\/websjop.bwhontwerpers.nl\/?post_type=product&#038;p=8145"},"modified":"2019-11-05T16:00:29","modified_gmt":"2019-11-05T15:00:29","slug":"de-traveliers-kantsje-board-op-kurasao","status":"publish","type":"product","link":"https:\/\/websjop.afuk.frl\/frl\/winkel\/de-traveliers-kantsje-board-op-kurasao\/","title":{"rendered":"De Traveliers: Kantsje board op Kurasao &#8211; Audioboek"},"content":{"rendered":"<p><em><strong>L\u00fasterboek<\/strong><\/em><\/p>\n<p>De Traveliers, in searje spannende en nijsgjirrige boeken foar bern fan 10 jier \u00f4f. De famylje Travelier reizget de wr\u00e2ld oer. Mei troch it wurk fan heit foar alderhande projekten yn it b\u00fbtenl\u00e2n komme Hidde en Fardau op plakken d\u00ear&#8217;t it aventoer om &#8216;e hoeke leit. Dit kear binne se op Kurasao.<\/p>\n<p>Mei in stampende pineholle wurdt Hidde wekker. Syn m\u00fble fielt droech oan en hy hat slim toarst. Fernuvere sjocht er om him hinne. Alles is wazich. \u201cW\u00ear binne we?\u201d<br \/>\nAlhoewolt\u2019t it skimerich is, wit er dat de nacht foarby is. Troch de yngong skynt it sinneljocht, it docht him sear oan de eagen. De gr\u00fbn d\u00ear\u2019t er op leit is k\u00e2ld en hurd, rotsen! De lucht fielt damp oan, Hidde huveret. Dan sjocht er nei syn suske. Dy leit mei de eagen ticht njonken him. \u201cFardau! Fardau!\u201d<\/p>\n<p>Foarl\u00eazen troch de skriuwer.<\/p>\n<p>3 cd&#8217;s<\/p>\n","protected":false},"excerpt":{"rendered":"<p>De Traveliers, in searje spannende en nijsgjirrige boeken.<\/p>\n","protected":false},"featured_media":8146,"comment_status":"closed","ping_status":"closed","template":"","meta":{"_acf_changed":false},"product_brand":[],"product_cat":[1213,551,1043,1217,535,552,547],"product_tag":[5780,5851,5852,5803,5781],"class_list":{"0":"post-8145","1":"product","2":"type-product","3":"status-publish","4":"has-post-thumbnail","6":"product_cat-berne-en-jeugdboeken","7":"product_cat-berneboeken-8-12","8":"product_cat-edukatyf","9":"product_cat-foar-bern","10":"product_cat-fryske-boeken","11":"product_cat-jeugdboeken","12":"product_cat-lusterboeken","13":"product_tag-audioboek","14":"product_tag-de-traveliers","15":"product_tag-kantsje-board-op-kurasao","16":"product_tag-lusterboek","17":"product_tag-lusterboeken","18":"product_shipping_class-brievenbus-verzending","19":"pa_auteur-auck-peanstra-2","20":"pa_isbn-5850","21":"pa_taal-frysk","22":"pa_uitgever-audiofrysk","24":"first","25":"instock","26":"taxable","27":"shipping-taxable","28":"purchasable","29":"product-type-simple"},"acf":[],"yoast_head":"<!-- This site is optimized with the Yoast SEO plugin v27.3 - https:\/\/yoast.com\/product\/yoast-seo-wordpress\/ -->\n<title>De Traveliers: Kantsje board op Kurasao<\/title>\n<meta name=\"description\" content=\"De Traveliers: Kantsje board op Kurasao\" \/>\n<meta name=\"robots\" content=\"index, follow, max-snippet:-1, max-image-preview:large, max-video-preview:-1\" \/>\n<link rel=\"canonical\" href=\"https:\/\/websjop.afuk.frl\/frl\/winkel\/de-traveliers-kantsje-board-op-kurasao\/\" \/>\n<meta property=\"og:locale\" content=\"fy_NL\" \/>\n<meta property=\"og:type\" content=\"article\" \/>\n<meta property=\"og:title\" content=\"De Traveliers: Kantsje board op Kurasao\" \/>\n<meta property=\"og:description\" content=\"De Traveliers: Kantsje board op Kurasao\" \/>\n<meta property=\"og:url\" content=\"https:\/\/websjop.afuk.frl\/frl\/winkel\/de-traveliers-kantsje-board-op-kurasao\/\" \/>\n<meta property=\"og:site_name\" content=\"Af\u00fbk Websjop\" \/>\n<meta property=\"article:modified_time\" content=\"2019-11-05T15:00:29+00:00\" \/>\n<meta property=\"og:image\" content=\"https:\/\/websjop.afuk.frl\/wp-content\/uploads\/2014\/09\/products-product_4288_0_1.jpg\" \/>\n\t<meta property=\"og:image:width\" content=\"300\" \/>\n\t<meta property=\"og:image:height\" content=\"444\" \/>\n\t<meta property=\"og:image:type\" content=\"image\/jpeg\" \/>\n<meta name=\"twitter:card\" content=\"summary_large_image\" \/>\n<meta name=\"twitter:label1\" content=\"Est. reading time\" \/>\n\t<meta name=\"twitter:data1\" content=\"1 minute\" \/>\n<script type=\"application\/ld+json\" class=\"yoast-schema-graph\">{\"@context\":\"https:\\\/\\\/schema.org\",\"@graph\":[{\"@type\":\"WebPage\",\"@id\":\"https:\\\/\\\/websjop.afuk.frl\\\/frl\\\/winkel\\\/de-traveliers-kantsje-board-op-kurasao\\\/\",\"url\":\"https:\\\/\\\/websjop.afuk.frl\\\/frl\\\/winkel\\\/de-traveliers-kantsje-board-op-kurasao\\\/\",\"name\":\"De Traveliers: Kantsje board op Kurasao\",\"isPartOf\":{\"@id\":\"https:\\\/\\\/websjop.afuk.frl\\\/frl\\\/#website\"},\"primaryImageOfPage\":{\"@id\":\"https:\\\/\\\/websjop.afuk.frl\\\/frl\\\/winkel\\\/de-traveliers-kantsje-board-op-kurasao\\\/#primaryimage\"},\"image\":{\"@id\":\"https:\\\/\\\/websjop.afuk.frl\\\/frl\\\/winkel\\\/de-traveliers-kantsje-board-op-kurasao\\\/#primaryimage\"},\"thumbnailUrl\":\"https:\\\/\\\/websjop.afuk.frl\\\/wp-content\\\/uploads\\\/2014\\\/09\\\/products-product_4288_0_1.jpg\",\"datePublished\":\"2014-10-08T23:04:27+00:00\",\"dateModified\":\"2019-11-05T15:00:29+00:00\",\"description\":\"De Traveliers: Kantsje board op Kurasao\",\"breadcrumb\":{\"@id\":\"https:\\\/\\\/websjop.afuk.frl\\\/frl\\\/winkel\\\/de-traveliers-kantsje-board-op-kurasao\\\/#breadcrumb\"},\"inLanguage\":\"fy-NL\",\"potentialAction\":[{\"@type\":\"ReadAction\",\"target\":[\"https:\\\/\\\/websjop.afuk.frl\\\/frl\\\/winkel\\\/de-traveliers-kantsje-board-op-kurasao\\\/\"]}]},{\"@type\":\"ImageObject\",\"inLanguage\":\"fy-NL\",\"@id\":\"https:\\\/\\\/websjop.afuk.frl\\\/frl\\\/winkel\\\/de-traveliers-kantsje-board-op-kurasao\\\/#primaryimage\",\"url\":\"https:\\\/\\\/websjop.afuk.frl\\\/wp-content\\\/uploads\\\/2014\\\/09\\\/products-product_4288_0_1.jpg\",\"contentUrl\":\"https:\\\/\\\/websjop.afuk.frl\\\/wp-content\\\/uploads\\\/2014\\\/09\\\/products-product_4288_0_1.jpg\",\"width\":300,\"height\":444,\"caption\":\"De Traveliers: Kantsje board op Kurasao\"},{\"@type\":\"BreadcrumbList\",\"@id\":\"https:\\\/\\\/websjop.afuk.frl\\\/frl\\\/winkel\\\/de-traveliers-kantsje-board-op-kurasao\\\/#breadcrumb\",\"itemListElement\":[{\"@type\":\"ListItem\",\"position\":1,\"name\":\"Home\",\"item\":\"https:\\\/\\\/websjop.afuk.frl\\\/frl\\\/\"},{\"@type\":\"ListItem\",\"position\":2,\"name\":\"Winkel\",\"item\":\"https:\\\/\\\/websjop.afuk.frl\\\/nl\\\/winkel\\\/\"},{\"@type\":\"ListItem\",\"position\":3,\"name\":\"De Traveliers: Kantsje board op Kurasao &#8211; Audioboek\"}]},{\"@type\":\"WebSite\",\"@id\":\"https:\\\/\\\/websjop.afuk.frl\\\/frl\\\/#website\",\"url\":\"https:\\\/\\\/websjop.afuk.frl\\\/frl\\\/\",\"name\":\"Af\u00fbk Websjop\",\"description\":\"\",\"potentialAction\":[{\"@type\":\"SearchAction\",\"target\":{\"@type\":\"EntryPoint\",\"urlTemplate\":\"https:\\\/\\\/websjop.afuk.frl\\\/frl\\\/?s={search_term_string}\"},\"query-input\":{\"@type\":\"PropertyValueSpecification\",\"valueRequired\":true,\"valueName\":\"search_term_string\"}}],\"inLanguage\":\"fy-NL\"}]}<\/script>\n<!-- \/ Yoast SEO plugin. -->","yoast_head_json":{"title":"De Traveliers: Kantsje board op Kurasao","description":"De Traveliers: Kantsje board op Kurasao","robots":{"index":"index","follow":"follow","max-snippet":"max-snippet:-1","max-image-preview":"max-image-preview:large","max-video-preview":"max-video-preview:-1"},"canonical":"https:\/\/websjop.afuk.frl\/frl\/winkel\/de-traveliers-kantsje-board-op-kurasao\/","og_locale":"fy_NL","og_type":"article","og_title":"De Traveliers: Kantsje board op Kurasao","og_description":"De Traveliers: Kantsje board op Kurasao","og_url":"https:\/\/websjop.afuk.frl\/frl\/winkel\/de-traveliers-kantsje-board-op-kurasao\/","og_site_name":"Af\u00fbk Websjop","article_modified_time":"2019-11-05T15:00:29+00:00","og_image":[{"width":300,"height":444,"url":"https:\/\/websjop.afuk.frl\/wp-content\/uploads\/2014\/09\/products-product_4288_0_1.jpg","type":"image\/jpeg"}],"twitter_card":"summary_large_image","twitter_misc":{"Est. reading time":"1 minute"},"schema":{"@context":"https:\/\/schema.org","@graph":[{"@type":"WebPage","@id":"https:\/\/websjop.afuk.frl\/frl\/winkel\/de-traveliers-kantsje-board-op-kurasao\/","url":"https:\/\/websjop.afuk.frl\/frl\/winkel\/de-traveliers-kantsje-board-op-kurasao\/","name":"De Traveliers: Kantsje board op Kurasao","isPartOf":{"@id":"https:\/\/websjop.afuk.frl\/frl\/#website"},"primaryImageOfPage":{"@id":"https:\/\/websjop.afuk.frl\/frl\/winkel\/de-traveliers-kantsje-board-op-kurasao\/#primaryimage"},"image":{"@id":"https:\/\/websjop.afuk.frl\/frl\/winkel\/de-traveliers-kantsje-board-op-kurasao\/#primaryimage"},"thumbnailUrl":"https:\/\/websjop.afuk.frl\/wp-content\/uploads\/2014\/09\/products-product_4288_0_1.jpg","datePublished":"2014-10-08T23:04:27+00:00","dateModified":"2019-11-05T15:00:29+00:00","description":"De Traveliers: Kantsje board op Kurasao","breadcrumb":{"@id":"https:\/\/websjop.afuk.frl\/frl\/winkel\/de-traveliers-kantsje-board-op-kurasao\/#breadcrumb"},"inLanguage":"fy-NL","potentialAction":[{"@type":"ReadAction","target":["https:\/\/websjop.afuk.frl\/frl\/winkel\/de-traveliers-kantsje-board-op-kurasao\/"]}]},{"@type":"ImageObject","inLanguage":"fy-NL","@id":"https:\/\/websjop.afuk.frl\/frl\/winkel\/de-traveliers-kantsje-board-op-kurasao\/#primaryimage","url":"https:\/\/websjop.afuk.frl\/wp-content\/uploads\/2014\/09\/products-product_4288_0_1.jpg","contentUrl":"https:\/\/websjop.afuk.frl\/wp-content\/uploads\/2014\/09\/products-product_4288_0_1.jpg","width":300,"height":444,"caption":"De Traveliers: Kantsje board op Kurasao"},{"@type":"BreadcrumbList","@id":"https:\/\/websjop.afuk.frl\/frl\/winkel\/de-traveliers-kantsje-board-op-kurasao\/#breadcrumb","itemListElement":[{"@type":"ListItem","position":1,"name":"Home","item":"https:\/\/websjop.afuk.frl\/frl\/"},{"@type":"ListItem","position":2,"name":"Winkel","item":"https:\/\/websjop.afuk.frl\/nl\/winkel\/"},{"@type":"ListItem","position":3,"name":"De Traveliers: Kantsje board op Kurasao &#8211; Audioboek"}]},{"@type":"WebSite","@id":"https:\/\/websjop.afuk.frl\/frl\/#website","url":"https:\/\/websjop.afuk.frl\/frl\/","name":"Af\u00fbk Websjop","description":"","potentialAction":[{"@type":"SearchAction","target":{"@type":"EntryPoint","urlTemplate":"https:\/\/websjop.afuk.frl\/frl\/?s={search_term_string}"},"query-input":{"@type":"PropertyValueSpecification","valueRequired":true,"valueName":"search_term_string"}}],"inLanguage":"fy-NL"}]}},"_links":{"self":[{"href":"https:\/\/websjop.afuk.frl\/frl\/wp-json\/wp\/v2\/product\/8145","targetHints":{"allow":["GET"]}}],"collection":[{"href":"https:\/\/websjop.afuk.frl\/frl\/wp-json\/wp\/v2\/product"}],"about":[{"href":"https:\/\/websjop.afuk.frl\/frl\/wp-json\/wp\/v2\/types\/product"}],"replies":[{"embeddable":true,"href":"https:\/\/websjop.afuk.frl\/frl\/wp-json\/wp\/v2\/comments?post=8145"}],"wp:featuredmedia":[{"embeddable":true,"href":"https:\/\/websjop.afuk.frl\/frl\/wp-json\/wp\/v2\/media\/8146"}],"wp:attachment":[{"href":"https:\/\/websjop.afuk.frl\/frl\/wp-json\/wp\/v2\/media?parent=8145"}],"wp:term":[{"taxonomy":"product_brand","embeddable":true,"href":"https:\/\/websjop.afuk.frl\/frl\/wp-json\/wp\/v2\/product_brand?post=8145"},{"taxonomy":"product_cat","embeddable":true,"href":"https:\/\/websjop.afuk.frl\/frl\/wp-json\/wp\/v2\/product_cat?post=8145"},{"taxonomy":"product_tag","embeddable":true,"href":"https:\/\/websjop.afuk.frl\/frl\/wp-json\/wp\/v2\/product_tag?post=8145"}],"curies":[{"name":"wp","href":"https:\/\/api.w.org\/{rel}","templated":true}]}}