{"id":7321,"date":"2014-10-09T03:21:48","date_gmt":"2014-10-09T02:21:48","guid":{"rendered":"https:\/\/websjop.bwhontwerpers.nl\/?post_type=product&#038;p=7321"},"modified":"2019-11-05T16:00:29","modified_gmt":"2019-11-05T15:00:29","slug":"snaaaak-frasch","status":"publish","type":"product","link":"https:\/\/websjop.afuk.frl\/frl\/winkel\/snaaaak-frasch\/","title":{"rendered":"Sn\u00e5\u00e5k Frasch"},"content":{"rendered":"<p>&#8216;Sn\u00e5\u00e5k Frasch&#8217; is een leesmethode voor het Noordfries. De methode gaat uit van het Mooringer Frasch, het grootste dialect van de Noordfriese vaste wal.<\/p>\n<p>Hij bestaat uit de volgende onderdelen:<\/p>\n<p>een leerboek met 47 lessen, een overzicht van de grammatica en enkele leesteksten;<br \/>een uitgebreide woordenlijst (van en naar het Noordfries);<br \/>een cd met de teksten van de luisterteksten uit het leerboek &#8216;(uitverkocht).<br \/>De methode is geschikt voor zelfstudie. Hij wordt ook gebruikt bij de cursussen Noordfries van de Af\u00fbk.<\/p>\n","protected":false},"excerpt":{"rendered":"<p>&#8216;Sn\u00e5\u00e5k Frasch&#8217; is een leesmethode voor het Noordfries. De methode gaat uit van het Mooringer Frasch, het grootste dialect van de Noordfriese vaste wal. Hij bestaat uit de volgende onderdelen: een leerboek met 47 lessen, een overzicht van de grammatica en enkele leesteksten;een uitgebreide woordenlijst (van en naar het Noordfries);een cd met de teksten van [&hellip;]<\/p>\n","protected":false},"featured_media":7322,"comment_status":"open","ping_status":"open","template":"","meta":{"_acf_changed":false},"product_brand":[],"product_cat":[1043,553,535,536],"product_tag":[],"class_list":{"0":"post-7321","1":"product","2":"type-product","3":"status-publish","4":"has-post-thumbnail","6":"product_cat-edukatyf","7":"product_cat-fryske-akademy","8":"product_cat-fryske-boeken","9":"product_cat-taal-en-studzjeboeken","10":"product_shipping_class-brievenbus-verzending","11":"pa_auteur-sabrina-jessen-2","12":"pa_is-een-afuk-product-1-2","13":"pa_sale-label-0-3","15":"first","16":"instock","17":"taxable","18":"shipping-taxable","19":"purchasable","20":"product-type-simple"},"acf":[],"yoast_head":"<!-- This site is optimized with the Yoast SEO plugin v27.3 - https:\/\/yoast.com\/product\/yoast-seo-wordpress\/ -->\n<title>Sn\u00e5\u00e5k Frasch<\/title>\n<meta name=\"description\" content=\"Sn\u00e5\u00e5k Frasch\" \/>\n<meta name=\"robots\" content=\"index, follow, max-snippet:-1, max-image-preview:large, max-video-preview:-1\" \/>\n<link rel=\"canonical\" href=\"https:\/\/websjop.afuk.frl\/frl\/winkel\/snaaaak-frasch\/\" \/>\n<meta property=\"og:locale\" content=\"fy_NL\" \/>\n<meta property=\"og:type\" content=\"article\" \/>\n<meta property=\"og:title\" content=\"Sn\u00e5\u00e5k Frasch\" \/>\n<meta property=\"og:description\" content=\"Sn\u00e5\u00e5k Frasch\" \/>\n<meta property=\"og:url\" content=\"https:\/\/websjop.afuk.frl\/frl\/winkel\/snaaaak-frasch\/\" \/>\n<meta property=\"og:site_name\" content=\"Af\u00fbk Websjop\" \/>\n<meta property=\"article:modified_time\" content=\"2019-11-05T15:00:29+00:00\" \/>\n<meta property=\"og:image\" content=\"https:\/\/websjop.afuk.frl\/wp-content\/uploads\/2017\/11\/products-omslach_snaak_frasch_boek.png\" \/>\n\t<meta property=\"og:image:width\" content=\"584\" \/>\n\t<meta property=\"og:image:height\" content=\"800\" \/>\n\t<meta property=\"og:image:type\" content=\"image\/jpeg\" \/>\n<meta name=\"twitter:card\" content=\"summary_large_image\" \/>\n<script type=\"application\/ld+json\" class=\"yoast-schema-graph\">{\"@context\":\"https:\\\/\\\/schema.org\",\"@graph\":[{\"@type\":\"WebPage\",\"@id\":\"https:\\\/\\\/websjop.afuk.frl\\\/frl\\\/winkel\\\/snaaaak-frasch\\\/\",\"url\":\"https:\\\/\\\/websjop.afuk.frl\\\/frl\\\/winkel\\\/snaaaak-frasch\\\/\",\"name\":\"Sn\u00e5\u00e5k Frasch\",\"isPartOf\":{\"@id\":\"https:\\\/\\\/websjop.afuk.frl\\\/frl\\\/#website\"},\"primaryImageOfPage\":{\"@id\":\"https:\\\/\\\/websjop.afuk.frl\\\/frl\\\/winkel\\\/snaaaak-frasch\\\/#primaryimage\"},\"image\":{\"@id\":\"https:\\\/\\\/websjop.afuk.frl\\\/frl\\\/winkel\\\/snaaaak-frasch\\\/#primaryimage\"},\"thumbnailUrl\":\"https:\\\/\\\/websjop.afuk.frl\\\/wp-content\\\/uploads\\\/2017\\\/11\\\/products-omslach_snaak_frasch_boek.png\",\"datePublished\":\"2014-10-09T02:21:48+00:00\",\"dateModified\":\"2019-11-05T15:00:29+00:00\",\"description\":\"Sn\u00e5\u00e5k Frasch\",\"breadcrumb\":{\"@id\":\"https:\\\/\\\/websjop.afuk.frl\\\/frl\\\/winkel\\\/snaaaak-frasch\\\/#breadcrumb\"},\"inLanguage\":\"fy-NL\",\"potentialAction\":[{\"@type\":\"ReadAction\",\"target\":[\"https:\\\/\\\/websjop.afuk.frl\\\/frl\\\/winkel\\\/snaaaak-frasch\\\/\"]}]},{\"@type\":\"ImageObject\",\"inLanguage\":\"fy-NL\",\"@id\":\"https:\\\/\\\/websjop.afuk.frl\\\/frl\\\/winkel\\\/snaaaak-frasch\\\/#primaryimage\",\"url\":\"https:\\\/\\\/websjop.afuk.frl\\\/wp-content\\\/uploads\\\/2017\\\/11\\\/products-omslach_snaak_frasch_boek.png\",\"contentUrl\":\"https:\\\/\\\/websjop.afuk.frl\\\/wp-content\\\/uploads\\\/2017\\\/11\\\/products-omslach_snaak_frasch_boek.png\",\"width\":584,\"height\":800},{\"@type\":\"BreadcrumbList\",\"@id\":\"https:\\\/\\\/websjop.afuk.frl\\\/frl\\\/winkel\\\/snaaaak-frasch\\\/#breadcrumb\",\"itemListElement\":[{\"@type\":\"ListItem\",\"position\":1,\"name\":\"Home\",\"item\":\"https:\\\/\\\/websjop.afuk.frl\\\/frl\\\/\"},{\"@type\":\"ListItem\",\"position\":2,\"name\":\"Winkel\",\"item\":\"https:\\\/\\\/websjop.afuk.frl\\\/nl\\\/winkel\\\/\"},{\"@type\":\"ListItem\",\"position\":3,\"name\":\"Sn\u00e5\u00e5k Frasch\"}]},{\"@type\":\"WebSite\",\"@id\":\"https:\\\/\\\/websjop.afuk.frl\\\/frl\\\/#website\",\"url\":\"https:\\\/\\\/websjop.afuk.frl\\\/frl\\\/\",\"name\":\"Af\u00fbk Websjop\",\"description\":\"\",\"potentialAction\":[{\"@type\":\"SearchAction\",\"target\":{\"@type\":\"EntryPoint\",\"urlTemplate\":\"https:\\\/\\\/websjop.afuk.frl\\\/frl\\\/?s={search_term_string}\"},\"query-input\":{\"@type\":\"PropertyValueSpecification\",\"valueRequired\":true,\"valueName\":\"search_term_string\"}}],\"inLanguage\":\"fy-NL\"}]}<\/script>\n<!-- \/ Yoast SEO plugin. -->","yoast_head_json":{"title":"Sn\u00e5\u00e5k Frasch","description":"Sn\u00e5\u00e5k Frasch","robots":{"index":"index","follow":"follow","max-snippet":"max-snippet:-1","max-image-preview":"max-image-preview:large","max-video-preview":"max-video-preview:-1"},"canonical":"https:\/\/websjop.afuk.frl\/frl\/winkel\/snaaaak-frasch\/","og_locale":"fy_NL","og_type":"article","og_title":"Sn\u00e5\u00e5k Frasch","og_description":"Sn\u00e5\u00e5k Frasch","og_url":"https:\/\/websjop.afuk.frl\/frl\/winkel\/snaaaak-frasch\/","og_site_name":"Af\u00fbk Websjop","article_modified_time":"2019-11-05T15:00:29+00:00","og_image":[{"width":584,"height":800,"url":"https:\/\/websjop.afuk.frl\/wp-content\/uploads\/2017\/11\/products-omslach_snaak_frasch_boek.png","type":"image\/jpeg"}],"twitter_card":"summary_large_image","schema":{"@context":"https:\/\/schema.org","@graph":[{"@type":"WebPage","@id":"https:\/\/websjop.afuk.frl\/frl\/winkel\/snaaaak-frasch\/","url":"https:\/\/websjop.afuk.frl\/frl\/winkel\/snaaaak-frasch\/","name":"Sn\u00e5\u00e5k Frasch","isPartOf":{"@id":"https:\/\/websjop.afuk.frl\/frl\/#website"},"primaryImageOfPage":{"@id":"https:\/\/websjop.afuk.frl\/frl\/winkel\/snaaaak-frasch\/#primaryimage"},"image":{"@id":"https:\/\/websjop.afuk.frl\/frl\/winkel\/snaaaak-frasch\/#primaryimage"},"thumbnailUrl":"https:\/\/websjop.afuk.frl\/wp-content\/uploads\/2017\/11\/products-omslach_snaak_frasch_boek.png","datePublished":"2014-10-09T02:21:48+00:00","dateModified":"2019-11-05T15:00:29+00:00","description":"Sn\u00e5\u00e5k Frasch","breadcrumb":{"@id":"https:\/\/websjop.afuk.frl\/frl\/winkel\/snaaaak-frasch\/#breadcrumb"},"inLanguage":"fy-NL","potentialAction":[{"@type":"ReadAction","target":["https:\/\/websjop.afuk.frl\/frl\/winkel\/snaaaak-frasch\/"]}]},{"@type":"ImageObject","inLanguage":"fy-NL","@id":"https:\/\/websjop.afuk.frl\/frl\/winkel\/snaaaak-frasch\/#primaryimage","url":"https:\/\/websjop.afuk.frl\/wp-content\/uploads\/2017\/11\/products-omslach_snaak_frasch_boek.png","contentUrl":"https:\/\/websjop.afuk.frl\/wp-content\/uploads\/2017\/11\/products-omslach_snaak_frasch_boek.png","width":584,"height":800},{"@type":"BreadcrumbList","@id":"https:\/\/websjop.afuk.frl\/frl\/winkel\/snaaaak-frasch\/#breadcrumb","itemListElement":[{"@type":"ListItem","position":1,"name":"Home","item":"https:\/\/websjop.afuk.frl\/frl\/"},{"@type":"ListItem","position":2,"name":"Winkel","item":"https:\/\/websjop.afuk.frl\/nl\/winkel\/"},{"@type":"ListItem","position":3,"name":"Sn\u00e5\u00e5k Frasch"}]},{"@type":"WebSite","@id":"https:\/\/websjop.afuk.frl\/frl\/#website","url":"https:\/\/websjop.afuk.frl\/frl\/","name":"Af\u00fbk Websjop","description":"","potentialAction":[{"@type":"SearchAction","target":{"@type":"EntryPoint","urlTemplate":"https:\/\/websjop.afuk.frl\/frl\/?s={search_term_string}"},"query-input":{"@type":"PropertyValueSpecification","valueRequired":true,"valueName":"search_term_string"}}],"inLanguage":"fy-NL"}]}},"_links":{"self":[{"href":"https:\/\/websjop.afuk.frl\/frl\/wp-json\/wp\/v2\/product\/7321","targetHints":{"allow":["GET"]}}],"collection":[{"href":"https:\/\/websjop.afuk.frl\/frl\/wp-json\/wp\/v2\/product"}],"about":[{"href":"https:\/\/websjop.afuk.frl\/frl\/wp-json\/wp\/v2\/types\/product"}],"replies":[{"embeddable":true,"href":"https:\/\/websjop.afuk.frl\/frl\/wp-json\/wp\/v2\/comments?post=7321"}],"wp:featuredmedia":[{"embeddable":true,"href":"https:\/\/websjop.afuk.frl\/frl\/wp-json\/wp\/v2\/media\/7322"}],"wp:attachment":[{"href":"https:\/\/websjop.afuk.frl\/frl\/wp-json\/wp\/v2\/media?parent=7321"}],"wp:term":[{"taxonomy":"product_brand","embeddable":true,"href":"https:\/\/websjop.afuk.frl\/frl\/wp-json\/wp\/v2\/product_brand?post=7321"},{"taxonomy":"product_cat","embeddable":true,"href":"https:\/\/websjop.afuk.frl\/frl\/wp-json\/wp\/v2\/product_cat?post=7321"},{"taxonomy":"product_tag","embeddable":true,"href":"https:\/\/websjop.afuk.frl\/frl\/wp-json\/wp\/v2\/product_tag?post=7321"}],"curies":[{"name":"wp","href":"https:\/\/api.w.org\/{rel}","templated":true}]}}