{"id":53651,"date":"2026-04-15T10:27:58","date_gmt":"2026-04-15T08:27:58","guid":{"rendered":"https:\/\/websjop.afuk.frl\/frl\/?post_type=product&#038;p=53651"},"modified":"2026-04-15T10:27:58","modified_gmt":"2026-04-15T08:27:58","slug":"oer-leafde-en-dea","status":"publish","type":"product","link":"https:\/\/websjop.afuk.frl\/frl\/winkel\/oer-leafde-en-dea\/","title":{"rendered":"Oer leafde en dea"},"content":{"rendered":"<p>In 2004 ging de film <em>Vom Sachen und Finden der Liebe<\/em> in premi\u00e8re. Patrick S\u00fcskind schreef mee aan het scenario en verzorgde in een speciale uitgave een nawoord onder de titel <em>Oer leafde en dea<\/em>. Dit nawoord is\u00a0 uitgegeven als een zelfstandig essay.<\/p>\n<p>Friese vertaling: Jacobus Q. Smink.<\/p>\n<p>De oplage bestaat uit 70 genummerde exemplaren.<\/p>\n","protected":false},"excerpt":{"rendered":"<p>In 2004 ging de film Vom Sachen und Finden der Liebe in premi\u00e8re. Patrick S\u00fcskind schreef mee aan het scenario en verzorgde in een speciale uitgave een nawoord onder de titel Oer leafde en dea. Dit nawoord is\u00a0 uitgegeven als een zelfstandig essay. Friese vertaling: Jacobus Q. Smink. De oplage bestaat uit 70 genummerde exemplaren.<\/p>\n","protected":false},"featured_media":53652,"comment_status":"closed","ping_status":"closed","template":"","meta":{"_acf_changed":false},"product_brand":[],"product_cat":[1061,535],"product_tag":[23207,20054,24801,17211,17327],"class_list":{"0":"post-53651","1":"product","2":"type-product","3":"status-publish","4":"has-post-thumbnail","6":"product_cat-essays","7":"product_cat-fryske-boeken","8":"product_tag-essay","9":"product_tag-jacobus-q-smink","10":"product_tag-oer-leafde-en-dea","11":"product_tag-oersetting","12":"product_tag-patrick-suskind","13":"product_shipping_class-brievenbus-verzending","14":"pa_auteur-patrick-suskind","15":"pa_taal-frysk","16":"pa_uitgever-lichthart-neumann","18":"first","19":"instock","20":"taxable","21":"shipping-taxable","22":"purchasable","23":"product-type-simple"},"acf":[],"yoast_head":"<!-- This site is optimized with the Yoast SEO plugin v27.3 - https:\/\/yoast.com\/product\/yoast-seo-wordpress\/ -->\n<title>Oer leafde en dea &#8211; Af\u00fbk Websjop<\/title>\n<meta name=\"description\" content=\"In 2004 ging de film Vom Sachen und Finden der Liebe in premi\u00e8re. Patrick S\u00fcskind werkte mee aan het scenario en schreef het nawoord: Oer leafde en dea.\" \/>\n<meta name=\"robots\" content=\"index, follow, max-snippet:-1, max-image-preview:large, max-video-preview:-1\" \/>\n<link rel=\"canonical\" href=\"https:\/\/websjop.afuk.frl\/frl\/winkel\/oer-leafde-en-dea\/\" \/>\n<meta property=\"og:locale\" content=\"fy_NL\" \/>\n<meta property=\"og:type\" content=\"article\" \/>\n<meta property=\"og:title\" content=\"Oer leafde en dea &#8211; Af\u00fbk Websjop\" \/>\n<meta property=\"og:description\" content=\"In 2004 ging de film Vom Sachen und Finden der Liebe in premi\u00e8re. Patrick S\u00fcskind werkte mee aan het scenario en schreef het nawoord: Oer leafde en dea.\" \/>\n<meta property=\"og:url\" content=\"https:\/\/websjop.afuk.frl\/frl\/winkel\/oer-leafde-en-dea\/\" \/>\n<meta property=\"og:site_name\" content=\"Af\u00fbk Websjop\" \/>\n<meta property=\"og:image\" content=\"https:\/\/websjop.afuk.frl\/wp-content\/uploads\/2026\/04\/Oer-leafde-en-dea042.jpg\" \/>\n\t<meta property=\"og:image:width\" content=\"421\" \/>\n\t<meta property=\"og:image:height\" content=\"424\" \/>\n\t<meta property=\"og:image:type\" content=\"image\/jpeg\" \/>\n<meta name=\"twitter:card\" content=\"summary_large_image\" \/>\n<meta name=\"twitter:label1\" content=\"Est. reading time\" \/>\n\t<meta name=\"twitter:data1\" content=\"1 minute\" \/>\n<script type=\"application\/ld+json\" class=\"yoast-schema-graph\">{\"@context\":\"https:\\\/\\\/schema.org\",\"@graph\":[{\"@type\":\"WebPage\",\"@id\":\"https:\\\/\\\/websjop.afuk.frl\\\/frl\\\/winkel\\\/oer-leafde-en-dea\\\/\",\"url\":\"https:\\\/\\\/websjop.afuk.frl\\\/frl\\\/winkel\\\/oer-leafde-en-dea\\\/\",\"name\":\"Oer leafde en dea &#8211; Af\u00fbk Websjop\",\"isPartOf\":{\"@id\":\"https:\\\/\\\/websjop.afuk.frl\\\/frl\\\/#website\"},\"primaryImageOfPage\":{\"@id\":\"https:\\\/\\\/websjop.afuk.frl\\\/frl\\\/winkel\\\/oer-leafde-en-dea\\\/#primaryimage\"},\"image\":{\"@id\":\"https:\\\/\\\/websjop.afuk.frl\\\/frl\\\/winkel\\\/oer-leafde-en-dea\\\/#primaryimage\"},\"thumbnailUrl\":\"https:\\\/\\\/websjop.afuk.frl\\\/wp-content\\\/uploads\\\/2026\\\/04\\\/Oer-leafde-en-dea042.jpg\",\"datePublished\":\"2026-04-15T08:27:58+00:00\",\"description\":\"In 2004 ging de film Vom Sachen und Finden der Liebe in premi\u00e8re. Patrick S\u00fcskind werkte mee aan het scenario en schreef het nawoord: Oer leafde en dea.\",\"breadcrumb\":{\"@id\":\"https:\\\/\\\/websjop.afuk.frl\\\/frl\\\/winkel\\\/oer-leafde-en-dea\\\/#breadcrumb\"},\"inLanguage\":\"fy-NL\",\"potentialAction\":[{\"@type\":\"ReadAction\",\"target\":[\"https:\\\/\\\/websjop.afuk.frl\\\/frl\\\/winkel\\\/oer-leafde-en-dea\\\/\"]}]},{\"@type\":\"ImageObject\",\"inLanguage\":\"fy-NL\",\"@id\":\"https:\\\/\\\/websjop.afuk.frl\\\/frl\\\/winkel\\\/oer-leafde-en-dea\\\/#primaryimage\",\"url\":\"https:\\\/\\\/websjop.afuk.frl\\\/wp-content\\\/uploads\\\/2026\\\/04\\\/Oer-leafde-en-dea042.jpg\",\"contentUrl\":\"https:\\\/\\\/websjop.afuk.frl\\\/wp-content\\\/uploads\\\/2026\\\/04\\\/Oer-leafde-en-dea042.jpg\",\"width\":421,\"height\":424},{\"@type\":\"BreadcrumbList\",\"@id\":\"https:\\\/\\\/websjop.afuk.frl\\\/frl\\\/winkel\\\/oer-leafde-en-dea\\\/#breadcrumb\",\"itemListElement\":[{\"@type\":\"ListItem\",\"position\":1,\"name\":\"Home\",\"item\":\"https:\\\/\\\/websjop.afuk.frl\\\/frl\\\/\"},{\"@type\":\"ListItem\",\"position\":2,\"name\":\"Winkel\",\"item\":\"https:\\\/\\\/websjop.afuk.frl\\\/nl\\\/winkel\\\/\"},{\"@type\":\"ListItem\",\"position\":3,\"name\":\"Oer leafde en dea\"}]},{\"@type\":\"WebSite\",\"@id\":\"https:\\\/\\\/websjop.afuk.frl\\\/frl\\\/#website\",\"url\":\"https:\\\/\\\/websjop.afuk.frl\\\/frl\\\/\",\"name\":\"Af\u00fbk Websjop\",\"description\":\"\",\"potentialAction\":[{\"@type\":\"SearchAction\",\"target\":{\"@type\":\"EntryPoint\",\"urlTemplate\":\"https:\\\/\\\/websjop.afuk.frl\\\/frl\\\/?s={search_term_string}\"},\"query-input\":{\"@type\":\"PropertyValueSpecification\",\"valueRequired\":true,\"valueName\":\"search_term_string\"}}],\"inLanguage\":\"fy-NL\"}]}<\/script>\n<!-- \/ Yoast SEO plugin. -->","yoast_head_json":{"title":"Oer leafde en dea &#8211; Af\u00fbk Websjop","description":"In 2004 ging de film Vom Sachen und Finden der Liebe in premi\u00e8re. Patrick S\u00fcskind werkte mee aan het scenario en schreef het nawoord: Oer leafde en dea.","robots":{"index":"index","follow":"follow","max-snippet":"max-snippet:-1","max-image-preview":"max-image-preview:large","max-video-preview":"max-video-preview:-1"},"canonical":"https:\/\/websjop.afuk.frl\/frl\/winkel\/oer-leafde-en-dea\/","og_locale":"fy_NL","og_type":"article","og_title":"Oer leafde en dea &#8211; Af\u00fbk Websjop","og_description":"In 2004 ging de film Vom Sachen und Finden der Liebe in premi\u00e8re. Patrick S\u00fcskind werkte mee aan het scenario en schreef het nawoord: Oer leafde en dea.","og_url":"https:\/\/websjop.afuk.frl\/frl\/winkel\/oer-leafde-en-dea\/","og_site_name":"Af\u00fbk Websjop","og_image":[{"width":421,"height":424,"url":"https:\/\/websjop.afuk.frl\/wp-content\/uploads\/2026\/04\/Oer-leafde-en-dea042.jpg","type":"image\/jpeg"}],"twitter_card":"summary_large_image","twitter_misc":{"Est. reading time":"1 minute"},"schema":{"@context":"https:\/\/schema.org","@graph":[{"@type":"WebPage","@id":"https:\/\/websjop.afuk.frl\/frl\/winkel\/oer-leafde-en-dea\/","url":"https:\/\/websjop.afuk.frl\/frl\/winkel\/oer-leafde-en-dea\/","name":"Oer leafde en dea &#8211; Af\u00fbk Websjop","isPartOf":{"@id":"https:\/\/websjop.afuk.frl\/frl\/#website"},"primaryImageOfPage":{"@id":"https:\/\/websjop.afuk.frl\/frl\/winkel\/oer-leafde-en-dea\/#primaryimage"},"image":{"@id":"https:\/\/websjop.afuk.frl\/frl\/winkel\/oer-leafde-en-dea\/#primaryimage"},"thumbnailUrl":"https:\/\/websjop.afuk.frl\/wp-content\/uploads\/2026\/04\/Oer-leafde-en-dea042.jpg","datePublished":"2026-04-15T08:27:58+00:00","description":"In 2004 ging de film Vom Sachen und Finden der Liebe in premi\u00e8re. Patrick S\u00fcskind werkte mee aan het scenario en schreef het nawoord: Oer leafde en dea.","breadcrumb":{"@id":"https:\/\/websjop.afuk.frl\/frl\/winkel\/oer-leafde-en-dea\/#breadcrumb"},"inLanguage":"fy-NL","potentialAction":[{"@type":"ReadAction","target":["https:\/\/websjop.afuk.frl\/frl\/winkel\/oer-leafde-en-dea\/"]}]},{"@type":"ImageObject","inLanguage":"fy-NL","@id":"https:\/\/websjop.afuk.frl\/frl\/winkel\/oer-leafde-en-dea\/#primaryimage","url":"https:\/\/websjop.afuk.frl\/wp-content\/uploads\/2026\/04\/Oer-leafde-en-dea042.jpg","contentUrl":"https:\/\/websjop.afuk.frl\/wp-content\/uploads\/2026\/04\/Oer-leafde-en-dea042.jpg","width":421,"height":424},{"@type":"BreadcrumbList","@id":"https:\/\/websjop.afuk.frl\/frl\/winkel\/oer-leafde-en-dea\/#breadcrumb","itemListElement":[{"@type":"ListItem","position":1,"name":"Home","item":"https:\/\/websjop.afuk.frl\/frl\/"},{"@type":"ListItem","position":2,"name":"Winkel","item":"https:\/\/websjop.afuk.frl\/nl\/winkel\/"},{"@type":"ListItem","position":3,"name":"Oer leafde en dea"}]},{"@type":"WebSite","@id":"https:\/\/websjop.afuk.frl\/frl\/#website","url":"https:\/\/websjop.afuk.frl\/frl\/","name":"Af\u00fbk Websjop","description":"","potentialAction":[{"@type":"SearchAction","target":{"@type":"EntryPoint","urlTemplate":"https:\/\/websjop.afuk.frl\/frl\/?s={search_term_string}"},"query-input":{"@type":"PropertyValueSpecification","valueRequired":true,"valueName":"search_term_string"}}],"inLanguage":"fy-NL"}]}},"_links":{"self":[{"href":"https:\/\/websjop.afuk.frl\/frl\/wp-json\/wp\/v2\/product\/53651","targetHints":{"allow":["GET"]}}],"collection":[{"href":"https:\/\/websjop.afuk.frl\/frl\/wp-json\/wp\/v2\/product"}],"about":[{"href":"https:\/\/websjop.afuk.frl\/frl\/wp-json\/wp\/v2\/types\/product"}],"replies":[{"embeddable":true,"href":"https:\/\/websjop.afuk.frl\/frl\/wp-json\/wp\/v2\/comments?post=53651"}],"wp:featuredmedia":[{"embeddable":true,"href":"https:\/\/websjop.afuk.frl\/frl\/wp-json\/wp\/v2\/media\/53652"}],"wp:attachment":[{"href":"https:\/\/websjop.afuk.frl\/frl\/wp-json\/wp\/v2\/media?parent=53651"}],"wp:term":[{"taxonomy":"product_brand","embeddable":true,"href":"https:\/\/websjop.afuk.frl\/frl\/wp-json\/wp\/v2\/product_brand?post=53651"},{"taxonomy":"product_cat","embeddable":true,"href":"https:\/\/websjop.afuk.frl\/frl\/wp-json\/wp\/v2\/product_cat?post=53651"},{"taxonomy":"product_tag","embeddable":true,"href":"https:\/\/websjop.afuk.frl\/frl\/wp-json\/wp\/v2\/product_tag?post=53651"}],"curies":[{"name":"wp","href":"https:\/\/api.w.org\/{rel}","templated":true}]}}