{"id":52392,"date":"2026-01-14T13:26:02","date_gmt":"2026-01-14T12:26:02","guid":{"rendered":"https:\/\/websjop.afuk.frl\/frl\/?post_type=product&#038;p=52392"},"modified":"2026-03-09T12:33:44","modified_gmt":"2026-03-09T11:33:44","slug":"pannenlap-fryslan-set-van-2","status":"publish","type":"product","link":"https:\/\/websjop.afuk.frl\/frl\/winkel\/pannenlap-fryslan-set-van-2\/","title":{"rendered":"Pannenlap Frysl\u00e2n &#8211; set van 2"},"content":{"rendered":"<p>Navy blauwe pannenlappen met leuke Friese accenten. Netjes afgewerkt met Frysl\u00e2n-applicatie en met pompebl\u00eaden-rand. Voorzien van ophangmogelijkheid.<\/p>\n<p>Set van 2 stuks.<\/p>\n","protected":false},"excerpt":{"rendered":"<p>Navy blauwe pannenlappen met leuke Friese accenten. Netjes afgewerkt met Frysl\u00e2n-applicatie en met pompebl\u00eaden-rand. Voorzien van ophangmogelijkheid. Set van 2 stuks.<\/p>\n","protected":false},"featured_media":52393,"comment_status":"closed","ping_status":"closed","template":"","meta":{"_acf_changed":false},"product_brand":[],"product_cat":[5217,565,5065,1227,1255,1225],"product_tag":[19485,5232,15975,19771,15973,24586,19562,18922],"class_list":{"0":"post-52392","1":"product","2":"type-product","3":"status-publish","4":"has-post-thumbnail","6":"product_cat-fryske-flagge","7":"product_cat-friese-producten","8":"product_cat-fryske-suvenirs","9":"product_cat-heitedeikadootsjes","10":"product_cat-kado-s-foar-de-feestdagen","11":"product_cat-memmedeikadootsjes","12":"product_tag-bakke","13":"product_tag-fryslan","14":"product_tag-itensiede","15":"product_tag-keuken","16":"product_tag-koken","17":"product_tag-panlapen","18":"product_tag-pannenlap","19":"product_tag-souvenir","20":"product_shipping_class-brievenbus-verzending","21":"pa_isbn-24585","22":"pa_new-label-1-3","23":"pa_uitgever-texo-baarsma","25":"first","26":"instock","27":"taxable","28":"shipping-taxable","29":"purchasable","30":"product-type-simple"},"acf":[],"yoast_head":"<!-- This site is optimized with the Yoast SEO plugin v27.3 - https:\/\/yoast.com\/product\/yoast-seo-wordpress\/ -->\n<title>Pannenlap Frysl\u00e2n - set van 2 &#8211; Af\u00fbk Websjop<\/title>\n<meta name=\"description\" content=\"Navy blauwe pannenlappen met leuke Friese accenten. Netjes afgewerkt met Frysl\u00e2n-applicatie en met pompebl\u00eaden-rand. Set van 2 stuks.\" \/>\n<meta name=\"robots\" content=\"index, follow, max-snippet:-1, max-image-preview:large, max-video-preview:-1\" \/>\n<link rel=\"canonical\" href=\"https:\/\/websjop.afuk.frl\/frl\/winkel\/pannenlap-fryslan-set-van-2\/\" \/>\n<meta property=\"og:locale\" content=\"fy_NL\" \/>\n<meta property=\"og:type\" content=\"article\" \/>\n<meta property=\"og:title\" content=\"Pannenlap Frysl\u00e2n - set van 2 &#8211; Af\u00fbk Websjop\" \/>\n<meta property=\"og:description\" content=\"Navy blauwe pannenlappen met leuke Friese accenten. Netjes afgewerkt met Frysl\u00e2n-applicatie en met pompebl\u00eaden-rand. Set van 2 stuks.\" \/>\n<meta property=\"og:url\" content=\"https:\/\/websjop.afuk.frl\/frl\/winkel\/pannenlap-fryslan-set-van-2\/\" \/>\n<meta property=\"og:site_name\" content=\"Af\u00fbk Websjop\" \/>\n<meta property=\"article:modified_time\" content=\"2026-03-09T11:33:44+00:00\" \/>\n<meta property=\"og:image\" content=\"https:\/\/websjop.afuk.frl\/wp-content\/uploads\/2026\/01\/Pannenlap-Fryslan.jpg\" \/>\n\t<meta property=\"og:image:width\" content=\"607\" \/>\n\t<meta property=\"og:image:height\" content=\"512\" \/>\n\t<meta property=\"og:image:type\" content=\"image\/jpeg\" \/>\n<meta name=\"twitter:card\" content=\"summary_large_image\" \/>\n<meta name=\"twitter:label1\" content=\"Est. reading time\" \/>\n\t<meta name=\"twitter:data1\" content=\"1 minute\" \/>\n<script type=\"application\/ld+json\" class=\"yoast-schema-graph\">{\"@context\":\"https:\\\/\\\/schema.org\",\"@graph\":[{\"@type\":\"WebPage\",\"@id\":\"https:\\\/\\\/websjop.afuk.frl\\\/frl\\\/winkel\\\/pannenlap-fryslan-set-van-2\\\/\",\"url\":\"https:\\\/\\\/websjop.afuk.frl\\\/frl\\\/winkel\\\/pannenlap-fryslan-set-van-2\\\/\",\"name\":\"Pannenlap Frysl\u00e2n - set van 2 &#8211; Af\u00fbk Websjop\",\"isPartOf\":{\"@id\":\"https:\\\/\\\/websjop.afuk.frl\\\/frl\\\/#website\"},\"primaryImageOfPage\":{\"@id\":\"https:\\\/\\\/websjop.afuk.frl\\\/frl\\\/winkel\\\/pannenlap-fryslan-set-van-2\\\/#primaryimage\"},\"image\":{\"@id\":\"https:\\\/\\\/websjop.afuk.frl\\\/frl\\\/winkel\\\/pannenlap-fryslan-set-van-2\\\/#primaryimage\"},\"thumbnailUrl\":\"https:\\\/\\\/websjop.afuk.frl\\\/wp-content\\\/uploads\\\/2026\\\/01\\\/Pannenlap-Fryslan.jpg\",\"datePublished\":\"2026-01-14T12:26:02+00:00\",\"dateModified\":\"2026-03-09T11:33:44+00:00\",\"description\":\"Navy blauwe pannenlappen met leuke Friese accenten. Netjes afgewerkt met Frysl\u00e2n-applicatie en met pompebl\u00eaden-rand. Set van 2 stuks.\",\"breadcrumb\":{\"@id\":\"https:\\\/\\\/websjop.afuk.frl\\\/frl\\\/winkel\\\/pannenlap-fryslan-set-van-2\\\/#breadcrumb\"},\"inLanguage\":\"fy-NL\",\"potentialAction\":[{\"@type\":\"ReadAction\",\"target\":[\"https:\\\/\\\/websjop.afuk.frl\\\/frl\\\/winkel\\\/pannenlap-fryslan-set-van-2\\\/\"]}]},{\"@type\":\"ImageObject\",\"inLanguage\":\"fy-NL\",\"@id\":\"https:\\\/\\\/websjop.afuk.frl\\\/frl\\\/winkel\\\/pannenlap-fryslan-set-van-2\\\/#primaryimage\",\"url\":\"https:\\\/\\\/websjop.afuk.frl\\\/wp-content\\\/uploads\\\/2026\\\/01\\\/Pannenlap-Fryslan.jpg\",\"contentUrl\":\"https:\\\/\\\/websjop.afuk.frl\\\/wp-content\\\/uploads\\\/2026\\\/01\\\/Pannenlap-Fryslan.jpg\",\"width\":607,\"height\":512},{\"@type\":\"BreadcrumbList\",\"@id\":\"https:\\\/\\\/websjop.afuk.frl\\\/frl\\\/winkel\\\/pannenlap-fryslan-set-van-2\\\/#breadcrumb\",\"itemListElement\":[{\"@type\":\"ListItem\",\"position\":1,\"name\":\"Home\",\"item\":\"https:\\\/\\\/websjop.afuk.frl\\\/frl\\\/\"},{\"@type\":\"ListItem\",\"position\":2,\"name\":\"Winkel\",\"item\":\"https:\\\/\\\/websjop.afuk.frl\\\/nl\\\/winkel\\\/\"},{\"@type\":\"ListItem\",\"position\":3,\"name\":\"Pannenlap Frysl\u00e2n &#8211; set van 2\"}]},{\"@type\":\"WebSite\",\"@id\":\"https:\\\/\\\/websjop.afuk.frl\\\/frl\\\/#website\",\"url\":\"https:\\\/\\\/websjop.afuk.frl\\\/frl\\\/\",\"name\":\"Af\u00fbk Websjop\",\"description\":\"\",\"potentialAction\":[{\"@type\":\"SearchAction\",\"target\":{\"@type\":\"EntryPoint\",\"urlTemplate\":\"https:\\\/\\\/websjop.afuk.frl\\\/frl\\\/?s={search_term_string}\"},\"query-input\":{\"@type\":\"PropertyValueSpecification\",\"valueRequired\":true,\"valueName\":\"search_term_string\"}}],\"inLanguage\":\"fy-NL\"}]}<\/script>\n<!-- \/ Yoast SEO plugin. -->","yoast_head_json":{"title":"Pannenlap Frysl\u00e2n - set van 2 &#8211; Af\u00fbk Websjop","description":"Navy blauwe pannenlappen met leuke Friese accenten. Netjes afgewerkt met Frysl\u00e2n-applicatie en met pompebl\u00eaden-rand. Set van 2 stuks.","robots":{"index":"index","follow":"follow","max-snippet":"max-snippet:-1","max-image-preview":"max-image-preview:large","max-video-preview":"max-video-preview:-1"},"canonical":"https:\/\/websjop.afuk.frl\/frl\/winkel\/pannenlap-fryslan-set-van-2\/","og_locale":"fy_NL","og_type":"article","og_title":"Pannenlap Frysl\u00e2n - set van 2 &#8211; Af\u00fbk Websjop","og_description":"Navy blauwe pannenlappen met leuke Friese accenten. Netjes afgewerkt met Frysl\u00e2n-applicatie en met pompebl\u00eaden-rand. Set van 2 stuks.","og_url":"https:\/\/websjop.afuk.frl\/frl\/winkel\/pannenlap-fryslan-set-van-2\/","og_site_name":"Af\u00fbk Websjop","article_modified_time":"2026-03-09T11:33:44+00:00","og_image":[{"width":607,"height":512,"url":"https:\/\/websjop.afuk.frl\/wp-content\/uploads\/2026\/01\/Pannenlap-Fryslan.jpg","type":"image\/jpeg"}],"twitter_card":"summary_large_image","twitter_misc":{"Est. reading time":"1 minute"},"schema":{"@context":"https:\/\/schema.org","@graph":[{"@type":"WebPage","@id":"https:\/\/websjop.afuk.frl\/frl\/winkel\/pannenlap-fryslan-set-van-2\/","url":"https:\/\/websjop.afuk.frl\/frl\/winkel\/pannenlap-fryslan-set-van-2\/","name":"Pannenlap Frysl\u00e2n - set van 2 &#8211; Af\u00fbk Websjop","isPartOf":{"@id":"https:\/\/websjop.afuk.frl\/frl\/#website"},"primaryImageOfPage":{"@id":"https:\/\/websjop.afuk.frl\/frl\/winkel\/pannenlap-fryslan-set-van-2\/#primaryimage"},"image":{"@id":"https:\/\/websjop.afuk.frl\/frl\/winkel\/pannenlap-fryslan-set-van-2\/#primaryimage"},"thumbnailUrl":"https:\/\/websjop.afuk.frl\/wp-content\/uploads\/2026\/01\/Pannenlap-Fryslan.jpg","datePublished":"2026-01-14T12:26:02+00:00","dateModified":"2026-03-09T11:33:44+00:00","description":"Navy blauwe pannenlappen met leuke Friese accenten. Netjes afgewerkt met Frysl\u00e2n-applicatie en met pompebl\u00eaden-rand. Set van 2 stuks.","breadcrumb":{"@id":"https:\/\/websjop.afuk.frl\/frl\/winkel\/pannenlap-fryslan-set-van-2\/#breadcrumb"},"inLanguage":"fy-NL","potentialAction":[{"@type":"ReadAction","target":["https:\/\/websjop.afuk.frl\/frl\/winkel\/pannenlap-fryslan-set-van-2\/"]}]},{"@type":"ImageObject","inLanguage":"fy-NL","@id":"https:\/\/websjop.afuk.frl\/frl\/winkel\/pannenlap-fryslan-set-van-2\/#primaryimage","url":"https:\/\/websjop.afuk.frl\/wp-content\/uploads\/2026\/01\/Pannenlap-Fryslan.jpg","contentUrl":"https:\/\/websjop.afuk.frl\/wp-content\/uploads\/2026\/01\/Pannenlap-Fryslan.jpg","width":607,"height":512},{"@type":"BreadcrumbList","@id":"https:\/\/websjop.afuk.frl\/frl\/winkel\/pannenlap-fryslan-set-van-2\/#breadcrumb","itemListElement":[{"@type":"ListItem","position":1,"name":"Home","item":"https:\/\/websjop.afuk.frl\/frl\/"},{"@type":"ListItem","position":2,"name":"Winkel","item":"https:\/\/websjop.afuk.frl\/nl\/winkel\/"},{"@type":"ListItem","position":3,"name":"Pannenlap Frysl\u00e2n &#8211; set van 2"}]},{"@type":"WebSite","@id":"https:\/\/websjop.afuk.frl\/frl\/#website","url":"https:\/\/websjop.afuk.frl\/frl\/","name":"Af\u00fbk Websjop","description":"","potentialAction":[{"@type":"SearchAction","target":{"@type":"EntryPoint","urlTemplate":"https:\/\/websjop.afuk.frl\/frl\/?s={search_term_string}"},"query-input":{"@type":"PropertyValueSpecification","valueRequired":true,"valueName":"search_term_string"}}],"inLanguage":"fy-NL"}]}},"_links":{"self":[{"href":"https:\/\/websjop.afuk.frl\/frl\/wp-json\/wp\/v2\/product\/52392","targetHints":{"allow":["GET"]}}],"collection":[{"href":"https:\/\/websjop.afuk.frl\/frl\/wp-json\/wp\/v2\/product"}],"about":[{"href":"https:\/\/websjop.afuk.frl\/frl\/wp-json\/wp\/v2\/types\/product"}],"replies":[{"embeddable":true,"href":"https:\/\/websjop.afuk.frl\/frl\/wp-json\/wp\/v2\/comments?post=52392"}],"wp:featuredmedia":[{"embeddable":true,"href":"https:\/\/websjop.afuk.frl\/frl\/wp-json\/wp\/v2\/media\/52393"}],"wp:attachment":[{"href":"https:\/\/websjop.afuk.frl\/frl\/wp-json\/wp\/v2\/media?parent=52392"}],"wp:term":[{"taxonomy":"product_brand","embeddable":true,"href":"https:\/\/websjop.afuk.frl\/frl\/wp-json\/wp\/v2\/product_brand?post=52392"},{"taxonomy":"product_cat","embeddable":true,"href":"https:\/\/websjop.afuk.frl\/frl\/wp-json\/wp\/v2\/product_cat?post=52392"},{"taxonomy":"product_tag","embeddable":true,"href":"https:\/\/websjop.afuk.frl\/frl\/wp-json\/wp\/v2\/product_tag?post=52392"}],"curies":[{"name":"wp","href":"https:\/\/api.w.org\/{rel}","templated":true}]}}