{"id":50748,"date":"2025-10-16T09:25:16","date_gmt":"2025-10-16T07:25:16","guid":{"rendered":"https:\/\/websjop.afuk.frl\/frl\/?post_type=product&#038;p=50748"},"modified":"2025-12-01T09:54:25","modified_gmt":"2025-12-01T08:54:25","slug":"hylper-junges-twiske-skier-en-fet-ferskynt-1-novimber-2025","status":"publish","type":"product","link":"https:\/\/websjop.afuk.frl\/frl\/winkel\/hylper-junges-twiske-skier-en-fet-ferskynt-1-novimber-2025\/","title":{"rendered":"Hylper j\u00fbnges twiske Skier en Fet"},"content":{"rendered":"<p>Histoarys j\u00fbngereendbook yn de Hylper Tael<\/p>\n<p>De maeten Doede, Wybren en Sipke belibje yn it jier 1420 de spannendste aiventueren fan jerre libben. Yn dot jier k\u00f3mt in Aest-Frys leager fan Fetkaipers \u00fbnder Hylpen oen laand en oerw\u00f3nt in f\u00e8aldslach mei de Skieringers. Slaet wordt beleagere en Staerum fl\u00f3cht yn &#8216;e braand. De j\u00fbnges meikje it allegaer mei en j\u00ea worde der k\u00eardels fan jin &#8216;t jerm yn dy wreade wraald oereend haalde kenne&#8230;<\/p>\n","protected":false},"excerpt":{"rendered":"<p>Histoarys j\u00fbngereendbook yn de Hylper Tael De maeten Doede, Wybren en Sipke belibje yn it jier 1420 de spannendste aiventueren fan jerre libben. Yn dot jier k\u00f3mt in Aest-Frys leager fan Fetkaipers \u00fbnder Hylpen oen laand en oerw\u00f3nt in f\u00e8aldslach mei de Skieringers. Slaet wordt beleagere en Staerum fl\u00f3cht yn &#8216;e braand. De j\u00fbnges meikje [&hellip;]<\/p>\n","protected":false},"featured_media":50749,"comment_status":"closed","ping_status":"closed","template":"","meta":{"_acf_changed":false},"product_brand":[],"product_cat":[1213,535,552,19384,1218],"product_tag":[24371,24372,24370,6515,22128,24374,24373,20058],"class_list":{"0":"post-50748","1":"product","2":"type-product","3":"status-publish","4":"has-post-thumbnail","6":"product_cat-berne-en-jeugdboeken","7":"product_cat-fryske-boeken","8":"product_cat-jeugdboeken","9":"product_cat-jeugdboeken-15","10":"product_cat-skiednis-2","11":"product_tag-g-waar","12":"product_tag-historysk-ferhaal","13":"product_tag-hylper-junges-twiske-skier-en-fet","14":"product_tag-hylpers","15":"product_tag-jongereinboek","16":"product_tag-jungereendbook","17":"product_tag-skieringers-en-vetkeapers","18":"product_tag-spannend","19":"product_shipping_class-brievenbus-verzending","20":"pa_auteur-g-waar","21":"pa_isbn-24366","22":"pa_new-label-1-3","23":"pa_taal-hylpers","24":"pa_uitgever-eigen-behear","25":"pa_vertaler-p-dykstra-en-w-e-zoethout","27":"first","28":"instock","29":"taxable","30":"shipping-taxable","31":"purchasable","32":"product-type-simple"},"acf":[],"yoast_head":"<!-- This site is optimized with the Yoast SEO plugin v27.3 - https:\/\/yoast.com\/product\/yoast-seo-wordpress\/ -->\n<title>Hylper j\u00fbnges twiske Skier en Fet &#8211; Af\u00fbk Websjop<\/title>\n<meta name=\"description\" content=\"Hylper j\u00fbnges twiske Skier en Fet is in histoarys j\u00fbngereendbook yn de Hylper Tael. It histoaryse ferhael spylet him \u00f4f yn 1420.\" \/>\n<meta name=\"robots\" content=\"index, follow, max-snippet:-1, max-image-preview:large, max-video-preview:-1\" \/>\n<link rel=\"canonical\" href=\"https:\/\/websjop.afuk.frl\/frl\/winkel\/hylper-junges-twiske-skier-en-fet-ferskynt-1-novimber-2025\/\" \/>\n<meta property=\"og:locale\" content=\"fy_NL\" \/>\n<meta property=\"og:type\" content=\"article\" \/>\n<meta property=\"og:title\" content=\"Hylper j\u00fbnges twiske Skier en Fet &#8211; Af\u00fbk Websjop\" \/>\n<meta property=\"og:description\" content=\"Hylper j\u00fbnges twiske Skier en Fet is in histoarys j\u00fbngereendbook yn de Hylper Tael. It histoaryse ferhael spylet him \u00f4f yn 1420.\" \/>\n<meta property=\"og:url\" content=\"https:\/\/websjop.afuk.frl\/frl\/winkel\/hylper-junges-twiske-skier-en-fet-ferskynt-1-novimber-2025\/\" \/>\n<meta property=\"og:site_name\" content=\"Af\u00fbk Websjop\" \/>\n<meta property=\"article:modified_time\" content=\"2025-12-01T08:54:25+00:00\" \/>\n<meta property=\"og:image\" content=\"https:\/\/websjop.afuk.frl\/wp-content\/uploads\/2025\/10\/Hylper-junges.webp\" \/>\n\t<meta property=\"og:image:width\" content=\"748\" \/>\n\t<meta property=\"og:image:height\" content=\"1024\" \/>\n\t<meta property=\"og:image:type\" content=\"image\/webp\" \/>\n<meta name=\"twitter:card\" content=\"summary_large_image\" \/>\n<meta name=\"twitter:label1\" content=\"Est. reading time\" \/>\n\t<meta name=\"twitter:data1\" content=\"1 minute\" \/>\n<script type=\"application\/ld+json\" class=\"yoast-schema-graph\">{\"@context\":\"https:\\\/\\\/schema.org\",\"@graph\":[{\"@type\":\"WebPage\",\"@id\":\"https:\\\/\\\/websjop.afuk.frl\\\/frl\\\/winkel\\\/hylper-junges-twiske-skier-en-fet-ferskynt-1-novimber-2025\\\/\",\"url\":\"https:\\\/\\\/websjop.afuk.frl\\\/frl\\\/winkel\\\/hylper-junges-twiske-skier-en-fet-ferskynt-1-novimber-2025\\\/\",\"name\":\"Hylper j\u00fbnges twiske Skier en Fet &#8211; Af\u00fbk Websjop\",\"isPartOf\":{\"@id\":\"https:\\\/\\\/websjop.afuk.frl\\\/frl\\\/#website\"},\"primaryImageOfPage\":{\"@id\":\"https:\\\/\\\/websjop.afuk.frl\\\/frl\\\/winkel\\\/hylper-junges-twiske-skier-en-fet-ferskynt-1-novimber-2025\\\/#primaryimage\"},\"image\":{\"@id\":\"https:\\\/\\\/websjop.afuk.frl\\\/frl\\\/winkel\\\/hylper-junges-twiske-skier-en-fet-ferskynt-1-novimber-2025\\\/#primaryimage\"},\"thumbnailUrl\":\"https:\\\/\\\/websjop.afuk.frl\\\/wp-content\\\/uploads\\\/2025\\\/10\\\/Hylper-junges.webp\",\"datePublished\":\"2025-10-16T07:25:16+00:00\",\"dateModified\":\"2025-12-01T08:54:25+00:00\",\"description\":\"Hylper j\u00fbnges twiske Skier en Fet is in histoarys j\u00fbngereendbook yn de Hylper Tael. It histoaryse ferhael spylet him \u00f4f yn 1420.\",\"breadcrumb\":{\"@id\":\"https:\\\/\\\/websjop.afuk.frl\\\/frl\\\/winkel\\\/hylper-junges-twiske-skier-en-fet-ferskynt-1-novimber-2025\\\/#breadcrumb\"},\"inLanguage\":\"fy-NL\",\"potentialAction\":[{\"@type\":\"ReadAction\",\"target\":[\"https:\\\/\\\/websjop.afuk.frl\\\/frl\\\/winkel\\\/hylper-junges-twiske-skier-en-fet-ferskynt-1-novimber-2025\\\/\"]}]},{\"@type\":\"ImageObject\",\"inLanguage\":\"fy-NL\",\"@id\":\"https:\\\/\\\/websjop.afuk.frl\\\/frl\\\/winkel\\\/hylper-junges-twiske-skier-en-fet-ferskynt-1-novimber-2025\\\/#primaryimage\",\"url\":\"https:\\\/\\\/websjop.afuk.frl\\\/wp-content\\\/uploads\\\/2025\\\/10\\\/Hylper-junges.webp\",\"contentUrl\":\"https:\\\/\\\/websjop.afuk.frl\\\/wp-content\\\/uploads\\\/2025\\\/10\\\/Hylper-junges.webp\",\"width\":748,\"height\":1024},{\"@type\":\"BreadcrumbList\",\"@id\":\"https:\\\/\\\/websjop.afuk.frl\\\/frl\\\/winkel\\\/hylper-junges-twiske-skier-en-fet-ferskynt-1-novimber-2025\\\/#breadcrumb\",\"itemListElement\":[{\"@type\":\"ListItem\",\"position\":1,\"name\":\"Home\",\"item\":\"https:\\\/\\\/websjop.afuk.frl\\\/frl\\\/\"},{\"@type\":\"ListItem\",\"position\":2,\"name\":\"Winkel\",\"item\":\"https:\\\/\\\/websjop.afuk.frl\\\/nl\\\/winkel\\\/\"},{\"@type\":\"ListItem\",\"position\":3,\"name\":\"Hylper j\u00fbnges twiske Skier en Fet\"}]},{\"@type\":\"WebSite\",\"@id\":\"https:\\\/\\\/websjop.afuk.frl\\\/frl\\\/#website\",\"url\":\"https:\\\/\\\/websjop.afuk.frl\\\/frl\\\/\",\"name\":\"Af\u00fbk Websjop\",\"description\":\"\",\"potentialAction\":[{\"@type\":\"SearchAction\",\"target\":{\"@type\":\"EntryPoint\",\"urlTemplate\":\"https:\\\/\\\/websjop.afuk.frl\\\/frl\\\/?s={search_term_string}\"},\"query-input\":{\"@type\":\"PropertyValueSpecification\",\"valueRequired\":true,\"valueName\":\"search_term_string\"}}],\"inLanguage\":\"fy-NL\"}]}<\/script>\n<!-- \/ Yoast SEO plugin. -->","yoast_head_json":{"title":"Hylper j\u00fbnges twiske Skier en Fet &#8211; Af\u00fbk Websjop","description":"Hylper j\u00fbnges twiske Skier en Fet is in histoarys j\u00fbngereendbook yn de Hylper Tael. It histoaryse ferhael spylet him \u00f4f yn 1420.","robots":{"index":"index","follow":"follow","max-snippet":"max-snippet:-1","max-image-preview":"max-image-preview:large","max-video-preview":"max-video-preview:-1"},"canonical":"https:\/\/websjop.afuk.frl\/frl\/winkel\/hylper-junges-twiske-skier-en-fet-ferskynt-1-novimber-2025\/","og_locale":"fy_NL","og_type":"article","og_title":"Hylper j\u00fbnges twiske Skier en Fet &#8211; Af\u00fbk Websjop","og_description":"Hylper j\u00fbnges twiske Skier en Fet is in histoarys j\u00fbngereendbook yn de Hylper Tael. It histoaryse ferhael spylet him \u00f4f yn 1420.","og_url":"https:\/\/websjop.afuk.frl\/frl\/winkel\/hylper-junges-twiske-skier-en-fet-ferskynt-1-novimber-2025\/","og_site_name":"Af\u00fbk Websjop","article_modified_time":"2025-12-01T08:54:25+00:00","og_image":[{"width":748,"height":1024,"url":"https:\/\/websjop.afuk.frl\/wp-content\/uploads\/2025\/10\/Hylper-junges.webp","type":"image\/webp"}],"twitter_card":"summary_large_image","twitter_misc":{"Est. reading time":"1 minute"},"schema":{"@context":"https:\/\/schema.org","@graph":[{"@type":"WebPage","@id":"https:\/\/websjop.afuk.frl\/frl\/winkel\/hylper-junges-twiske-skier-en-fet-ferskynt-1-novimber-2025\/","url":"https:\/\/websjop.afuk.frl\/frl\/winkel\/hylper-junges-twiske-skier-en-fet-ferskynt-1-novimber-2025\/","name":"Hylper j\u00fbnges twiske Skier en Fet &#8211; Af\u00fbk Websjop","isPartOf":{"@id":"https:\/\/websjop.afuk.frl\/frl\/#website"},"primaryImageOfPage":{"@id":"https:\/\/websjop.afuk.frl\/frl\/winkel\/hylper-junges-twiske-skier-en-fet-ferskynt-1-novimber-2025\/#primaryimage"},"image":{"@id":"https:\/\/websjop.afuk.frl\/frl\/winkel\/hylper-junges-twiske-skier-en-fet-ferskynt-1-novimber-2025\/#primaryimage"},"thumbnailUrl":"https:\/\/websjop.afuk.frl\/wp-content\/uploads\/2025\/10\/Hylper-junges.webp","datePublished":"2025-10-16T07:25:16+00:00","dateModified":"2025-12-01T08:54:25+00:00","description":"Hylper j\u00fbnges twiske Skier en Fet is in histoarys j\u00fbngereendbook yn de Hylper Tael. It histoaryse ferhael spylet him \u00f4f yn 1420.","breadcrumb":{"@id":"https:\/\/websjop.afuk.frl\/frl\/winkel\/hylper-junges-twiske-skier-en-fet-ferskynt-1-novimber-2025\/#breadcrumb"},"inLanguage":"fy-NL","potentialAction":[{"@type":"ReadAction","target":["https:\/\/websjop.afuk.frl\/frl\/winkel\/hylper-junges-twiske-skier-en-fet-ferskynt-1-novimber-2025\/"]}]},{"@type":"ImageObject","inLanguage":"fy-NL","@id":"https:\/\/websjop.afuk.frl\/frl\/winkel\/hylper-junges-twiske-skier-en-fet-ferskynt-1-novimber-2025\/#primaryimage","url":"https:\/\/websjop.afuk.frl\/wp-content\/uploads\/2025\/10\/Hylper-junges.webp","contentUrl":"https:\/\/websjop.afuk.frl\/wp-content\/uploads\/2025\/10\/Hylper-junges.webp","width":748,"height":1024},{"@type":"BreadcrumbList","@id":"https:\/\/websjop.afuk.frl\/frl\/winkel\/hylper-junges-twiske-skier-en-fet-ferskynt-1-novimber-2025\/#breadcrumb","itemListElement":[{"@type":"ListItem","position":1,"name":"Home","item":"https:\/\/websjop.afuk.frl\/frl\/"},{"@type":"ListItem","position":2,"name":"Winkel","item":"https:\/\/websjop.afuk.frl\/nl\/winkel\/"},{"@type":"ListItem","position":3,"name":"Hylper j\u00fbnges twiske Skier en Fet"}]},{"@type":"WebSite","@id":"https:\/\/websjop.afuk.frl\/frl\/#website","url":"https:\/\/websjop.afuk.frl\/frl\/","name":"Af\u00fbk Websjop","description":"","potentialAction":[{"@type":"SearchAction","target":{"@type":"EntryPoint","urlTemplate":"https:\/\/websjop.afuk.frl\/frl\/?s={search_term_string}"},"query-input":{"@type":"PropertyValueSpecification","valueRequired":true,"valueName":"search_term_string"}}],"inLanguage":"fy-NL"}]}},"_links":{"self":[{"href":"https:\/\/websjop.afuk.frl\/frl\/wp-json\/wp\/v2\/product\/50748","targetHints":{"allow":["GET"]}}],"collection":[{"href":"https:\/\/websjop.afuk.frl\/frl\/wp-json\/wp\/v2\/product"}],"about":[{"href":"https:\/\/websjop.afuk.frl\/frl\/wp-json\/wp\/v2\/types\/product"}],"replies":[{"embeddable":true,"href":"https:\/\/websjop.afuk.frl\/frl\/wp-json\/wp\/v2\/comments?post=50748"}],"wp:featuredmedia":[{"embeddable":true,"href":"https:\/\/websjop.afuk.frl\/frl\/wp-json\/wp\/v2\/media\/50749"}],"wp:attachment":[{"href":"https:\/\/websjop.afuk.frl\/frl\/wp-json\/wp\/v2\/media?parent=50748"}],"wp:term":[{"taxonomy":"product_brand","embeddable":true,"href":"https:\/\/websjop.afuk.frl\/frl\/wp-json\/wp\/v2\/product_brand?post=50748"},{"taxonomy":"product_cat","embeddable":true,"href":"https:\/\/websjop.afuk.frl\/frl\/wp-json\/wp\/v2\/product_cat?post=50748"},{"taxonomy":"product_tag","embeddable":true,"href":"https:\/\/websjop.afuk.frl\/frl\/wp-json\/wp\/v2\/product_tag?post=50748"}],"curies":[{"name":"wp","href":"https:\/\/api.w.org\/{rel}","templated":true}]}}