{"id":50182,"date":"2025-06-15T11:26:05","date_gmt":"2025-06-15T09:26:05","guid":{"rendered":"https:\/\/websjop.afuk.frl\/frl\/?post_type=product&#038;p=50182"},"modified":"2026-03-30T12:47:04","modified_gmt":"2026-03-30T10:47:04","slug":"kaart-de-tiid-haldt-gjin-skoft-friese-spreuktegel","status":"publish","type":"product","link":"https:\/\/websjop.afuk.frl\/frl\/winkel\/kaart-de-tiid-haldt-gjin-skoft-friese-spreuktegel\/","title":{"rendered":"Kaart: De tiid h\u00e2ldt gjin skoft (Friese spreuktegel)"},"content":{"rendered":"<p><strong>&#x2728; Friese kaarten mei spreuken &#x2728;<\/strong><\/p>\n<p>In deze prachtige kaartenserie vind je Friese spreuken die wijsheid en humor uitstralen.<br \/>\nLeuk om weg te geven bij een speciaal moment of om zelf in huis op te hangen.<\/p>\n<p><strong>Alle Friese spreuken die verkrijgbaar zijn op kaart:<\/strong><\/p>\n<ul>\n<li>De tiid h\u00e2ldt gjin skoft<\/li>\n<li>B\u00fbter, brea en griene tsiis, wa&#8217;t dat net sizze kin is gjin oprjochte Fries.<\/li>\n<li>Al wa&#8217;t wend is Frysk te sprekken hoecht him hjir net te ferbrekken.<\/li>\n<li>Foar de kofje net eamelje.<\/li>\n<li>Tink werom oan juster, dream fan moarn mar genietsje hjoed.<\/li>\n<li>Pikerje net, it komt dochs oars.<\/li>\n<li>W\u00ear&#8217;t wy op &#8216;e wr\u00e2ld ek binne, oeral skynt deselde sinne.<\/li>\n<li>Oeral th\u00fas, mar th\u00fas it b\u00easte.<\/li>\n<li>Sa ist en net oars, want as &#8216;t oars wie, wie&#8217;t net sa.<\/li>\n<li>As it net kin sa&#8217;t it moat dan moat it mar sa&#8217;t it kin.<\/li>\n<\/ul>\n","protected":false},"excerpt":{"rendered":"<p>&#x2728; Friese kaarten mei spreuken &#x2728; In deze prachtige kaartenserie vind je Friese spreuken die wijsheid en humor uitstralen. Leuk om weg te geven bij een speciaal moment of om zelf in huis op te hangen. Alle Friese spreuken die verkrijgbaar zijn op kaart: De tiid h\u00e2ldt gjin skoft B\u00fbter, brea en griene tsiis, wa&#8217;t [&hellip;]<\/p>\n","protected":false},"featured_media":50186,"comment_status":"closed","ping_status":"closed","template":"","meta":{"_acf_changed":false},"product_brand":[],"product_cat":[1244,23293],"product_tag":[5703,24284,24282,24281,24283],"class_list":{"0":"post-50182","1":"product","2":"type-product","3":"status-publish","4":"has-post-thumbnail","6":"product_cat-fryske-tegeltsjes","7":"product_cat-kassakoopjes","8":"product_tag-kaart","9":"product_tag-skoft","10":"product_tag-tegel","11":"product_tag-tegelwijsheid","12":"product_tag-tiid","13":"product_shipping_class-brievenbus-verzending","15":"first","16":"instock","17":"taxable","18":"shipping-taxable","19":"purchasable","20":"product-type-simple"},"acf":[],"yoast_head":"<!-- This site is optimized with the Yoast SEO plugin v27.2 - https:\/\/yoast.com\/product\/yoast-seo-wordpress\/ -->\n<title>Kaart: De tiid h\u00e2ldt gjin skoft (Friese spreuktegel) &#8211; Af\u00fbk Websjop<\/title>\n<meta name=\"description\" content=\"Kaart: De tiid h\u00e2ldt gjin skoft (Friese spreuktegel). Leuke serie kaarten met Friese wijsheden, voor slechts 1 euro te bestellen bij de Af\u00fbk.\" \/>\n<meta name=\"robots\" content=\"index, follow, max-snippet:-1, max-image-preview:large, max-video-preview:-1\" \/>\n<link rel=\"canonical\" href=\"https:\/\/websjop.afuk.frl\/frl\/winkel\/kaart-de-tiid-haldt-gjin-skoft-friese-spreuktegel\/\" \/>\n<meta property=\"og:locale\" content=\"fy_NL\" \/>\n<meta property=\"og:type\" content=\"article\" \/>\n<meta property=\"og:title\" content=\"Kaart: De tiid h\u00e2ldt gjin skoft (Friese spreuktegel) &#8211; Af\u00fbk Websjop\" \/>\n<meta property=\"og:description\" content=\"Kaart: De tiid h\u00e2ldt gjin skoft (Friese spreuktegel). Leuke serie kaarten met Friese wijsheden, voor slechts 1 euro te bestellen bij de Af\u00fbk.\" \/>\n<meta property=\"og:url\" content=\"https:\/\/websjop.afuk.frl\/frl\/winkel\/kaart-de-tiid-haldt-gjin-skoft-friese-spreuktegel\/\" \/>\n<meta property=\"og:site_name\" content=\"Af\u00fbk Websjop\" \/>\n<meta property=\"article:modified_time\" content=\"2026-03-30T10:47:04+00:00\" \/>\n<meta property=\"og:image\" content=\"https:\/\/websjop.afuk.frl\/wp-content\/uploads\/2025\/09\/tegeltsjes-kaarten2-1.jpg\" \/>\n\t<meta property=\"og:image:width\" content=\"620\" \/>\n\t<meta property=\"og:image:height\" content=\"874\" \/>\n\t<meta property=\"og:image:type\" content=\"image\/jpeg\" \/>\n<meta name=\"twitter:card\" content=\"summary_large_image\" \/>\n<meta name=\"twitter:label1\" content=\"Est. reading time\" \/>\n\t<meta name=\"twitter:data1\" content=\"2 minutes\" \/>\n<script type=\"application\/ld+json\" class=\"yoast-schema-graph\">{\"@context\":\"https:\/\/schema.org\",\"@graph\":[{\"@type\":\"WebPage\",\"@id\":\"https:\/\/websjop.afuk.frl\/frl\/winkel\/kaart-de-tiid-haldt-gjin-skoft-friese-spreuktegel\/\",\"url\":\"https:\/\/websjop.afuk.frl\/frl\/winkel\/kaart-de-tiid-haldt-gjin-skoft-friese-spreuktegel\/\",\"name\":\"Kaart: De tiid h\u00e2ldt gjin skoft (Friese spreuktegel) &#8211; Af\u00fbk Websjop\",\"isPartOf\":{\"@id\":\"https:\/\/websjop.afuk.frl\/frl\/#website\"},\"primaryImageOfPage\":{\"@id\":\"https:\/\/websjop.afuk.frl\/frl\/winkel\/kaart-de-tiid-haldt-gjin-skoft-friese-spreuktegel\/#primaryimage\"},\"image\":{\"@id\":\"https:\/\/websjop.afuk.frl\/frl\/winkel\/kaart-de-tiid-haldt-gjin-skoft-friese-spreuktegel\/#primaryimage\"},\"thumbnailUrl\":\"https:\/\/websjop.afuk.frl\/wp-content\/uploads\/2025\/09\/tegeltsjes-kaarten2-1.jpg\",\"datePublished\":\"2025-06-15T09:26:05+00:00\",\"dateModified\":\"2026-03-30T10:47:04+00:00\",\"description\":\"Kaart: De tiid h\u00e2ldt gjin skoft (Friese spreuktegel). Leuke serie kaarten met Friese wijsheden, voor slechts 1 euro te bestellen bij de Af\u00fbk.\",\"breadcrumb\":{\"@id\":\"https:\/\/websjop.afuk.frl\/frl\/winkel\/kaart-de-tiid-haldt-gjin-skoft-friese-spreuktegel\/#breadcrumb\"},\"inLanguage\":\"fy-NL\",\"potentialAction\":[{\"@type\":\"ReadAction\",\"target\":[\"https:\/\/websjop.afuk.frl\/frl\/winkel\/kaart-de-tiid-haldt-gjin-skoft-friese-spreuktegel\/\"]}]},{\"@type\":\"ImageObject\",\"inLanguage\":\"fy-NL\",\"@id\":\"https:\/\/websjop.afuk.frl\/frl\/winkel\/kaart-de-tiid-haldt-gjin-skoft-friese-spreuktegel\/#primaryimage\",\"url\":\"https:\/\/websjop.afuk.frl\/wp-content\/uploads\/2025\/09\/tegeltsjes-kaarten2-1.jpg\",\"contentUrl\":\"https:\/\/websjop.afuk.frl\/wp-content\/uploads\/2025\/09\/tegeltsjes-kaarten2-1.jpg\",\"width\":620,\"height\":874},{\"@type\":\"BreadcrumbList\",\"@id\":\"https:\/\/websjop.afuk.frl\/frl\/winkel\/kaart-de-tiid-haldt-gjin-skoft-friese-spreuktegel\/#breadcrumb\",\"itemListElement\":[{\"@type\":\"ListItem\",\"position\":1,\"name\":\"Home\",\"item\":\"https:\/\/websjop.afuk.frl\/frl\/\"},{\"@type\":\"ListItem\",\"position\":2,\"name\":\"Winkel\",\"item\":\"https:\/\/websjop.afuk.frl\/nl\/winkel\/\"},{\"@type\":\"ListItem\",\"position\":3,\"name\":\"Kaart: De tiid h\u00e2ldt gjin skoft (Friese spreuktegel)\"}]},{\"@type\":\"WebSite\",\"@id\":\"https:\/\/websjop.afuk.frl\/frl\/#website\",\"url\":\"https:\/\/websjop.afuk.frl\/frl\/\",\"name\":\"Af\u00fbk Websjop\",\"description\":\"\",\"potentialAction\":[{\"@type\":\"SearchAction\",\"target\":{\"@type\":\"EntryPoint\",\"urlTemplate\":\"https:\/\/websjop.afuk.frl\/frl\/?s={search_term_string}\"},\"query-input\":{\"@type\":\"PropertyValueSpecification\",\"valueRequired\":true,\"valueName\":\"search_term_string\"}}],\"inLanguage\":\"fy-NL\"}]}<\/script>\n<!-- \/ Yoast SEO plugin. -->","yoast_head_json":{"title":"Kaart: De tiid h\u00e2ldt gjin skoft (Friese spreuktegel) &#8211; Af\u00fbk Websjop","description":"Kaart: De tiid h\u00e2ldt gjin skoft (Friese spreuktegel). Leuke serie kaarten met Friese wijsheden, voor slechts 1 euro te bestellen bij de Af\u00fbk.","robots":{"index":"index","follow":"follow","max-snippet":"max-snippet:-1","max-image-preview":"max-image-preview:large","max-video-preview":"max-video-preview:-1"},"canonical":"https:\/\/websjop.afuk.frl\/frl\/winkel\/kaart-de-tiid-haldt-gjin-skoft-friese-spreuktegel\/","og_locale":"fy_NL","og_type":"article","og_title":"Kaart: De tiid h\u00e2ldt gjin skoft (Friese spreuktegel) &#8211; Af\u00fbk Websjop","og_description":"Kaart: De tiid h\u00e2ldt gjin skoft (Friese spreuktegel). Leuke serie kaarten met Friese wijsheden, voor slechts 1 euro te bestellen bij de Af\u00fbk.","og_url":"https:\/\/websjop.afuk.frl\/frl\/winkel\/kaart-de-tiid-haldt-gjin-skoft-friese-spreuktegel\/","og_site_name":"Af\u00fbk Websjop","article_modified_time":"2026-03-30T10:47:04+00:00","og_image":[{"width":620,"height":874,"url":"https:\/\/websjop.afuk.frl\/wp-content\/uploads\/2025\/09\/tegeltsjes-kaarten2-1.jpg","type":"image\/jpeg"}],"twitter_card":"summary_large_image","twitter_misc":{"Est. reading time":"2 minutes"},"schema":{"@context":"https:\/\/schema.org","@graph":[{"@type":"WebPage","@id":"https:\/\/websjop.afuk.frl\/frl\/winkel\/kaart-de-tiid-haldt-gjin-skoft-friese-spreuktegel\/","url":"https:\/\/websjop.afuk.frl\/frl\/winkel\/kaart-de-tiid-haldt-gjin-skoft-friese-spreuktegel\/","name":"Kaart: De tiid h\u00e2ldt gjin skoft (Friese spreuktegel) &#8211; Af\u00fbk Websjop","isPartOf":{"@id":"https:\/\/websjop.afuk.frl\/frl\/#website"},"primaryImageOfPage":{"@id":"https:\/\/websjop.afuk.frl\/frl\/winkel\/kaart-de-tiid-haldt-gjin-skoft-friese-spreuktegel\/#primaryimage"},"image":{"@id":"https:\/\/websjop.afuk.frl\/frl\/winkel\/kaart-de-tiid-haldt-gjin-skoft-friese-spreuktegel\/#primaryimage"},"thumbnailUrl":"https:\/\/websjop.afuk.frl\/wp-content\/uploads\/2025\/09\/tegeltsjes-kaarten2-1.jpg","datePublished":"2025-06-15T09:26:05+00:00","dateModified":"2026-03-30T10:47:04+00:00","description":"Kaart: De tiid h\u00e2ldt gjin skoft (Friese spreuktegel). Leuke serie kaarten met Friese wijsheden, voor slechts 1 euro te bestellen bij de Af\u00fbk.","breadcrumb":{"@id":"https:\/\/websjop.afuk.frl\/frl\/winkel\/kaart-de-tiid-haldt-gjin-skoft-friese-spreuktegel\/#breadcrumb"},"inLanguage":"fy-NL","potentialAction":[{"@type":"ReadAction","target":["https:\/\/websjop.afuk.frl\/frl\/winkel\/kaart-de-tiid-haldt-gjin-skoft-friese-spreuktegel\/"]}]},{"@type":"ImageObject","inLanguage":"fy-NL","@id":"https:\/\/websjop.afuk.frl\/frl\/winkel\/kaart-de-tiid-haldt-gjin-skoft-friese-spreuktegel\/#primaryimage","url":"https:\/\/websjop.afuk.frl\/wp-content\/uploads\/2025\/09\/tegeltsjes-kaarten2-1.jpg","contentUrl":"https:\/\/websjop.afuk.frl\/wp-content\/uploads\/2025\/09\/tegeltsjes-kaarten2-1.jpg","width":620,"height":874},{"@type":"BreadcrumbList","@id":"https:\/\/websjop.afuk.frl\/frl\/winkel\/kaart-de-tiid-haldt-gjin-skoft-friese-spreuktegel\/#breadcrumb","itemListElement":[{"@type":"ListItem","position":1,"name":"Home","item":"https:\/\/websjop.afuk.frl\/frl\/"},{"@type":"ListItem","position":2,"name":"Winkel","item":"https:\/\/websjop.afuk.frl\/nl\/winkel\/"},{"@type":"ListItem","position":3,"name":"Kaart: De tiid h\u00e2ldt gjin skoft (Friese spreuktegel)"}]},{"@type":"WebSite","@id":"https:\/\/websjop.afuk.frl\/frl\/#website","url":"https:\/\/websjop.afuk.frl\/frl\/","name":"Af\u00fbk Websjop","description":"","potentialAction":[{"@type":"SearchAction","target":{"@type":"EntryPoint","urlTemplate":"https:\/\/websjop.afuk.frl\/frl\/?s={search_term_string}"},"query-input":{"@type":"PropertyValueSpecification","valueRequired":true,"valueName":"search_term_string"}}],"inLanguage":"fy-NL"}]}},"_links":{"self":[{"href":"https:\/\/websjop.afuk.frl\/frl\/wp-json\/wp\/v2\/product\/50182","targetHints":{"allow":["GET"]}}],"collection":[{"href":"https:\/\/websjop.afuk.frl\/frl\/wp-json\/wp\/v2\/product"}],"about":[{"href":"https:\/\/websjop.afuk.frl\/frl\/wp-json\/wp\/v2\/types\/product"}],"replies":[{"embeddable":true,"href":"https:\/\/websjop.afuk.frl\/frl\/wp-json\/wp\/v2\/comments?post=50182"}],"wp:featuredmedia":[{"embeddable":true,"href":"https:\/\/websjop.afuk.frl\/frl\/wp-json\/wp\/v2\/media\/50186"}],"wp:attachment":[{"href":"https:\/\/websjop.afuk.frl\/frl\/wp-json\/wp\/v2\/media?parent=50182"}],"wp:term":[{"taxonomy":"product_brand","embeddable":true,"href":"https:\/\/websjop.afuk.frl\/frl\/wp-json\/wp\/v2\/product_brand?post=50182"},{"taxonomy":"product_cat","embeddable":true,"href":"https:\/\/websjop.afuk.frl\/frl\/wp-json\/wp\/v2\/product_cat?post=50182"},{"taxonomy":"product_tag","embeddable":true,"href":"https:\/\/websjop.afuk.frl\/frl\/wp-json\/wp\/v2\/product_tag?post=50182"}],"curies":[{"name":"wp","href":"https:\/\/api.w.org\/{rel}","templated":true}]}}