{"id":48897,"date":"2023-05-22T15:55:25","date_gmt":"2023-05-22T13:55:25","guid":{"rendered":"https:\/\/websjop.afuk.frl\/frl\/?post_type=product&#038;p=48897"},"modified":"2025-09-11T12:04:35","modified_gmt":"2025-09-11T10:04:35","slug":"heitedeipakket-grut","status":"publish","type":"product","link":"https:\/\/websjop.afuk.frl\/frl\/winkel\/heitedeipakket-grut\/","title":{"rendered":"Heitedeipakket (grut)"},"content":{"rendered":"<p>In kadopakket foar de leafste heit fan de wr\u00e2ld!<\/p>\n<p>In kadopakket mei d\u00ear yn:<\/p>\n<p>&#8211;<a href=\"https:\/\/websjop.afuk.frl\/frl\/winkel\/wurkmoffen-fryslan\/\">Wurkmoffen\u00a0<\/a><br \/>\n&#8211;<a href=\"https:\/\/websjop.afuk.frl\/frl\/winkel\/fryske-klompedrop\/\">Dropkes\u00a0<\/a><br \/>\n&#8211;<a href=\"https:\/\/websjop.afuk.frl\/frl\/winkel\/flessewipper-bierke\/\">Flessewipper<\/a><br \/>\n&#8211;<a href=\"https:\/\/websjop.afuk.frl\/frl\/winkel\/de-heit\/\">In spannend boek<\/a> (De heit)<br \/>\n&#8211;<a href=\"https:\/\/websjop.afuk.frl\/frl\/winkel\/boekelizzer-heit\/\">Boekelizzer<\/a><\/p>\n<p>&nbsp;<\/p>\n","protected":false},"excerpt":{"rendered":"<p>In kadopakket foar de leafste heit fan de wr\u00e2ld! In kadopakket mei d\u00ear yn: &#8211;Wurkmoffen\u00a0 &#8211;Dropkes\u00a0 &#8211;Flessewipper &#8211;In spannend boek (De heit) &#8211;Boekelizzer &nbsp;<\/p>\n","protected":false},"featured_media":48900,"comment_status":"closed","ping_status":"closed","template":"","meta":{"_acf_changed":false},"product_brand":[],"product_cat":[1227,18403,574,18407],"product_tag":[8617,18399,18405,9851],"class_list":{"0":"post-48897","1":"product","2":"type-product","3":"status-publish","4":"has-post-thumbnail","6":"product_cat-heitedeikadootsjes","7":"product_cat-pakketten","8":"product_cat-oanbiedingen","9":"product_cat-pakketten-foar-folwoeksenen","10":"product_tag-heit","11":"product_tag-heitedei","12":"product_tag-pakket","13":"product_tag-vaderdag","14":"product_shipping_class-pakketpost-verzending","16":"first","17":"instock","18":"sale","19":"taxable","20":"shipping-taxable","21":"purchasable","22":"product-type-simple"},"acf":[],"yoast_head":"<!-- This site is optimized with the Yoast SEO plugin v27.3 - https:\/\/yoast.com\/product\/yoast-seo-wordpress\/ -->\n<title>Heitedeipakket (grut) &#8211; Af\u00fbk Websjop<\/title>\n<meta name=\"robots\" content=\"index, follow, max-snippet:-1, max-image-preview:large, max-video-preview:-1\" \/>\n<link rel=\"canonical\" href=\"https:\/\/websjop.afuk.frl\/frl\/winkel\/heitedeipakket-grut\/\" \/>\n<meta property=\"og:locale\" content=\"fy_NL\" \/>\n<meta property=\"og:type\" content=\"article\" \/>\n<meta property=\"og:title\" content=\"Heitedeipakket (grut) &#8211; Af\u00fbk Websjop\" \/>\n<meta property=\"og:description\" content=\"In kadopakket foar de leafste heit fan de wr\u00e2ld! In kadopakket mei d\u00ear yn: &#8211;Wurkmoffen\u00a0 &#8211;Dropkes\u00a0 &#8211;Flessewipper &#8211;In spannend boek (De heit) &#8211;Boekelizzer &nbsp;\" \/>\n<meta property=\"og:url\" content=\"https:\/\/websjop.afuk.frl\/frl\/winkel\/heitedeipakket-grut\/\" \/>\n<meta property=\"og:site_name\" content=\"Af\u00fbk Websjop\" \/>\n<meta property=\"article:modified_time\" content=\"2025-09-11T10:04:35+00:00\" \/>\n<meta property=\"og:image\" content=\"https:\/\/websjop.afuk.frl\/wp-content\/uploads\/2025\/05\/heitedei-pakket-grut-1-scaled.jpg\" \/>\n\t<meta property=\"og:image:width\" content=\"2048\" \/>\n\t<meta property=\"og:image:height\" content=\"2560\" \/>\n\t<meta property=\"og:image:type\" content=\"image\/jpeg\" \/>\n<meta name=\"twitter:card\" content=\"summary_large_image\" \/>\n<meta name=\"twitter:label1\" content=\"Est. reading time\" \/>\n\t<meta name=\"twitter:data1\" content=\"1 minute\" \/>\n<script type=\"application\/ld+json\" class=\"yoast-schema-graph\">{\"@context\":\"https:\\\/\\\/schema.org\",\"@graph\":[{\"@type\":\"WebPage\",\"@id\":\"https:\\\/\\\/websjop.afuk.frl\\\/frl\\\/winkel\\\/heitedeipakket-grut\\\/\",\"url\":\"https:\\\/\\\/websjop.afuk.frl\\\/frl\\\/winkel\\\/heitedeipakket-grut\\\/\",\"name\":\"Heitedeipakket (grut) &#8211; Af\u00fbk Websjop\",\"isPartOf\":{\"@id\":\"https:\\\/\\\/websjop.afuk.frl\\\/frl\\\/#website\"},\"primaryImageOfPage\":{\"@id\":\"https:\\\/\\\/websjop.afuk.frl\\\/frl\\\/winkel\\\/heitedeipakket-grut\\\/#primaryimage\"},\"image\":{\"@id\":\"https:\\\/\\\/websjop.afuk.frl\\\/frl\\\/winkel\\\/heitedeipakket-grut\\\/#primaryimage\"},\"thumbnailUrl\":\"https:\\\/\\\/websjop.afuk.frl\\\/wp-content\\\/uploads\\\/2025\\\/05\\\/heitedei-pakket-grut-1-scaled.jpg\",\"datePublished\":\"2023-05-22T13:55:25+00:00\",\"dateModified\":\"2025-09-11T10:04:35+00:00\",\"breadcrumb\":{\"@id\":\"https:\\\/\\\/websjop.afuk.frl\\\/frl\\\/winkel\\\/heitedeipakket-grut\\\/#breadcrumb\"},\"inLanguage\":\"fy-NL\",\"potentialAction\":[{\"@type\":\"ReadAction\",\"target\":[\"https:\\\/\\\/websjop.afuk.frl\\\/frl\\\/winkel\\\/heitedeipakket-grut\\\/\"]}]},{\"@type\":\"ImageObject\",\"inLanguage\":\"fy-NL\",\"@id\":\"https:\\\/\\\/websjop.afuk.frl\\\/frl\\\/winkel\\\/heitedeipakket-grut\\\/#primaryimage\",\"url\":\"https:\\\/\\\/websjop.afuk.frl\\\/wp-content\\\/uploads\\\/2025\\\/05\\\/heitedei-pakket-grut-1-scaled.jpg\",\"contentUrl\":\"https:\\\/\\\/websjop.afuk.frl\\\/wp-content\\\/uploads\\\/2025\\\/05\\\/heitedei-pakket-grut-1-scaled.jpg\",\"width\":2048,\"height\":2560},{\"@type\":\"BreadcrumbList\",\"@id\":\"https:\\\/\\\/websjop.afuk.frl\\\/frl\\\/winkel\\\/heitedeipakket-grut\\\/#breadcrumb\",\"itemListElement\":[{\"@type\":\"ListItem\",\"position\":1,\"name\":\"Home\",\"item\":\"https:\\\/\\\/websjop.afuk.frl\\\/frl\\\/\"},{\"@type\":\"ListItem\",\"position\":2,\"name\":\"Winkel\",\"item\":\"https:\\\/\\\/websjop.afuk.frl\\\/nl\\\/winkel\\\/\"},{\"@type\":\"ListItem\",\"position\":3,\"name\":\"Heitedeipakket (grut)\"}]},{\"@type\":\"WebSite\",\"@id\":\"https:\\\/\\\/websjop.afuk.frl\\\/frl\\\/#website\",\"url\":\"https:\\\/\\\/websjop.afuk.frl\\\/frl\\\/\",\"name\":\"Af\u00fbk Websjop\",\"description\":\"\",\"potentialAction\":[{\"@type\":\"SearchAction\",\"target\":{\"@type\":\"EntryPoint\",\"urlTemplate\":\"https:\\\/\\\/websjop.afuk.frl\\\/frl\\\/?s={search_term_string}\"},\"query-input\":{\"@type\":\"PropertyValueSpecification\",\"valueRequired\":true,\"valueName\":\"search_term_string\"}}],\"inLanguage\":\"fy-NL\"}]}<\/script>\n<!-- \/ Yoast SEO plugin. -->","yoast_head_json":{"title":"Heitedeipakket (grut) &#8211; Af\u00fbk Websjop","robots":{"index":"index","follow":"follow","max-snippet":"max-snippet:-1","max-image-preview":"max-image-preview:large","max-video-preview":"max-video-preview:-1"},"canonical":"https:\/\/websjop.afuk.frl\/frl\/winkel\/heitedeipakket-grut\/","og_locale":"fy_NL","og_type":"article","og_title":"Heitedeipakket (grut) &#8211; Af\u00fbk Websjop","og_description":"In kadopakket foar de leafste heit fan de wr\u00e2ld! In kadopakket mei d\u00ear yn: &#8211;Wurkmoffen\u00a0 &#8211;Dropkes\u00a0 &#8211;Flessewipper &#8211;In spannend boek (De heit) &#8211;Boekelizzer &nbsp;","og_url":"https:\/\/websjop.afuk.frl\/frl\/winkel\/heitedeipakket-grut\/","og_site_name":"Af\u00fbk Websjop","article_modified_time":"2025-09-11T10:04:35+00:00","og_image":[{"width":2048,"height":2560,"url":"https:\/\/websjop.afuk.frl\/wp-content\/uploads\/2025\/05\/heitedei-pakket-grut-1-scaled.jpg","type":"image\/jpeg"}],"twitter_card":"summary_large_image","twitter_misc":{"Est. reading time":"1 minute"},"schema":{"@context":"https:\/\/schema.org","@graph":[{"@type":"WebPage","@id":"https:\/\/websjop.afuk.frl\/frl\/winkel\/heitedeipakket-grut\/","url":"https:\/\/websjop.afuk.frl\/frl\/winkel\/heitedeipakket-grut\/","name":"Heitedeipakket (grut) &#8211; Af\u00fbk Websjop","isPartOf":{"@id":"https:\/\/websjop.afuk.frl\/frl\/#website"},"primaryImageOfPage":{"@id":"https:\/\/websjop.afuk.frl\/frl\/winkel\/heitedeipakket-grut\/#primaryimage"},"image":{"@id":"https:\/\/websjop.afuk.frl\/frl\/winkel\/heitedeipakket-grut\/#primaryimage"},"thumbnailUrl":"https:\/\/websjop.afuk.frl\/wp-content\/uploads\/2025\/05\/heitedei-pakket-grut-1-scaled.jpg","datePublished":"2023-05-22T13:55:25+00:00","dateModified":"2025-09-11T10:04:35+00:00","breadcrumb":{"@id":"https:\/\/websjop.afuk.frl\/frl\/winkel\/heitedeipakket-grut\/#breadcrumb"},"inLanguage":"fy-NL","potentialAction":[{"@type":"ReadAction","target":["https:\/\/websjop.afuk.frl\/frl\/winkel\/heitedeipakket-grut\/"]}]},{"@type":"ImageObject","inLanguage":"fy-NL","@id":"https:\/\/websjop.afuk.frl\/frl\/winkel\/heitedeipakket-grut\/#primaryimage","url":"https:\/\/websjop.afuk.frl\/wp-content\/uploads\/2025\/05\/heitedei-pakket-grut-1-scaled.jpg","contentUrl":"https:\/\/websjop.afuk.frl\/wp-content\/uploads\/2025\/05\/heitedei-pakket-grut-1-scaled.jpg","width":2048,"height":2560},{"@type":"BreadcrumbList","@id":"https:\/\/websjop.afuk.frl\/frl\/winkel\/heitedeipakket-grut\/#breadcrumb","itemListElement":[{"@type":"ListItem","position":1,"name":"Home","item":"https:\/\/websjop.afuk.frl\/frl\/"},{"@type":"ListItem","position":2,"name":"Winkel","item":"https:\/\/websjop.afuk.frl\/nl\/winkel\/"},{"@type":"ListItem","position":3,"name":"Heitedeipakket (grut)"}]},{"@type":"WebSite","@id":"https:\/\/websjop.afuk.frl\/frl\/#website","url":"https:\/\/websjop.afuk.frl\/frl\/","name":"Af\u00fbk Websjop","description":"","potentialAction":[{"@type":"SearchAction","target":{"@type":"EntryPoint","urlTemplate":"https:\/\/websjop.afuk.frl\/frl\/?s={search_term_string}"},"query-input":{"@type":"PropertyValueSpecification","valueRequired":true,"valueName":"search_term_string"}}],"inLanguage":"fy-NL"}]}},"_links":{"self":[{"href":"https:\/\/websjop.afuk.frl\/frl\/wp-json\/wp\/v2\/product\/48897","targetHints":{"allow":["GET"]}}],"collection":[{"href":"https:\/\/websjop.afuk.frl\/frl\/wp-json\/wp\/v2\/product"}],"about":[{"href":"https:\/\/websjop.afuk.frl\/frl\/wp-json\/wp\/v2\/types\/product"}],"replies":[{"embeddable":true,"href":"https:\/\/websjop.afuk.frl\/frl\/wp-json\/wp\/v2\/comments?post=48897"}],"wp:featuredmedia":[{"embeddable":true,"href":"https:\/\/websjop.afuk.frl\/frl\/wp-json\/wp\/v2\/media\/48900"}],"wp:attachment":[{"href":"https:\/\/websjop.afuk.frl\/frl\/wp-json\/wp\/v2\/media?parent=48897"}],"wp:term":[{"taxonomy":"product_brand","embeddable":true,"href":"https:\/\/websjop.afuk.frl\/frl\/wp-json\/wp\/v2\/product_brand?post=48897"},{"taxonomy":"product_cat","embeddable":true,"href":"https:\/\/websjop.afuk.frl\/frl\/wp-json\/wp\/v2\/product_cat?post=48897"},{"taxonomy":"product_tag","embeddable":true,"href":"https:\/\/websjop.afuk.frl\/frl\/wp-json\/wp\/v2\/product_tag?post=48897"}],"curies":[{"name":"wp","href":"https:\/\/api.w.org\/{rel}","templated":true}]}}