{"id":44162,"date":"2024-07-19T13:50:54","date_gmt":"2024-07-19T12:50:54","guid":{"rendered":"https:\/\/websjop.afuk.frl\/nl\/?post_type=product&#038;p=44162"},"modified":"2025-02-06T16:32:27","modified_gmt":"2025-02-06T15:32:27","slug":"klassyk-boeket","status":"publish","type":"product","link":"https:\/\/websjop.afuk.frl\/frl\/winkel\/klassyk-boeket\/","title":{"rendered":"Klassyk boeket &#8211; Oersettingen \u00fat it Ald-Gryks en it Latyn"},"content":{"rendered":"<p>Deze bloemlezing vertalingen is in de eerste plaats bedoeld voor de Friestalige gymnasiasten en oud-gymnasiasten; daarom zijn ook de Latijnse teksten afgedrukt.<\/p>\n<p>Het zijn vertalingen van gedichten uit drie perioden: fragmenten van de Griekse dichteres Sapfo om 600 voor Christus heen, Latijnse po\u00ebzie uit de eerste eeuw voor Christus en de eerste eeuw daarna, en de <em>Carmina Burana<\/em> uit de Middeleeuwen. Dat laatste werk mag men gerust ook &#8216;klassiek&#8217; noemen, ook al is de Klassieke Oudheid dan al lang voorbij.<\/p>\n<p>&nbsp;<\/p>\n","protected":false},"excerpt":{"rendered":"<p>Deze bloemlezing vertalingen is in de eerste plaats bedoeld voor de Friestalige gymnasiasten en oud-gymnasiasten; daarom zijn ook de Latijnse teksten afgedrukt. Het zijn vertalingen van gedichten uit drie perioden: fragmenten van de Griekse dichteres Sapfo om 600 voor Christus heen, Latijnse po\u00ebzie uit de eerste eeuw voor Christus en de eerste eeuw daarna, en [&hellip;]<\/p>\n","protected":false},"featured_media":44163,"comment_status":"closed","ping_status":"closed","template":"","meta":{"_acf_changed":false},"product_brand":[],"product_cat":[538,535,1215],"product_tag":[18520,22940,22937,19040,22936,22938,22939,22941],"class_list":{"0":"post-44162","1":"product","2":"type-product","3":"status-publish","4":"has-post-thumbnail","6":"product_cat-dichtbondels","7":"product_cat-fryske-boeken","8":"product_cat-romans-en-literatuer","9":"product_tag-atze-j-keulen","10":"product_tag-carmina-burana","11":"product_tag-klassiek","12":"product_tag-klassyk","13":"product_tag-klassyk-boeket","14":"product_tag-latijn","15":"product_tag-latyn","16":"product_tag-oersettingen","17":"product_shipping_class-brievenbus-verzending","18":"pa_auteur-atze-j-keulen","19":"pa_new-label-1-3","20":"pa_taal-frysk-latyn","21":"pa_uitgever-eigen-behear","23":"first","24":"instock","25":"taxable","26":"shipping-taxable","27":"purchasable","28":"product-type-simple"},"acf":[],"yoast_head":"<!-- This site is optimized with the Yoast SEO plugin v27.2 - https:\/\/yoast.com\/product\/yoast-seo-wordpress\/ -->\n<title>Klassyk boeket - Oersettingen \u00fat it Ald-Gryks en it Latyn &#8211; Af\u00fbk Websjop<\/title>\n<meta name=\"description\" content=\"Klassyk boeket is een bloemlezing vertalingen van de Grykse dichteres Sapfo, Latijnse po\u00ebzie \u00fat de 1e v. Chr. en de Carmina Burana uit de Middeleeuwen.\" \/>\n<meta name=\"robots\" content=\"index, follow, max-snippet:-1, max-image-preview:large, max-video-preview:-1\" \/>\n<link rel=\"canonical\" href=\"https:\/\/websjop.afuk.frl\/frl\/winkel\/klassyk-boeket\/\" \/>\n<meta property=\"og:locale\" content=\"fy_NL\" \/>\n<meta property=\"og:type\" content=\"article\" \/>\n<meta property=\"og:title\" content=\"Klassyk boeket - Oersettingen \u00fat it Ald-Gryks en it Latyn &#8211; Af\u00fbk Websjop\" \/>\n<meta property=\"og:description\" content=\"Klassyk boeket is een bloemlezing vertalingen van de Grykse dichteres Sapfo, Latijnse po\u00ebzie \u00fat de 1e v. Chr. en de Carmina Burana uit de Middeleeuwen.\" \/>\n<meta property=\"og:url\" content=\"https:\/\/websjop.afuk.frl\/frl\/winkel\/klassyk-boeket\/\" \/>\n<meta property=\"og:site_name\" content=\"Af\u00fbk Websjop\" \/>\n<meta property=\"article:modified_time\" content=\"2025-02-06T15:32:27+00:00\" \/>\n<meta property=\"og:image\" content=\"https:\/\/websjop.afuk.frl\/wp-content\/uploads\/2024\/07\/klassyk-boeket.jpg\" \/>\n\t<meta property=\"og:image:width\" content=\"462\" \/>\n\t<meta property=\"og:image:height\" content=\"662\" \/>\n\t<meta property=\"og:image:type\" content=\"image\/jpeg\" \/>\n<meta name=\"twitter:card\" content=\"summary_large_image\" \/>\n<script type=\"application\/ld+json\" class=\"yoast-schema-graph\">{\"@context\":\"https:\/\/schema.org\",\"@graph\":[{\"@type\":\"WebPage\",\"@id\":\"https:\/\/websjop.afuk.frl\/frl\/winkel\/klassyk-boeket\/\",\"url\":\"https:\/\/websjop.afuk.frl\/frl\/winkel\/klassyk-boeket\/\",\"name\":\"Klassyk boeket - Oersettingen \u00fat it Ald-Gryks en it Latyn &#8211; Af\u00fbk Websjop\",\"isPartOf\":{\"@id\":\"https:\/\/websjop.afuk.frl\/frl\/#website\"},\"primaryImageOfPage\":{\"@id\":\"https:\/\/websjop.afuk.frl\/frl\/winkel\/klassyk-boeket\/#primaryimage\"},\"image\":{\"@id\":\"https:\/\/websjop.afuk.frl\/frl\/winkel\/klassyk-boeket\/#primaryimage\"},\"thumbnailUrl\":\"https:\/\/websjop.afuk.frl\/wp-content\/uploads\/2024\/07\/klassyk-boeket.jpg\",\"datePublished\":\"2024-07-19T12:50:54+00:00\",\"dateModified\":\"2025-02-06T15:32:27+00:00\",\"description\":\"Klassyk boeket is een bloemlezing vertalingen van de Grykse dichteres Sapfo, Latijnse po\u00ebzie \u00fat de 1e v. Chr. en de Carmina Burana uit de Middeleeuwen.\",\"breadcrumb\":{\"@id\":\"https:\/\/websjop.afuk.frl\/frl\/winkel\/klassyk-boeket\/#breadcrumb\"},\"inLanguage\":\"fy-NL\",\"potentialAction\":[{\"@type\":\"ReadAction\",\"target\":[\"https:\/\/websjop.afuk.frl\/frl\/winkel\/klassyk-boeket\/\"]}]},{\"@type\":\"ImageObject\",\"inLanguage\":\"fy-NL\",\"@id\":\"https:\/\/websjop.afuk.frl\/frl\/winkel\/klassyk-boeket\/#primaryimage\",\"url\":\"https:\/\/websjop.afuk.frl\/wp-content\/uploads\/2024\/07\/klassyk-boeket.jpg\",\"contentUrl\":\"https:\/\/websjop.afuk.frl\/wp-content\/uploads\/2024\/07\/klassyk-boeket.jpg\",\"width\":462,\"height\":662},{\"@type\":\"BreadcrumbList\",\"@id\":\"https:\/\/websjop.afuk.frl\/frl\/winkel\/klassyk-boeket\/#breadcrumb\",\"itemListElement\":[{\"@type\":\"ListItem\",\"position\":1,\"name\":\"Home\",\"item\":\"https:\/\/websjop.afuk.frl\/frl\/\"},{\"@type\":\"ListItem\",\"position\":2,\"name\":\"Winkel\",\"item\":\"https:\/\/websjop.afuk.frl\/nl\/winkel\/\"},{\"@type\":\"ListItem\",\"position\":3,\"name\":\"Klassyk boeket &#8211; Oersettingen \u00fat it Ald-Gryks en it Latyn\"}]},{\"@type\":\"WebSite\",\"@id\":\"https:\/\/websjop.afuk.frl\/frl\/#website\",\"url\":\"https:\/\/websjop.afuk.frl\/frl\/\",\"name\":\"Af\u00fbk Websjop\",\"description\":\"\",\"potentialAction\":[{\"@type\":\"SearchAction\",\"target\":{\"@type\":\"EntryPoint\",\"urlTemplate\":\"https:\/\/websjop.afuk.frl\/frl\/?s={search_term_string}\"},\"query-input\":{\"@type\":\"PropertyValueSpecification\",\"valueRequired\":true,\"valueName\":\"search_term_string\"}}],\"inLanguage\":\"fy-NL\"}]}<\/script>\n<!-- \/ Yoast SEO plugin. -->","yoast_head_json":{"title":"Klassyk boeket - Oersettingen \u00fat it Ald-Gryks en it Latyn &#8211; Af\u00fbk Websjop","description":"Klassyk boeket is een bloemlezing vertalingen van de Grykse dichteres Sapfo, Latijnse po\u00ebzie \u00fat de 1e v. Chr. en de Carmina Burana uit de Middeleeuwen.","robots":{"index":"index","follow":"follow","max-snippet":"max-snippet:-1","max-image-preview":"max-image-preview:large","max-video-preview":"max-video-preview:-1"},"canonical":"https:\/\/websjop.afuk.frl\/frl\/winkel\/klassyk-boeket\/","og_locale":"fy_NL","og_type":"article","og_title":"Klassyk boeket - Oersettingen \u00fat it Ald-Gryks en it Latyn &#8211; Af\u00fbk Websjop","og_description":"Klassyk boeket is een bloemlezing vertalingen van de Grykse dichteres Sapfo, Latijnse po\u00ebzie \u00fat de 1e v. Chr. en de Carmina Burana uit de Middeleeuwen.","og_url":"https:\/\/websjop.afuk.frl\/frl\/winkel\/klassyk-boeket\/","og_site_name":"Af\u00fbk Websjop","article_modified_time":"2025-02-06T15:32:27+00:00","og_image":[{"width":462,"height":662,"url":"https:\/\/websjop.afuk.frl\/wp-content\/uploads\/2024\/07\/klassyk-boeket.jpg","type":"image\/jpeg"}],"twitter_card":"summary_large_image","schema":{"@context":"https:\/\/schema.org","@graph":[{"@type":"WebPage","@id":"https:\/\/websjop.afuk.frl\/frl\/winkel\/klassyk-boeket\/","url":"https:\/\/websjop.afuk.frl\/frl\/winkel\/klassyk-boeket\/","name":"Klassyk boeket - Oersettingen \u00fat it Ald-Gryks en it Latyn &#8211; Af\u00fbk Websjop","isPartOf":{"@id":"https:\/\/websjop.afuk.frl\/frl\/#website"},"primaryImageOfPage":{"@id":"https:\/\/websjop.afuk.frl\/frl\/winkel\/klassyk-boeket\/#primaryimage"},"image":{"@id":"https:\/\/websjop.afuk.frl\/frl\/winkel\/klassyk-boeket\/#primaryimage"},"thumbnailUrl":"https:\/\/websjop.afuk.frl\/wp-content\/uploads\/2024\/07\/klassyk-boeket.jpg","datePublished":"2024-07-19T12:50:54+00:00","dateModified":"2025-02-06T15:32:27+00:00","description":"Klassyk boeket is een bloemlezing vertalingen van de Grykse dichteres Sapfo, Latijnse po\u00ebzie \u00fat de 1e v. Chr. en de Carmina Burana uit de Middeleeuwen.","breadcrumb":{"@id":"https:\/\/websjop.afuk.frl\/frl\/winkel\/klassyk-boeket\/#breadcrumb"},"inLanguage":"fy-NL","potentialAction":[{"@type":"ReadAction","target":["https:\/\/websjop.afuk.frl\/frl\/winkel\/klassyk-boeket\/"]}]},{"@type":"ImageObject","inLanguage":"fy-NL","@id":"https:\/\/websjop.afuk.frl\/frl\/winkel\/klassyk-boeket\/#primaryimage","url":"https:\/\/websjop.afuk.frl\/wp-content\/uploads\/2024\/07\/klassyk-boeket.jpg","contentUrl":"https:\/\/websjop.afuk.frl\/wp-content\/uploads\/2024\/07\/klassyk-boeket.jpg","width":462,"height":662},{"@type":"BreadcrumbList","@id":"https:\/\/websjop.afuk.frl\/frl\/winkel\/klassyk-boeket\/#breadcrumb","itemListElement":[{"@type":"ListItem","position":1,"name":"Home","item":"https:\/\/websjop.afuk.frl\/frl\/"},{"@type":"ListItem","position":2,"name":"Winkel","item":"https:\/\/websjop.afuk.frl\/nl\/winkel\/"},{"@type":"ListItem","position":3,"name":"Klassyk boeket &#8211; Oersettingen \u00fat it Ald-Gryks en it Latyn"}]},{"@type":"WebSite","@id":"https:\/\/websjop.afuk.frl\/frl\/#website","url":"https:\/\/websjop.afuk.frl\/frl\/","name":"Af\u00fbk Websjop","description":"","potentialAction":[{"@type":"SearchAction","target":{"@type":"EntryPoint","urlTemplate":"https:\/\/websjop.afuk.frl\/frl\/?s={search_term_string}"},"query-input":{"@type":"PropertyValueSpecification","valueRequired":true,"valueName":"search_term_string"}}],"inLanguage":"fy-NL"}]}},"_links":{"self":[{"href":"https:\/\/websjop.afuk.frl\/frl\/wp-json\/wp\/v2\/product\/44162","targetHints":{"allow":["GET"]}}],"collection":[{"href":"https:\/\/websjop.afuk.frl\/frl\/wp-json\/wp\/v2\/product"}],"about":[{"href":"https:\/\/websjop.afuk.frl\/frl\/wp-json\/wp\/v2\/types\/product"}],"replies":[{"embeddable":true,"href":"https:\/\/websjop.afuk.frl\/frl\/wp-json\/wp\/v2\/comments?post=44162"}],"wp:featuredmedia":[{"embeddable":true,"href":"https:\/\/websjop.afuk.frl\/frl\/wp-json\/wp\/v2\/media\/44163"}],"wp:attachment":[{"href":"https:\/\/websjop.afuk.frl\/frl\/wp-json\/wp\/v2\/media?parent=44162"}],"wp:term":[{"taxonomy":"product_brand","embeddable":true,"href":"https:\/\/websjop.afuk.frl\/frl\/wp-json\/wp\/v2\/product_brand?post=44162"},{"taxonomy":"product_cat","embeddable":true,"href":"https:\/\/websjop.afuk.frl\/frl\/wp-json\/wp\/v2\/product_cat?post=44162"},{"taxonomy":"product_tag","embeddable":true,"href":"https:\/\/websjop.afuk.frl\/frl\/wp-json\/wp\/v2\/product_tag?post=44162"}],"curies":[{"name":"wp","href":"https:\/\/api.w.org\/{rel}","templated":true}]}}