{"id":39133,"date":"2023-06-22T08:30:19","date_gmt":"2023-06-22T07:30:19","guid":{"rendered":"https:\/\/websjop.afuk.frl\/nl\/?post_type=product&#038;p=39133"},"modified":"2023-08-01T09:03:36","modified_gmt":"2023-08-01T08:03:36","slug":"de-keunst-as-utwei-biografy-fan-simke-kloosterman-1876-1938","status":"publish","type":"product","link":"https:\/\/websjop.afuk.frl\/frl\/winkel\/de-keunst-as-utwei-biografy-fan-simke-kloosterman-1876-1938\/","title":{"rendered":"De keunst as \u00fatwei &#8211; biografy fan Simke Kloosterman (1876-1938)"},"content":{"rendered":"<p>Wat maakte dat Simke Kloosterman koos voor een bestaan als schrijfster, en dan ook nog in het Fries? Wat veroorzaakte de melancholieke toon, welke ook in het werk van haar vader Jan Ritskes terug te vinden is? En welke rol speelde haar verloving en latere vriendschap met Douwe Kalma?<\/p>\n<p>Philippus Breuker probeert in deze biografie haar verlangens en lotgevallen in leven en werk te ontraadselen. Simke heeft met haar kunst een uitweg uit de ellende van haar jonge jaren gevonden, maar ziekte en twijfel aan de waarde van die kunst hebben haar later het betrekkelijke van haar streven laten voelen. Toch is de Friese literatuur niet zonder haar te denken. Vele boeken van haar hebben nog altijd zijn liefhebbers.<\/p>\n<p>Phillippus Breuker (1939) publiceert over geschiedenis, taal en literatuur van Frysl\u00e2n. Eerder verscheen van zijn hand <em>De Gouden Iuw yn Boazum<\/em> en <em>Frysl\u00e2n yn de Gouden Iuw<\/em>.<\/p>\n<p>&nbsp;<\/p>\n","protected":false},"excerpt":{"rendered":"<p>Wat maakte dat Simke Kloosterman koos voor een bestaan als schrijfster, en dan ook nog in het Fries? Wat veroorzaakte de melancholieke toon, welke ook in het werk van haar vader Jan Ritskes terug te vinden is? En welke rol speelde haar verloving en latere vriendschap met Douwe Kalma? Philippus Breuker probeert in deze biografie [&hellip;]<\/p>\n","protected":false},"featured_media":39134,"comment_status":"closed","ping_status":"closed","template":"","meta":{"_acf_changed":false},"product_brand":[],"product_cat":[1037,535],"product_tag":[5269,5237,21971,6410,9401,21972,21973],"class_list":{"0":"post-39133","1":"product","2":"type-product","3":"status-publish","4":"has-post-thumbnail","6":"product_cat-biografy","7":"product_cat-fryske-boeken","8":"product_tag-biografie","9":"product_tag-biografy","10":"product_tag-de-keunst-as-utwei","11":"product_tag-philippus-breuker","12":"product_tag-simke-kloosterman","13":"product_tag-twijzel","14":"product_tag-twizel","15":"product_shipping_class-pakketpost-verzending","16":"pa_auteur-philippus-breuker","17":"pa_isbn-21969","18":"pa_new-label-1-3","19":"pa_taal-frysk","20":"pa_uitgever-bornmeer","22":"first","23":"instock","24":"taxable","25":"shipping-taxable","26":"purchasable","27":"product-type-simple"},"acf":[],"yoast_head":"<!-- This site is optimized with the Yoast SEO plugin v27.2 - https:\/\/yoast.com\/product\/yoast-seo-wordpress\/ -->\n<title>De keunst as \u00fatwei - biografy fan Simke Kloosterman (1876-1938) &#8211; Af\u00fbk Websjop<\/title>\n<meta name=\"description\" content=\"Philippus Breuker probeert in De keunst as \u00fatwei schrijfster Simke Kloosterman haar verlangens en lotgevallen in leven en werk te ontraadselen.\" \/>\n<meta name=\"robots\" content=\"index, follow, max-snippet:-1, max-image-preview:large, max-video-preview:-1\" \/>\n<link rel=\"canonical\" href=\"https:\/\/websjop.afuk.frl\/frl\/winkel\/de-keunst-as-utwei-biografy-fan-simke-kloosterman-1876-1938\/\" \/>\n<meta property=\"og:locale\" content=\"fy_NL\" \/>\n<meta property=\"og:type\" content=\"article\" \/>\n<meta property=\"og:title\" content=\"De keunst as \u00fatwei - biografy fan Simke Kloosterman (1876-1938) &#8211; Af\u00fbk Websjop\" \/>\n<meta property=\"og:description\" content=\"Philippus Breuker probeert in De keunst as \u00fatwei schrijfster Simke Kloosterman haar verlangens en lotgevallen in leven en werk te ontraadselen.\" \/>\n<meta property=\"og:url\" content=\"https:\/\/websjop.afuk.frl\/frl\/winkel\/de-keunst-as-utwei-biografy-fan-simke-kloosterman-1876-1938\/\" \/>\n<meta property=\"og:site_name\" content=\"Af\u00fbk Websjop\" \/>\n<meta property=\"article:modified_time\" content=\"2023-08-01T08:03:36+00:00\" \/>\n<meta property=\"og:image\" content=\"https:\/\/websjop.afuk.frl\/wp-content\/uploads\/2023\/06\/De-keunst-as-utwei.jpg\" \/>\n\t<meta property=\"og:image:width\" content=\"500\" \/>\n\t<meta property=\"og:image:height\" content=\"768\" \/>\n\t<meta property=\"og:image:type\" content=\"image\/jpeg\" \/>\n<meta name=\"twitter:card\" content=\"summary_large_image\" \/>\n<meta name=\"twitter:label1\" content=\"Est. reading time\" \/>\n\t<meta name=\"twitter:data1\" content=\"1 minute\" \/>\n<script type=\"application\/ld+json\" class=\"yoast-schema-graph\">{\"@context\":\"https:\/\/schema.org\",\"@graph\":[{\"@type\":\"WebPage\",\"@id\":\"https:\/\/websjop.afuk.frl\/frl\/winkel\/de-keunst-as-utwei-biografy-fan-simke-kloosterman-1876-1938\/\",\"url\":\"https:\/\/websjop.afuk.frl\/frl\/winkel\/de-keunst-as-utwei-biografy-fan-simke-kloosterman-1876-1938\/\",\"name\":\"De keunst as \u00fatwei - biografy fan Simke Kloosterman (1876-1938) &#8211; Af\u00fbk Websjop\",\"isPartOf\":{\"@id\":\"https:\/\/websjop.afuk.frl\/frl\/#website\"},\"primaryImageOfPage\":{\"@id\":\"https:\/\/websjop.afuk.frl\/frl\/winkel\/de-keunst-as-utwei-biografy-fan-simke-kloosterman-1876-1938\/#primaryimage\"},\"image\":{\"@id\":\"https:\/\/websjop.afuk.frl\/frl\/winkel\/de-keunst-as-utwei-biografy-fan-simke-kloosterman-1876-1938\/#primaryimage\"},\"thumbnailUrl\":\"https:\/\/websjop.afuk.frl\/wp-content\/uploads\/2023\/06\/De-keunst-as-utwei.jpg\",\"datePublished\":\"2023-06-22T07:30:19+00:00\",\"dateModified\":\"2023-08-01T08:03:36+00:00\",\"description\":\"Philippus Breuker probeert in De keunst as \u00fatwei schrijfster Simke Kloosterman haar verlangens en lotgevallen in leven en werk te ontraadselen.\",\"breadcrumb\":{\"@id\":\"https:\/\/websjop.afuk.frl\/frl\/winkel\/de-keunst-as-utwei-biografy-fan-simke-kloosterman-1876-1938\/#breadcrumb\"},\"inLanguage\":\"fy-NL\",\"potentialAction\":[{\"@type\":\"ReadAction\",\"target\":[\"https:\/\/websjop.afuk.frl\/frl\/winkel\/de-keunst-as-utwei-biografy-fan-simke-kloosterman-1876-1938\/\"]}]},{\"@type\":\"ImageObject\",\"inLanguage\":\"fy-NL\",\"@id\":\"https:\/\/websjop.afuk.frl\/frl\/winkel\/de-keunst-as-utwei-biografy-fan-simke-kloosterman-1876-1938\/#primaryimage\",\"url\":\"https:\/\/websjop.afuk.frl\/wp-content\/uploads\/2023\/06\/De-keunst-as-utwei.jpg\",\"contentUrl\":\"https:\/\/websjop.afuk.frl\/wp-content\/uploads\/2023\/06\/De-keunst-as-utwei.jpg\",\"width\":500,\"height\":768},{\"@type\":\"BreadcrumbList\",\"@id\":\"https:\/\/websjop.afuk.frl\/frl\/winkel\/de-keunst-as-utwei-biografy-fan-simke-kloosterman-1876-1938\/#breadcrumb\",\"itemListElement\":[{\"@type\":\"ListItem\",\"position\":1,\"name\":\"Home\",\"item\":\"https:\/\/websjop.afuk.frl\/frl\/\"},{\"@type\":\"ListItem\",\"position\":2,\"name\":\"Winkel\",\"item\":\"https:\/\/websjop.afuk.frl\/nl\/winkel\/\"},{\"@type\":\"ListItem\",\"position\":3,\"name\":\"De keunst as \u00fatwei &#8211; biografy fan Simke Kloosterman (1876-1938)\"}]},{\"@type\":\"WebSite\",\"@id\":\"https:\/\/websjop.afuk.frl\/frl\/#website\",\"url\":\"https:\/\/websjop.afuk.frl\/frl\/\",\"name\":\"Af\u00fbk Websjop\",\"description\":\"\",\"potentialAction\":[{\"@type\":\"SearchAction\",\"target\":{\"@type\":\"EntryPoint\",\"urlTemplate\":\"https:\/\/websjop.afuk.frl\/frl\/?s={search_term_string}\"},\"query-input\":{\"@type\":\"PropertyValueSpecification\",\"valueRequired\":true,\"valueName\":\"search_term_string\"}}],\"inLanguage\":\"fy-NL\"}]}<\/script>\n<!-- \/ Yoast SEO plugin. -->","yoast_head_json":{"title":"De keunst as \u00fatwei - biografy fan Simke Kloosterman (1876-1938) &#8211; Af\u00fbk Websjop","description":"Philippus Breuker probeert in De keunst as \u00fatwei schrijfster Simke Kloosterman haar verlangens en lotgevallen in leven en werk te ontraadselen.","robots":{"index":"index","follow":"follow","max-snippet":"max-snippet:-1","max-image-preview":"max-image-preview:large","max-video-preview":"max-video-preview:-1"},"canonical":"https:\/\/websjop.afuk.frl\/frl\/winkel\/de-keunst-as-utwei-biografy-fan-simke-kloosterman-1876-1938\/","og_locale":"fy_NL","og_type":"article","og_title":"De keunst as \u00fatwei - biografy fan Simke Kloosterman (1876-1938) &#8211; Af\u00fbk Websjop","og_description":"Philippus Breuker probeert in De keunst as \u00fatwei schrijfster Simke Kloosterman haar verlangens en lotgevallen in leven en werk te ontraadselen.","og_url":"https:\/\/websjop.afuk.frl\/frl\/winkel\/de-keunst-as-utwei-biografy-fan-simke-kloosterman-1876-1938\/","og_site_name":"Af\u00fbk Websjop","article_modified_time":"2023-08-01T08:03:36+00:00","og_image":[{"width":500,"height":768,"url":"https:\/\/websjop.afuk.frl\/wp-content\/uploads\/2023\/06\/De-keunst-as-utwei.jpg","type":"image\/jpeg"}],"twitter_card":"summary_large_image","twitter_misc":{"Est. reading time":"1 minute"},"schema":{"@context":"https:\/\/schema.org","@graph":[{"@type":"WebPage","@id":"https:\/\/websjop.afuk.frl\/frl\/winkel\/de-keunst-as-utwei-biografy-fan-simke-kloosterman-1876-1938\/","url":"https:\/\/websjop.afuk.frl\/frl\/winkel\/de-keunst-as-utwei-biografy-fan-simke-kloosterman-1876-1938\/","name":"De keunst as \u00fatwei - biografy fan Simke Kloosterman (1876-1938) &#8211; Af\u00fbk Websjop","isPartOf":{"@id":"https:\/\/websjop.afuk.frl\/frl\/#website"},"primaryImageOfPage":{"@id":"https:\/\/websjop.afuk.frl\/frl\/winkel\/de-keunst-as-utwei-biografy-fan-simke-kloosterman-1876-1938\/#primaryimage"},"image":{"@id":"https:\/\/websjop.afuk.frl\/frl\/winkel\/de-keunst-as-utwei-biografy-fan-simke-kloosterman-1876-1938\/#primaryimage"},"thumbnailUrl":"https:\/\/websjop.afuk.frl\/wp-content\/uploads\/2023\/06\/De-keunst-as-utwei.jpg","datePublished":"2023-06-22T07:30:19+00:00","dateModified":"2023-08-01T08:03:36+00:00","description":"Philippus Breuker probeert in De keunst as \u00fatwei schrijfster Simke Kloosterman haar verlangens en lotgevallen in leven en werk te ontraadselen.","breadcrumb":{"@id":"https:\/\/websjop.afuk.frl\/frl\/winkel\/de-keunst-as-utwei-biografy-fan-simke-kloosterman-1876-1938\/#breadcrumb"},"inLanguage":"fy-NL","potentialAction":[{"@type":"ReadAction","target":["https:\/\/websjop.afuk.frl\/frl\/winkel\/de-keunst-as-utwei-biografy-fan-simke-kloosterman-1876-1938\/"]}]},{"@type":"ImageObject","inLanguage":"fy-NL","@id":"https:\/\/websjop.afuk.frl\/frl\/winkel\/de-keunst-as-utwei-biografy-fan-simke-kloosterman-1876-1938\/#primaryimage","url":"https:\/\/websjop.afuk.frl\/wp-content\/uploads\/2023\/06\/De-keunst-as-utwei.jpg","contentUrl":"https:\/\/websjop.afuk.frl\/wp-content\/uploads\/2023\/06\/De-keunst-as-utwei.jpg","width":500,"height":768},{"@type":"BreadcrumbList","@id":"https:\/\/websjop.afuk.frl\/frl\/winkel\/de-keunst-as-utwei-biografy-fan-simke-kloosterman-1876-1938\/#breadcrumb","itemListElement":[{"@type":"ListItem","position":1,"name":"Home","item":"https:\/\/websjop.afuk.frl\/frl\/"},{"@type":"ListItem","position":2,"name":"Winkel","item":"https:\/\/websjop.afuk.frl\/nl\/winkel\/"},{"@type":"ListItem","position":3,"name":"De keunst as \u00fatwei &#8211; biografy fan Simke Kloosterman (1876-1938)"}]},{"@type":"WebSite","@id":"https:\/\/websjop.afuk.frl\/frl\/#website","url":"https:\/\/websjop.afuk.frl\/frl\/","name":"Af\u00fbk Websjop","description":"","potentialAction":[{"@type":"SearchAction","target":{"@type":"EntryPoint","urlTemplate":"https:\/\/websjop.afuk.frl\/frl\/?s={search_term_string}"},"query-input":{"@type":"PropertyValueSpecification","valueRequired":true,"valueName":"search_term_string"}}],"inLanguage":"fy-NL"}]}},"_links":{"self":[{"href":"https:\/\/websjop.afuk.frl\/frl\/wp-json\/wp\/v2\/product\/39133","targetHints":{"allow":["GET"]}}],"collection":[{"href":"https:\/\/websjop.afuk.frl\/frl\/wp-json\/wp\/v2\/product"}],"about":[{"href":"https:\/\/websjop.afuk.frl\/frl\/wp-json\/wp\/v2\/types\/product"}],"replies":[{"embeddable":true,"href":"https:\/\/websjop.afuk.frl\/frl\/wp-json\/wp\/v2\/comments?post=39133"}],"wp:featuredmedia":[{"embeddable":true,"href":"https:\/\/websjop.afuk.frl\/frl\/wp-json\/wp\/v2\/media\/39134"}],"wp:attachment":[{"href":"https:\/\/websjop.afuk.frl\/frl\/wp-json\/wp\/v2\/media?parent=39133"}],"wp:term":[{"taxonomy":"product_brand","embeddable":true,"href":"https:\/\/websjop.afuk.frl\/frl\/wp-json\/wp\/v2\/product_brand?post=39133"},{"taxonomy":"product_cat","embeddable":true,"href":"https:\/\/websjop.afuk.frl\/frl\/wp-json\/wp\/v2\/product_cat?post=39133"},{"taxonomy":"product_tag","embeddable":true,"href":"https:\/\/websjop.afuk.frl\/frl\/wp-json\/wp\/v2\/product_tag?post=39133"}],"curies":[{"name":"wp","href":"https:\/\/api.w.org\/{rel}","templated":true}]}}