{"id":34274,"date":"2022-06-17T11:49:22","date_gmt":"2022-06-17T10:49:22","guid":{"rendered":"https:\/\/websjop.afuk.frl\/nl\/?post_type=product&#038;p=34274"},"modified":"2023-11-02T14:45:25","modified_gmt":"2023-11-02T13:45:25","slug":"in-frjemde-fugel-ferhalen","status":"publish","type":"product","link":"https:\/\/websjop.afuk.frl\/frl\/winkel\/in-frjemde-fugel-ferhalen\/","title":{"rendered":"In frjemde f\u00fbgel &#8211; Ferhalen"},"content":{"rendered":"<p>De zeven mannen in <em>In frjemde f\u00fbgel <\/em>zijn vreemde snuiters. Ze leven aan de rand van de maatschappij en zijn gek, maniakaal, obsessief, verlegen, monomaan of autistisch. Vooral op het gebied van intimiteit en relaties wordt het lastig met hen. De schrijver zit de personages dicht op de huid en laat de lezer omzwerven in hun geest.<\/p>\n<p>Kuiper schrijft lenig en zijn taal is speels en beeldrijk. Daarbij steken de plots van zijn verhalen ingenieus in elkaar.<\/p>\n<p>Dichter en beeldend kunstenaar Elmar Kuiper (1969) heeft al een groot aantal po\u00ebziebundels gepubliceerd, zes in het Fries en twee in het Nederlands. Een bloemlezing uit die bundels verscheen in het Duits en binnenkort ook een in het Engels. Met deze verhalenbundel manifesteert hij zich nu ook als prozaschrijver.<\/p>\n","protected":false},"excerpt":{"rendered":"<p>De zeven mannen in In frjemde f\u00fbgel zijn vreemde snuiters. Ze leven aan de rand van de maatschappij en zijn gek, maniakaal, obsessief, verlegen, monomaan of autistisch. Vooral op het gebied van intimiteit en relaties wordt het lastig met hen. De schrijver zit de personages dicht op de huid en laat de lezer omzwerven in [&hellip;]<\/p>\n","protected":false},"featured_media":34275,"comment_status":"closed","ping_status":"closed","template":"","meta":{"_acf_changed":false},"product_brand":[],"product_cat":[1040,535,1215],"product_tag":[17283,5325,20914,20913,20915,6594],"class_list":{"0":"post-34274","1":"product","2":"type-product","3":"status-publish","4":"has-post-thumbnail","6":"product_cat-ferhalebondels","7":"product_cat-fryske-boeken","8":"product_cat-romans-en-literatuer","9":"product_tag-elmar-kuiper","10":"product_tag-ferhalen","11":"product_tag-gekken","12":"product_tag-in-frjemde-fugel","13":"product_tag-maniak","14":"product_tag-verhalen","15":"product_shipping_class-brievenbus-verzending","16":"pa_auteur-elmar-kuiper","17":"pa_isbn-20912","18":"pa_new-label-1-3","19":"pa_taal-frysk","20":"pa_uitgever-hispel","22":"first","23":"instock","24":"taxable","25":"shipping-taxable","26":"purchasable","27":"product-type-simple"},"acf":[],"yoast_head":"<!-- This site is optimized with the Yoast SEO plugin v27.3 - https:\/\/yoast.com\/product\/yoast-seo-wordpress\/ -->\n<title>In frjemde f\u00fbgel - Ferhalen &#8211; Af\u00fbk Websjop<\/title>\n<meta name=\"description\" content=\"De 7 mannen in In frjemde f\u00fbgel zijn vreemde snuiters. Ze leven aan de rand van de maatschappij en zijn gek, maniakaal, obsessief, verlegen of autistisch.\" \/>\n<meta name=\"robots\" content=\"index, follow, max-snippet:-1, max-image-preview:large, max-video-preview:-1\" \/>\n<link rel=\"canonical\" href=\"https:\/\/websjop.afuk.frl\/frl\/winkel\/in-frjemde-fugel-ferhalen\/\" \/>\n<meta property=\"og:locale\" content=\"fy_NL\" \/>\n<meta property=\"og:type\" content=\"article\" \/>\n<meta property=\"og:title\" content=\"In frjemde f\u00fbgel - Ferhalen &#8211; Af\u00fbk Websjop\" \/>\n<meta property=\"og:description\" content=\"De 7 mannen in In frjemde f\u00fbgel zijn vreemde snuiters. Ze leven aan de rand van de maatschappij en zijn gek, maniakaal, obsessief, verlegen of autistisch.\" \/>\n<meta property=\"og:url\" content=\"https:\/\/websjop.afuk.frl\/frl\/winkel\/in-frjemde-fugel-ferhalen\/\" \/>\n<meta property=\"og:site_name\" content=\"Af\u00fbk Websjop\" \/>\n<meta property=\"article:modified_time\" content=\"2023-11-02T13:45:25+00:00\" \/>\n<meta property=\"og:image\" content=\"https:\/\/websjop.afuk.frl\/wp-content\/uploads\/2022\/06\/In-frjemde-fugel623.jpg\" \/>\n\t<meta property=\"og:image:width\" content=\"408\" \/>\n\t<meta property=\"og:image:height\" content=\"557\" \/>\n\t<meta property=\"og:image:type\" content=\"image\/jpeg\" \/>\n<meta name=\"twitter:card\" content=\"summary_large_image\" \/>\n<meta name=\"twitter:label1\" content=\"Est. reading time\" \/>\n\t<meta name=\"twitter:data1\" content=\"1 minute\" \/>\n<script type=\"application\/ld+json\" class=\"yoast-schema-graph\">{\"@context\":\"https:\\\/\\\/schema.org\",\"@graph\":[{\"@type\":\"WebPage\",\"@id\":\"https:\\\/\\\/websjop.afuk.frl\\\/frl\\\/winkel\\\/in-frjemde-fugel-ferhalen\\\/\",\"url\":\"https:\\\/\\\/websjop.afuk.frl\\\/frl\\\/winkel\\\/in-frjemde-fugel-ferhalen\\\/\",\"name\":\"In frjemde f\u00fbgel - Ferhalen &#8211; Af\u00fbk Websjop\",\"isPartOf\":{\"@id\":\"https:\\\/\\\/websjop.afuk.frl\\\/frl\\\/#website\"},\"primaryImageOfPage\":{\"@id\":\"https:\\\/\\\/websjop.afuk.frl\\\/frl\\\/winkel\\\/in-frjemde-fugel-ferhalen\\\/#primaryimage\"},\"image\":{\"@id\":\"https:\\\/\\\/websjop.afuk.frl\\\/frl\\\/winkel\\\/in-frjemde-fugel-ferhalen\\\/#primaryimage\"},\"thumbnailUrl\":\"https:\\\/\\\/websjop.afuk.frl\\\/wp-content\\\/uploads\\\/2022\\\/06\\\/In-frjemde-fugel623.jpg\",\"datePublished\":\"2022-06-17T10:49:22+00:00\",\"dateModified\":\"2023-11-02T13:45:25+00:00\",\"description\":\"De 7 mannen in In frjemde f\u00fbgel zijn vreemde snuiters. Ze leven aan de rand van de maatschappij en zijn gek, maniakaal, obsessief, verlegen of autistisch.\",\"breadcrumb\":{\"@id\":\"https:\\\/\\\/websjop.afuk.frl\\\/frl\\\/winkel\\\/in-frjemde-fugel-ferhalen\\\/#breadcrumb\"},\"inLanguage\":\"fy-NL\",\"potentialAction\":[{\"@type\":\"ReadAction\",\"target\":[\"https:\\\/\\\/websjop.afuk.frl\\\/frl\\\/winkel\\\/in-frjemde-fugel-ferhalen\\\/\"]}]},{\"@type\":\"ImageObject\",\"inLanguage\":\"fy-NL\",\"@id\":\"https:\\\/\\\/websjop.afuk.frl\\\/frl\\\/winkel\\\/in-frjemde-fugel-ferhalen\\\/#primaryimage\",\"url\":\"https:\\\/\\\/websjop.afuk.frl\\\/wp-content\\\/uploads\\\/2022\\\/06\\\/In-frjemde-fugel623.jpg\",\"contentUrl\":\"https:\\\/\\\/websjop.afuk.frl\\\/wp-content\\\/uploads\\\/2022\\\/06\\\/In-frjemde-fugel623.jpg\",\"width\":408,\"height\":557,\"caption\":\"In frjemde f\u00fbgel\"},{\"@type\":\"BreadcrumbList\",\"@id\":\"https:\\\/\\\/websjop.afuk.frl\\\/frl\\\/winkel\\\/in-frjemde-fugel-ferhalen\\\/#breadcrumb\",\"itemListElement\":[{\"@type\":\"ListItem\",\"position\":1,\"name\":\"Home\",\"item\":\"https:\\\/\\\/websjop.afuk.frl\\\/frl\\\/\"},{\"@type\":\"ListItem\",\"position\":2,\"name\":\"Winkel\",\"item\":\"https:\\\/\\\/websjop.afuk.frl\\\/nl\\\/winkel\\\/\"},{\"@type\":\"ListItem\",\"position\":3,\"name\":\"In frjemde f\u00fbgel &#8211; Ferhalen\"}]},{\"@type\":\"WebSite\",\"@id\":\"https:\\\/\\\/websjop.afuk.frl\\\/frl\\\/#website\",\"url\":\"https:\\\/\\\/websjop.afuk.frl\\\/frl\\\/\",\"name\":\"Af\u00fbk Websjop\",\"description\":\"\",\"potentialAction\":[{\"@type\":\"SearchAction\",\"target\":{\"@type\":\"EntryPoint\",\"urlTemplate\":\"https:\\\/\\\/websjop.afuk.frl\\\/frl\\\/?s={search_term_string}\"},\"query-input\":{\"@type\":\"PropertyValueSpecification\",\"valueRequired\":true,\"valueName\":\"search_term_string\"}}],\"inLanguage\":\"fy-NL\"}]}<\/script>\n<!-- \/ Yoast SEO plugin. -->","yoast_head_json":{"title":"In frjemde f\u00fbgel - Ferhalen &#8211; Af\u00fbk Websjop","description":"De 7 mannen in In frjemde f\u00fbgel zijn vreemde snuiters. Ze leven aan de rand van de maatschappij en zijn gek, maniakaal, obsessief, verlegen of autistisch.","robots":{"index":"index","follow":"follow","max-snippet":"max-snippet:-1","max-image-preview":"max-image-preview:large","max-video-preview":"max-video-preview:-1"},"canonical":"https:\/\/websjop.afuk.frl\/frl\/winkel\/in-frjemde-fugel-ferhalen\/","og_locale":"fy_NL","og_type":"article","og_title":"In frjemde f\u00fbgel - Ferhalen &#8211; Af\u00fbk Websjop","og_description":"De 7 mannen in In frjemde f\u00fbgel zijn vreemde snuiters. Ze leven aan de rand van de maatschappij en zijn gek, maniakaal, obsessief, verlegen of autistisch.","og_url":"https:\/\/websjop.afuk.frl\/frl\/winkel\/in-frjemde-fugel-ferhalen\/","og_site_name":"Af\u00fbk Websjop","article_modified_time":"2023-11-02T13:45:25+00:00","og_image":[{"width":408,"height":557,"url":"https:\/\/websjop.afuk.frl\/wp-content\/uploads\/2022\/06\/In-frjemde-fugel623.jpg","type":"image\/jpeg"}],"twitter_card":"summary_large_image","twitter_misc":{"Est. reading time":"1 minute"},"schema":{"@context":"https:\/\/schema.org","@graph":[{"@type":"WebPage","@id":"https:\/\/websjop.afuk.frl\/frl\/winkel\/in-frjemde-fugel-ferhalen\/","url":"https:\/\/websjop.afuk.frl\/frl\/winkel\/in-frjemde-fugel-ferhalen\/","name":"In frjemde f\u00fbgel - Ferhalen &#8211; Af\u00fbk Websjop","isPartOf":{"@id":"https:\/\/websjop.afuk.frl\/frl\/#website"},"primaryImageOfPage":{"@id":"https:\/\/websjop.afuk.frl\/frl\/winkel\/in-frjemde-fugel-ferhalen\/#primaryimage"},"image":{"@id":"https:\/\/websjop.afuk.frl\/frl\/winkel\/in-frjemde-fugel-ferhalen\/#primaryimage"},"thumbnailUrl":"https:\/\/websjop.afuk.frl\/wp-content\/uploads\/2022\/06\/In-frjemde-fugel623.jpg","datePublished":"2022-06-17T10:49:22+00:00","dateModified":"2023-11-02T13:45:25+00:00","description":"De 7 mannen in In frjemde f\u00fbgel zijn vreemde snuiters. Ze leven aan de rand van de maatschappij en zijn gek, maniakaal, obsessief, verlegen of autistisch.","breadcrumb":{"@id":"https:\/\/websjop.afuk.frl\/frl\/winkel\/in-frjemde-fugel-ferhalen\/#breadcrumb"},"inLanguage":"fy-NL","potentialAction":[{"@type":"ReadAction","target":["https:\/\/websjop.afuk.frl\/frl\/winkel\/in-frjemde-fugel-ferhalen\/"]}]},{"@type":"ImageObject","inLanguage":"fy-NL","@id":"https:\/\/websjop.afuk.frl\/frl\/winkel\/in-frjemde-fugel-ferhalen\/#primaryimage","url":"https:\/\/websjop.afuk.frl\/wp-content\/uploads\/2022\/06\/In-frjemde-fugel623.jpg","contentUrl":"https:\/\/websjop.afuk.frl\/wp-content\/uploads\/2022\/06\/In-frjemde-fugel623.jpg","width":408,"height":557,"caption":"In frjemde f\u00fbgel"},{"@type":"BreadcrumbList","@id":"https:\/\/websjop.afuk.frl\/frl\/winkel\/in-frjemde-fugel-ferhalen\/#breadcrumb","itemListElement":[{"@type":"ListItem","position":1,"name":"Home","item":"https:\/\/websjop.afuk.frl\/frl\/"},{"@type":"ListItem","position":2,"name":"Winkel","item":"https:\/\/websjop.afuk.frl\/nl\/winkel\/"},{"@type":"ListItem","position":3,"name":"In frjemde f\u00fbgel &#8211; Ferhalen"}]},{"@type":"WebSite","@id":"https:\/\/websjop.afuk.frl\/frl\/#website","url":"https:\/\/websjop.afuk.frl\/frl\/","name":"Af\u00fbk Websjop","description":"","potentialAction":[{"@type":"SearchAction","target":{"@type":"EntryPoint","urlTemplate":"https:\/\/websjop.afuk.frl\/frl\/?s={search_term_string}"},"query-input":{"@type":"PropertyValueSpecification","valueRequired":true,"valueName":"search_term_string"}}],"inLanguage":"fy-NL"}]}},"_links":{"self":[{"href":"https:\/\/websjop.afuk.frl\/frl\/wp-json\/wp\/v2\/product\/34274","targetHints":{"allow":["GET"]}}],"collection":[{"href":"https:\/\/websjop.afuk.frl\/frl\/wp-json\/wp\/v2\/product"}],"about":[{"href":"https:\/\/websjop.afuk.frl\/frl\/wp-json\/wp\/v2\/types\/product"}],"replies":[{"embeddable":true,"href":"https:\/\/websjop.afuk.frl\/frl\/wp-json\/wp\/v2\/comments?post=34274"}],"wp:featuredmedia":[{"embeddable":true,"href":"https:\/\/websjop.afuk.frl\/frl\/wp-json\/wp\/v2\/media\/34275"}],"wp:attachment":[{"href":"https:\/\/websjop.afuk.frl\/frl\/wp-json\/wp\/v2\/media?parent=34274"}],"wp:term":[{"taxonomy":"product_brand","embeddable":true,"href":"https:\/\/websjop.afuk.frl\/frl\/wp-json\/wp\/v2\/product_brand?post=34274"},{"taxonomy":"product_cat","embeddable":true,"href":"https:\/\/websjop.afuk.frl\/frl\/wp-json\/wp\/v2\/product_cat?post=34274"},{"taxonomy":"product_tag","embeddable":true,"href":"https:\/\/websjop.afuk.frl\/frl\/wp-json\/wp\/v2\/product_tag?post=34274"}],"curies":[{"name":"wp","href":"https:\/\/api.w.org\/{rel}","templated":true}]}}