{"id":32443,"date":"2022-02-13T16:05:20","date_gmt":"2022-02-13T15:05:20","guid":{"rendered":"https:\/\/websjop.afuk.frl\/nl\/winkel\/it-aldermoaiste-dinoboek-2\/"},"modified":"2026-04-14T15:11:50","modified_gmt":"2026-04-14T13:11:50","slug":"it-aldermoaiste-dinoboek-2","status":"publish","type":"product","link":"https:\/\/websjop.afuk.frl\/frl\/winkel\/it-aldermoaiste-dinoboek-2\/","title":{"rendered":"It aldermoaiste Dinoboek"},"content":{"rendered":"<p><em>Friestalig kartonboek met geluiden en flapjes over dinosaurussen<\/em><\/p>\n<p>W\u00ear sitte de lytse (en de grutte) dino\u2019s?<\/p>\n<p>Watfoar dino is it en wat yt er?<\/p>\n<p>Do hearst allegear spannende l\u00fbden en wat soe der achter de flapkes sitte?<\/p>\n<p>\u2014\u2014\u2014\u2014\u2014\u2013<\/p>\n<p>Froukje Berber: <em>&#8220;Nick fynt it moai om alles te tellen. Fan de teannen fan de Edmontonia oant de hoarnen fan de Triceratops. De l\u00fbden fine se beide fantastysk. \u2018Ssst mem, de dinosaurus leit te koesen!\u2019 Doe\u2019t ik de j\u00fbns noch efkes by Nick seach, lei hy mei it boek te koesen. Dus ik kin wol sizze: \u2018It beste dinoboek oait!\u2019&#8221; <a href=\"https:\/\/heitenmem.nl\/artikel\/17318\/boekresinsje-fan-froukje-berber-it-aldermoaiste-dinoboek\/\" target=\"_blank\" rel=\"noopener noreferrer\">L\u00eas hjir Froukje Berber har hiele resinsje oer dit boek.<\/a><\/em><\/p>\n<p>Sita:<em> &#8220;Wat \u00fas \u00e2ldste noch wol it aldermoaiste oan dit \u2018beste dinoboek oait\u2019 fynt, binne de gel\u00fbden dy\u2019t reagearje op ljocht. Dit boek kinst dus it b\u00easte by deiljocht l\u00eaze. Of mei in b\u00fbslampe derby fansels, dat makket it ekstra spannend!&#8221; <a href=\"https:\/\/heitenmem.nl\/artikel\/17403\/resinsje-fan-sita-it-aldermoaiste-dinoboek\/\" target=\"_blank\" rel=\"noopener noreferrer\">L\u00eas hjir Sita har hiele resinsje oer dit boek.<\/a><\/em><\/p>\n","protected":false},"excerpt":{"rendered":"<p>It aldermoaiste Dinoboek<\/p>\n<p>Kartonboek mei l\u00fbden en in hiel soad flapkes!<\/p>\n","protected":false},"featured_media":11908,"comment_status":"closed","ping_status":"closed","template":"","meta":{"_acf_changed":false},"product_brand":[],"product_cat":[22142],"product_tag":[13633,13634,5356,5357,20110],"class_list":{"0":"post-32443","1":"product","2":"type-product","3":"status-publish","4":"has-post-thumbnail","6":"product_cat-geen-categorie","7":"product_tag-dino","8":"product_tag-dinos","9":"product_tag-dinoboek","10":"product_tag-it-aldermoaiste-dinoboek","11":"product_tag-taalplan-websjop","12":"pa_auteur-dawn-sirett-2","13":"pa_isbn-978-94-92176-91-2","14":"pa_taal-frysk","15":"pa_uitgever-afuk","17":"first","18":"instock","19":"taxable","20":"shipping-taxable","21":"purchasable","22":"product-type-simple"},"acf":[],"yoast_head":"<!-- This site is optimized with the Yoast SEO plugin v27.3 - https:\/\/yoast.com\/product\/yoast-seo-wordpress\/ -->\n<title>It aldermoaiste Dinoboek &#8211; Af\u00fbk Websjop<\/title>\n<meta name=\"robots\" content=\"index, follow, max-snippet:-1, max-image-preview:large, max-video-preview:-1\" \/>\n<link rel=\"canonical\" href=\"https:\/\/websjop.afuk.frl\/frl\/winkel\/it-aldermoaiste-dinoboek-2\/\" \/>\n<meta property=\"og:locale\" content=\"fy_NL\" \/>\n<meta property=\"og:type\" content=\"article\" \/>\n<meta property=\"og:title\" content=\"It aldermoaiste Dinoboek &#8211; Af\u00fbk Websjop\" \/>\n<meta property=\"og:description\" content=\"It aldermoaiste Dinoboek Kartonboek mei l\u00fbden en in hiel soad flapkes!\" \/>\n<meta property=\"og:url\" content=\"https:\/\/websjop.afuk.frl\/frl\/winkel\/it-aldermoaiste-dinoboek-2\/\" \/>\n<meta property=\"og:site_name\" content=\"Af\u00fbk Websjop\" \/>\n<meta property=\"article:modified_time\" content=\"2026-04-14T13:11:50+00:00\" \/>\n<meta property=\"og:image\" content=\"https:\/\/websjop.afuk.frl\/wp-content\/uploads\/2019\/01\/It-aldermoaiste-dinoboek-web-1.jpg\" \/>\n\t<meta property=\"og:image:width\" content=\"700\" \/>\n\t<meta property=\"og:image:height\" content=\"723\" \/>\n\t<meta property=\"og:image:type\" content=\"image\/jpeg\" \/>\n<meta name=\"twitter:card\" content=\"summary_large_image\" \/>\n<meta name=\"twitter:label1\" content=\"Est. reading time\" \/>\n\t<meta name=\"twitter:data1\" content=\"1 minute\" \/>\n<script type=\"application\/ld+json\" class=\"yoast-schema-graph\">{\"@context\":\"https:\\\/\\\/schema.org\",\"@graph\":[{\"@type\":\"WebPage\",\"@id\":\"https:\\\/\\\/websjop.afuk.frl\\\/frl\\\/winkel\\\/it-aldermoaiste-dinoboek-2\\\/\",\"url\":\"https:\\\/\\\/websjop.afuk.frl\\\/frl\\\/winkel\\\/it-aldermoaiste-dinoboek-2\\\/\",\"name\":\"It aldermoaiste Dinoboek &#8211; Af\u00fbk Websjop\",\"isPartOf\":{\"@id\":\"https:\\\/\\\/websjop.afuk.frl\\\/frl\\\/#website\"},\"primaryImageOfPage\":{\"@id\":\"https:\\\/\\\/websjop.afuk.frl\\\/frl\\\/winkel\\\/it-aldermoaiste-dinoboek-2\\\/#primaryimage\"},\"image\":{\"@id\":\"https:\\\/\\\/websjop.afuk.frl\\\/frl\\\/winkel\\\/it-aldermoaiste-dinoboek-2\\\/#primaryimage\"},\"thumbnailUrl\":\"https:\\\/\\\/websjop.afuk.frl\\\/wp-content\\\/uploads\\\/2019\\\/01\\\/It-aldermoaiste-dinoboek-web-1.jpg\",\"datePublished\":\"2022-02-13T15:05:20+00:00\",\"dateModified\":\"2026-04-14T13:11:50+00:00\",\"breadcrumb\":{\"@id\":\"https:\\\/\\\/websjop.afuk.frl\\\/frl\\\/winkel\\\/it-aldermoaiste-dinoboek-2\\\/#breadcrumb\"},\"inLanguage\":\"fy-NL\",\"potentialAction\":[{\"@type\":\"ReadAction\",\"target\":[\"https:\\\/\\\/websjop.afuk.frl\\\/frl\\\/winkel\\\/it-aldermoaiste-dinoboek-2\\\/\"]}]},{\"@type\":\"ImageObject\",\"inLanguage\":\"fy-NL\",\"@id\":\"https:\\\/\\\/websjop.afuk.frl\\\/frl\\\/winkel\\\/it-aldermoaiste-dinoboek-2\\\/#primaryimage\",\"url\":\"https:\\\/\\\/websjop.afuk.frl\\\/wp-content\\\/uploads\\\/2019\\\/01\\\/It-aldermoaiste-dinoboek-web-1.jpg\",\"contentUrl\":\"https:\\\/\\\/websjop.afuk.frl\\\/wp-content\\\/uploads\\\/2019\\\/01\\\/It-aldermoaiste-dinoboek-web-1.jpg\",\"width\":700,\"height\":723,\"caption\":\"InDesign PDF Preset: Penguin_PDF_Jackets_Coated39\"},{\"@type\":\"BreadcrumbList\",\"@id\":\"https:\\\/\\\/websjop.afuk.frl\\\/frl\\\/winkel\\\/it-aldermoaiste-dinoboek-2\\\/#breadcrumb\",\"itemListElement\":[{\"@type\":\"ListItem\",\"position\":1,\"name\":\"Home\",\"item\":\"https:\\\/\\\/websjop.afuk.frl\\\/frl\\\/\"},{\"@type\":\"ListItem\",\"position\":2,\"name\":\"Winkel\",\"item\":\"https:\\\/\\\/websjop.afuk.frl\\\/nl\\\/winkel\\\/\"},{\"@type\":\"ListItem\",\"position\":3,\"name\":\"It aldermoaiste Dinoboek\"}]},{\"@type\":\"WebSite\",\"@id\":\"https:\\\/\\\/websjop.afuk.frl\\\/frl\\\/#website\",\"url\":\"https:\\\/\\\/websjop.afuk.frl\\\/frl\\\/\",\"name\":\"Af\u00fbk Websjop\",\"description\":\"\",\"potentialAction\":[{\"@type\":\"SearchAction\",\"target\":{\"@type\":\"EntryPoint\",\"urlTemplate\":\"https:\\\/\\\/websjop.afuk.frl\\\/frl\\\/?s={search_term_string}\"},\"query-input\":{\"@type\":\"PropertyValueSpecification\",\"valueRequired\":true,\"valueName\":\"search_term_string\"}}],\"inLanguage\":\"fy-NL\"}]}<\/script>\n<!-- \/ Yoast SEO plugin. -->","yoast_head_json":{"title":"It aldermoaiste Dinoboek &#8211; Af\u00fbk Websjop","robots":{"index":"index","follow":"follow","max-snippet":"max-snippet:-1","max-image-preview":"max-image-preview:large","max-video-preview":"max-video-preview:-1"},"canonical":"https:\/\/websjop.afuk.frl\/frl\/winkel\/it-aldermoaiste-dinoboek-2\/","og_locale":"fy_NL","og_type":"article","og_title":"It aldermoaiste Dinoboek &#8211; Af\u00fbk Websjop","og_description":"It aldermoaiste Dinoboek Kartonboek mei l\u00fbden en in hiel soad flapkes!","og_url":"https:\/\/websjop.afuk.frl\/frl\/winkel\/it-aldermoaiste-dinoboek-2\/","og_site_name":"Af\u00fbk Websjop","article_modified_time":"2026-04-14T13:11:50+00:00","og_image":[{"width":700,"height":723,"url":"https:\/\/websjop.afuk.frl\/wp-content\/uploads\/2019\/01\/It-aldermoaiste-dinoboek-web-1.jpg","type":"image\/jpeg"}],"twitter_card":"summary_large_image","twitter_misc":{"Est. reading time":"1 minute"},"schema":{"@context":"https:\/\/schema.org","@graph":[{"@type":"WebPage","@id":"https:\/\/websjop.afuk.frl\/frl\/winkel\/it-aldermoaiste-dinoboek-2\/","url":"https:\/\/websjop.afuk.frl\/frl\/winkel\/it-aldermoaiste-dinoboek-2\/","name":"It aldermoaiste Dinoboek &#8211; Af\u00fbk Websjop","isPartOf":{"@id":"https:\/\/websjop.afuk.frl\/frl\/#website"},"primaryImageOfPage":{"@id":"https:\/\/websjop.afuk.frl\/frl\/winkel\/it-aldermoaiste-dinoboek-2\/#primaryimage"},"image":{"@id":"https:\/\/websjop.afuk.frl\/frl\/winkel\/it-aldermoaiste-dinoboek-2\/#primaryimage"},"thumbnailUrl":"https:\/\/websjop.afuk.frl\/wp-content\/uploads\/2019\/01\/It-aldermoaiste-dinoboek-web-1.jpg","datePublished":"2022-02-13T15:05:20+00:00","dateModified":"2026-04-14T13:11:50+00:00","breadcrumb":{"@id":"https:\/\/websjop.afuk.frl\/frl\/winkel\/it-aldermoaiste-dinoboek-2\/#breadcrumb"},"inLanguage":"fy-NL","potentialAction":[{"@type":"ReadAction","target":["https:\/\/websjop.afuk.frl\/frl\/winkel\/it-aldermoaiste-dinoboek-2\/"]}]},{"@type":"ImageObject","inLanguage":"fy-NL","@id":"https:\/\/websjop.afuk.frl\/frl\/winkel\/it-aldermoaiste-dinoboek-2\/#primaryimage","url":"https:\/\/websjop.afuk.frl\/wp-content\/uploads\/2019\/01\/It-aldermoaiste-dinoboek-web-1.jpg","contentUrl":"https:\/\/websjop.afuk.frl\/wp-content\/uploads\/2019\/01\/It-aldermoaiste-dinoboek-web-1.jpg","width":700,"height":723,"caption":"InDesign PDF Preset: Penguin_PDF_Jackets_Coated39"},{"@type":"BreadcrumbList","@id":"https:\/\/websjop.afuk.frl\/frl\/winkel\/it-aldermoaiste-dinoboek-2\/#breadcrumb","itemListElement":[{"@type":"ListItem","position":1,"name":"Home","item":"https:\/\/websjop.afuk.frl\/frl\/"},{"@type":"ListItem","position":2,"name":"Winkel","item":"https:\/\/websjop.afuk.frl\/nl\/winkel\/"},{"@type":"ListItem","position":3,"name":"It aldermoaiste Dinoboek"}]},{"@type":"WebSite","@id":"https:\/\/websjop.afuk.frl\/frl\/#website","url":"https:\/\/websjop.afuk.frl\/frl\/","name":"Af\u00fbk Websjop","description":"","potentialAction":[{"@type":"SearchAction","target":{"@type":"EntryPoint","urlTemplate":"https:\/\/websjop.afuk.frl\/frl\/?s={search_term_string}"},"query-input":{"@type":"PropertyValueSpecification","valueRequired":true,"valueName":"search_term_string"}}],"inLanguage":"fy-NL"}]}},"_links":{"self":[{"href":"https:\/\/websjop.afuk.frl\/frl\/wp-json\/wp\/v2\/product\/32443","targetHints":{"allow":["GET"]}}],"collection":[{"href":"https:\/\/websjop.afuk.frl\/frl\/wp-json\/wp\/v2\/product"}],"about":[{"href":"https:\/\/websjop.afuk.frl\/frl\/wp-json\/wp\/v2\/types\/product"}],"replies":[{"embeddable":true,"href":"https:\/\/websjop.afuk.frl\/frl\/wp-json\/wp\/v2\/comments?post=32443"}],"wp:featuredmedia":[{"embeddable":true,"href":"https:\/\/websjop.afuk.frl\/frl\/wp-json\/wp\/v2\/media\/11908"}],"wp:attachment":[{"href":"https:\/\/websjop.afuk.frl\/frl\/wp-json\/wp\/v2\/media?parent=32443"}],"wp:term":[{"taxonomy":"product_brand","embeddable":true,"href":"https:\/\/websjop.afuk.frl\/frl\/wp-json\/wp\/v2\/product_brand?post=32443"},{"taxonomy":"product_cat","embeddable":true,"href":"https:\/\/websjop.afuk.frl\/frl\/wp-json\/wp\/v2\/product_cat?post=32443"},{"taxonomy":"product_tag","embeddable":true,"href":"https:\/\/websjop.afuk.frl\/frl\/wp-json\/wp\/v2\/product_tag?post=32443"}],"curies":[{"name":"wp","href":"https:\/\/api.w.org\/{rel}","templated":true}]}}