{"id":32416,"date":"2022-02-13T16:05:12","date_gmt":"2022-02-13T15:05:12","guid":{"rendered":"https:\/\/websjop.afuk.frl\/nl\/winkel\/de-grutte-griene-grizel-2\/"},"modified":"2026-04-10T09:36:08","modified_gmt":"2026-04-10T07:36:08","slug":"de-grutte-griene-grizel-2","status":"publish","type":"product","link":"https:\/\/websjop.afuk.frl\/frl\/winkel\/de-grutte-griene-grizel-2\/","title":{"rendered":"De Grutte Griene Grizel (nije printinge ferskynt in maaie)"},"content":{"rendered":"<p>Wanneer konijn naar huis toe gaat, hoort hij een luide stem. De stem komt uit zijn hol weg: \u201cIk ben de GRIEZEL, GROOT EN GROEN en ik ben akelig gemeen!\u201d<\/p>\n<p>Wie zit er in konijn zijn hol?<\/p>\n<p>3+<\/p>\n<hr \/>\n<p><em>Annemarieke: &#8220;J\u00fbns freget Maaike wa\u2019t der no yn it grutte hol sit en hoe\u2019t er der\u00fat sjocht. Dan l\u00eaze wy flechtich fierder en mei-inoar komme wy ta de \u00fbntdekking dat it ferhaal in hiel grappich ein hat. Ik fertel Maaike en Femke dat it bist grapkes \u00fathellet mei alle oare bisten. Maaike begjint hurd te laitsjen en mei-inoar laitsje wy om it ein, w\u00earby\u2019t alle bisten yn it boek ferheard binne oer wa\u2019t de \u201cGrutte Griene Grizel\u201d is.&#8221; <a href=\"https:\/\/heitenmem.nl\/artikel\/21477\/de-grutte-griene-grizel-resinsje-fan-annemarieke\/\" target=\"_blank\" rel=\"noopener\">L\u00eas hjir Annemarieke har folsleine resinsje.<\/a><\/em><\/p>\n<p><em>Simone: &#8220;Fuortendaliks doe\u2019t wy it boek th\u00fas krigen, woene Stijn en Beau it boek l\u00eaze. Sy fine it wol spannend. Watfoar bist soe der yn \u2019t hol fan knyn sitte? Stijn tinkt dat er in lange sturt hat en miskien ek wol in hoarn op \u2019e holle. Beide tinke sy dat er yn elk gefal grutter w\u00eaze moat as in oaljefant, alhoewol?? Hoe soe er dan yn \u2019t kninehol komme kinne? Miskien kin er wol fan foarm feroarje?&#8221; <a href=\"https:\/\/heitenmem.nl\/artikel\/21444\/de-grutte-griene-grizel-resinsje-fan-simone\/\" target=\"_blank\" rel=\"noopener\">L\u00eas hjir Simone har folsleine resinsje.<\/a><\/em><\/p>\n<p><em>Yt: &#8220;Myn soan hat it boek op skoalle krigen. It bliuwt in machtich boek! Wy l\u00eaze it noch in soad, de broerkes fine it ek skitterjend. It moaie is de ferrassing, it blykt in \u00fbndogenske lytse kikkert te w\u00eazen dy&#8217;t de oaren oan it skrikken kriget. De yllustraasjes binne ek hiel moai. In echte oanrieder!&#8221;<\/em><\/p>\n<p><em>Meintje: &#8220;Dit machtige moaie boek hawwe de bern fan Sinteklaas krigen. Eltse kear is&#8217;t wer spannend at de grutte griene griezel \u00fat it hol ropt. Lokkich is hy \u00e9cht net gemien! Op de ein swaaie de bern him \u00fat tegearre mei alle oare bisten.&#8221;<\/em><\/p>\n","protected":false},"excerpt":{"rendered":"<p>Fan de skriuwer fan De Gruffalo en de yllustrator fan Wy geane op bearejacht<\/p>\n<p>Auteur: Julia Donaldson<\/p>\n<p>Yllustrator: Helen Oxenbury<\/p>\n","protected":false},"featured_media":10937,"comment_status":"closed","ping_status":"closed","template":"","meta":{"_acf_changed":false},"product_brand":[],"product_cat":[22484,22142],"product_tag":[5881,6109,6276,5915,18279,18280,5451,20110],"class_list":{"0":"post-32416","1":"product","2":"type-product","3":"status-publish","4":"has-post-thumbnail","6":"product_cat-ferwachte-boeken","7":"product_cat-geen-categorie","8":"product_tag-berneboek","9":"product_tag-bisten","10":"product_tag-de-grutte-griene-grizel","11":"product_tag-ferhaal","12":"product_tag-grizel","13":"product_tag-kikker","14":"product_tag-printeboek","15":"product_tag-taalplan-websjop","16":"product_shipping_class-brievenbus-verzending","17":"pa_auteur-julia-donaldson-2","18":"pa_isbn-2910","19":"pa_taal-frysk","20":"pa_uitgever-afuk","21":"pa_vertaler-quentin-blake","23":"first","24":"instock","25":"taxable","26":"shipping-taxable","27":"purchasable","28":"product-type-simple"},"acf":[],"yoast_head":"<!-- This site is optimized with the Yoast SEO plugin v27.3 - https:\/\/yoast.com\/product\/yoast-seo-wordpress\/ -->\n<title>De Grutte Griene Grizel (nije printinge ferskynt in maaie) &#8211; Af\u00fbk Websjop<\/title>\n<meta name=\"robots\" content=\"index, follow, max-snippet:-1, max-image-preview:large, max-video-preview:-1\" \/>\n<link rel=\"canonical\" href=\"https:\/\/websjop.afuk.frl\/frl\/winkel\/de-grutte-griene-grizel-2\/\" \/>\n<meta property=\"og:locale\" content=\"fy_NL\" \/>\n<meta property=\"og:type\" content=\"article\" \/>\n<meta property=\"og:title\" content=\"De Grutte Griene Grizel (nije printinge ferskynt in maaie) &#8211; Af\u00fbk Websjop\" \/>\n<meta property=\"og:description\" content=\"Fan de skriuwer fan De Gruffalo en de yllustrator fan Wy geane op bearejacht  Auteur: Julia Donaldson  Yllustrator: Helen Oxenbury\" \/>\n<meta property=\"og:url\" content=\"https:\/\/websjop.afuk.frl\/frl\/winkel\/de-grutte-griene-grizel-2\/\" \/>\n<meta property=\"og:site_name\" content=\"Af\u00fbk Websjop\" \/>\n<meta property=\"article:modified_time\" content=\"2026-04-10T07:36:08+00:00\" \/>\n<meta property=\"og:image\" content=\"https:\/\/websjop.afuk.frl\/wp-content\/uploads\/2017\/12\/products-de-grutte-griene-grizel.jpg\" \/>\n\t<meta property=\"og:image:width\" content=\"1181\" \/>\n\t<meta property=\"og:image:height\" content=\"1583\" \/>\n\t<meta property=\"og:image:type\" content=\"image\/jpeg\" \/>\n<meta name=\"twitter:card\" content=\"summary_large_image\" \/>\n<meta name=\"twitter:label1\" content=\"Est. reading time\" \/>\n\t<meta name=\"twitter:data1\" content=\"2 minutes\" \/>\n<script type=\"application\/ld+json\" class=\"yoast-schema-graph\">{\"@context\":\"https:\\\/\\\/schema.org\",\"@graph\":[{\"@type\":\"WebPage\",\"@id\":\"https:\\\/\\\/websjop.afuk.frl\\\/frl\\\/winkel\\\/de-grutte-griene-grizel-2\\\/\",\"url\":\"https:\\\/\\\/websjop.afuk.frl\\\/frl\\\/winkel\\\/de-grutte-griene-grizel-2\\\/\",\"name\":\"De Grutte Griene Grizel (nije printinge ferskynt in maaie) &#8211; Af\u00fbk Websjop\",\"isPartOf\":{\"@id\":\"https:\\\/\\\/websjop.afuk.frl\\\/frl\\\/#website\"},\"primaryImageOfPage\":{\"@id\":\"https:\\\/\\\/websjop.afuk.frl\\\/frl\\\/winkel\\\/de-grutte-griene-grizel-2\\\/#primaryimage\"},\"image\":{\"@id\":\"https:\\\/\\\/websjop.afuk.frl\\\/frl\\\/winkel\\\/de-grutte-griene-grizel-2\\\/#primaryimage\"},\"thumbnailUrl\":\"https:\\\/\\\/websjop.afuk.frl\\\/wp-content\\\/uploads\\\/2017\\\/12\\\/products-de-grutte-griene-grizel.jpg\",\"datePublished\":\"2022-02-13T15:05:12+00:00\",\"dateModified\":\"2026-04-10T07:36:08+00:00\",\"breadcrumb\":{\"@id\":\"https:\\\/\\\/websjop.afuk.frl\\\/frl\\\/winkel\\\/de-grutte-griene-grizel-2\\\/#breadcrumb\"},\"inLanguage\":\"fy-NL\",\"potentialAction\":[{\"@type\":\"ReadAction\",\"target\":[\"https:\\\/\\\/websjop.afuk.frl\\\/frl\\\/winkel\\\/de-grutte-griene-grizel-2\\\/\"]}]},{\"@type\":\"ImageObject\",\"inLanguage\":\"fy-NL\",\"@id\":\"https:\\\/\\\/websjop.afuk.frl\\\/frl\\\/winkel\\\/de-grutte-griene-grizel-2\\\/#primaryimage\",\"url\":\"https:\\\/\\\/websjop.afuk.frl\\\/wp-content\\\/uploads\\\/2017\\\/12\\\/products-de-grutte-griene-grizel.jpg\",\"contentUrl\":\"https:\\\/\\\/websjop.afuk.frl\\\/wp-content\\\/uploads\\\/2017\\\/12\\\/products-de-grutte-griene-grizel.jpg\",\"width\":1181,\"height\":1583,\"caption\":\"De Grutte Griene Grizel\"},{\"@type\":\"BreadcrumbList\",\"@id\":\"https:\\\/\\\/websjop.afuk.frl\\\/frl\\\/winkel\\\/de-grutte-griene-grizel-2\\\/#breadcrumb\",\"itemListElement\":[{\"@type\":\"ListItem\",\"position\":1,\"name\":\"Home\",\"item\":\"https:\\\/\\\/websjop.afuk.frl\\\/frl\\\/\"},{\"@type\":\"ListItem\",\"position\":2,\"name\":\"Winkel\",\"item\":\"https:\\\/\\\/websjop.afuk.frl\\\/nl\\\/winkel\\\/\"},{\"@type\":\"ListItem\",\"position\":3,\"name\":\"De Grutte Griene Grizel (nije printinge ferskynt in maaie)\"}]},{\"@type\":\"WebSite\",\"@id\":\"https:\\\/\\\/websjop.afuk.frl\\\/frl\\\/#website\",\"url\":\"https:\\\/\\\/websjop.afuk.frl\\\/frl\\\/\",\"name\":\"Af\u00fbk Websjop\",\"description\":\"\",\"potentialAction\":[{\"@type\":\"SearchAction\",\"target\":{\"@type\":\"EntryPoint\",\"urlTemplate\":\"https:\\\/\\\/websjop.afuk.frl\\\/frl\\\/?s={search_term_string}\"},\"query-input\":{\"@type\":\"PropertyValueSpecification\",\"valueRequired\":true,\"valueName\":\"search_term_string\"}}],\"inLanguage\":\"fy-NL\"}]}<\/script>\n<!-- \/ Yoast SEO plugin. -->","yoast_head_json":{"title":"De Grutte Griene Grizel (nije printinge ferskynt in maaie) &#8211; Af\u00fbk Websjop","robots":{"index":"index","follow":"follow","max-snippet":"max-snippet:-1","max-image-preview":"max-image-preview:large","max-video-preview":"max-video-preview:-1"},"canonical":"https:\/\/websjop.afuk.frl\/frl\/winkel\/de-grutte-griene-grizel-2\/","og_locale":"fy_NL","og_type":"article","og_title":"De Grutte Griene Grizel (nije printinge ferskynt in maaie) &#8211; Af\u00fbk Websjop","og_description":"Fan de skriuwer fan De Gruffalo en de yllustrator fan Wy geane op bearejacht  Auteur: Julia Donaldson  Yllustrator: Helen Oxenbury","og_url":"https:\/\/websjop.afuk.frl\/frl\/winkel\/de-grutte-griene-grizel-2\/","og_site_name":"Af\u00fbk Websjop","article_modified_time":"2026-04-10T07:36:08+00:00","og_image":[{"width":1181,"height":1583,"url":"https:\/\/websjop.afuk.frl\/wp-content\/uploads\/2017\/12\/products-de-grutte-griene-grizel.jpg","type":"image\/jpeg"}],"twitter_card":"summary_large_image","twitter_misc":{"Est. reading time":"2 minutes"},"schema":{"@context":"https:\/\/schema.org","@graph":[{"@type":"WebPage","@id":"https:\/\/websjop.afuk.frl\/frl\/winkel\/de-grutte-griene-grizel-2\/","url":"https:\/\/websjop.afuk.frl\/frl\/winkel\/de-grutte-griene-grizel-2\/","name":"De Grutte Griene Grizel (nije printinge ferskynt in maaie) &#8211; Af\u00fbk Websjop","isPartOf":{"@id":"https:\/\/websjop.afuk.frl\/frl\/#website"},"primaryImageOfPage":{"@id":"https:\/\/websjop.afuk.frl\/frl\/winkel\/de-grutte-griene-grizel-2\/#primaryimage"},"image":{"@id":"https:\/\/websjop.afuk.frl\/frl\/winkel\/de-grutte-griene-grizel-2\/#primaryimage"},"thumbnailUrl":"https:\/\/websjop.afuk.frl\/wp-content\/uploads\/2017\/12\/products-de-grutte-griene-grizel.jpg","datePublished":"2022-02-13T15:05:12+00:00","dateModified":"2026-04-10T07:36:08+00:00","breadcrumb":{"@id":"https:\/\/websjop.afuk.frl\/frl\/winkel\/de-grutte-griene-grizel-2\/#breadcrumb"},"inLanguage":"fy-NL","potentialAction":[{"@type":"ReadAction","target":["https:\/\/websjop.afuk.frl\/frl\/winkel\/de-grutte-griene-grizel-2\/"]}]},{"@type":"ImageObject","inLanguage":"fy-NL","@id":"https:\/\/websjop.afuk.frl\/frl\/winkel\/de-grutte-griene-grizel-2\/#primaryimage","url":"https:\/\/websjop.afuk.frl\/wp-content\/uploads\/2017\/12\/products-de-grutte-griene-grizel.jpg","contentUrl":"https:\/\/websjop.afuk.frl\/wp-content\/uploads\/2017\/12\/products-de-grutte-griene-grizel.jpg","width":1181,"height":1583,"caption":"De Grutte Griene Grizel"},{"@type":"BreadcrumbList","@id":"https:\/\/websjop.afuk.frl\/frl\/winkel\/de-grutte-griene-grizel-2\/#breadcrumb","itemListElement":[{"@type":"ListItem","position":1,"name":"Home","item":"https:\/\/websjop.afuk.frl\/frl\/"},{"@type":"ListItem","position":2,"name":"Winkel","item":"https:\/\/websjop.afuk.frl\/nl\/winkel\/"},{"@type":"ListItem","position":3,"name":"De Grutte Griene Grizel (nije printinge ferskynt in maaie)"}]},{"@type":"WebSite","@id":"https:\/\/websjop.afuk.frl\/frl\/#website","url":"https:\/\/websjop.afuk.frl\/frl\/","name":"Af\u00fbk Websjop","description":"","potentialAction":[{"@type":"SearchAction","target":{"@type":"EntryPoint","urlTemplate":"https:\/\/websjop.afuk.frl\/frl\/?s={search_term_string}"},"query-input":{"@type":"PropertyValueSpecification","valueRequired":true,"valueName":"search_term_string"}}],"inLanguage":"fy-NL"}]}},"_links":{"self":[{"href":"https:\/\/websjop.afuk.frl\/frl\/wp-json\/wp\/v2\/product\/32416","targetHints":{"allow":["GET"]}}],"collection":[{"href":"https:\/\/websjop.afuk.frl\/frl\/wp-json\/wp\/v2\/product"}],"about":[{"href":"https:\/\/websjop.afuk.frl\/frl\/wp-json\/wp\/v2\/types\/product"}],"replies":[{"embeddable":true,"href":"https:\/\/websjop.afuk.frl\/frl\/wp-json\/wp\/v2\/comments?post=32416"}],"wp:featuredmedia":[{"embeddable":true,"href":"https:\/\/websjop.afuk.frl\/frl\/wp-json\/wp\/v2\/media\/10937"}],"wp:attachment":[{"href":"https:\/\/websjop.afuk.frl\/frl\/wp-json\/wp\/v2\/media?parent=32416"}],"wp:term":[{"taxonomy":"product_brand","embeddable":true,"href":"https:\/\/websjop.afuk.frl\/frl\/wp-json\/wp\/v2\/product_brand?post=32416"},{"taxonomy":"product_cat","embeddable":true,"href":"https:\/\/websjop.afuk.frl\/frl\/wp-json\/wp\/v2\/product_cat?post=32416"},{"taxonomy":"product_tag","embeddable":true,"href":"https:\/\/websjop.afuk.frl\/frl\/wp-json\/wp\/v2\/product_tag?post=32416"}],"curies":[{"name":"wp","href":"https:\/\/api.w.org\/{rel}","templated":true}]}}