{"id":30644,"date":"2020-11-25T20:31:38","date_gmt":"2020-11-25T19:31:38","guid":{"rendered":"https:\/\/websjop.afuk.frl\/nl\/?post_type=product&#038;p=30644"},"modified":"2025-03-06T13:29:52","modified_gmt":"2025-03-06T12:29:52","slug":"we-strupe-derunder","status":"publish","type":"product","link":"https:\/\/websjop.afuk.frl\/frl\/winkel\/we-strupe-derunder\/","title":{"rendered":"We str\u00fbpe der\u00fbnder"},"content":{"rendered":"<ol>\n<li>As by\u2019t hjerst de f\u00fble s\u00fadwesterstoarmen it wetter \u00fat it marregebiet nei de Lege Midden fan Frysl\u00e2n opwaaide en it om Grou, Warten en Earnew\u00e2ld hinne heger en heger kaam, dan waard it ien grutte striid om boppe te bliuwen. It b\u00fbtenwetter r\u00fbn oer de polderdykjes en de binnenkrytsjes drigen fol te rinnen.<\/li>\n<\/ol>\n<p>Gjalt de Groot, fjildman en folksskriuwer, opgroeid yn dat wetterl\u00e2n, skriuwt oer dy striid en oer it libben fan de minsken dy\u2019t d\u00ear fier efter\u00f4f wennen op harren buorkerijen mei legendaryske nammen as Luctor et Emergo, Laban, Cuba, Werklust (18-m\u00ead) en de Koaipleats. En fansels oer Sytze en Maaike. Allegear stee\u00ebn d\u00ear\u2019t men allinne mei de boat komme koe.<\/p>\n<p>Gjalt fertelt yn dizze roman op in meinimmende wize oer it libben fan Jeen en Anne dy\u2019t troch f\u00fbleindich arbeidzjen, moed en striid boer wurde op de Koaipleats. Mar ek oer it libben fan meanders en \u00fbngetiders op de Wyldlannen, de molkfarder as \u00fbnmisbere skeakel mei de bewenne wr\u00e2ld, de breafiskers. Harren hurde striid om in skraal bestean yn dat sompige diel fan Frysl\u00e2n, \u2018De \u00c2lde Feanen\u2019.<\/p>\n","protected":false},"excerpt":{"rendered":"<p>As by\u2019t hjerst de f\u00fble s\u00fadwesterstoarmen it wetter \u00fat it marregebiet nei de Lege Midden fan Frysl\u00e2n opwaaide en it om Grou, Warten en Earnew\u00e2ld hinne heger en heger kaam, dan waard it ien grutte striid om boppe te bliuwen. It b\u00fbtenwetter r\u00fbn oer de polderdykjes en de binnenkrytsjes drigen fol te rinnen. Gjalt de [&hellip;]<\/p>\n","protected":false},"featured_media":30645,"comment_status":"closed","ping_status":"closed","template":"","meta":{"_acf_changed":false},"product_brand":[],"product_cat":[535,1255,1215,9316],"product_tag":[5865,17346],"class_list":{"0":"post-30644","1":"product","2":"type-product","3":"status-publish","4":"has-post-thumbnail","6":"product_cat-fryske-boeken","7":"product_cat-kado-s-foar-de-feestdagen","8":"product_cat-romans-en-literatuer","9":"product_cat-winter","10":"product_tag-gjalt-de-groot","11":"product_tag-we-strupe-derunder","12":"product_shipping_class-brievenbus-verzending","13":"pa_auteur-gjalt-groot","14":"pa_isbn-17345","15":"pa_uitgever-utjouwerij-louise","17":"first","18":"instock","19":"taxable","20":"shipping-taxable","21":"purchasable","22":"product-type-simple"},"acf":[],"yoast_head":"<!-- This site is optimized with the Yoast SEO plugin v27.3 - https:\/\/yoast.com\/product\/yoast-seo-wordpress\/ -->\n<title>We str\u00fbpe der\u00fbnder &#8211; Af\u00fbk Websjop<\/title>\n<meta name=\"robots\" content=\"index, follow, max-snippet:-1, max-image-preview:large, max-video-preview:-1\" \/>\n<link rel=\"canonical\" href=\"https:\/\/websjop.afuk.frl\/frl\/winkel\/we-strupe-derunder\/\" \/>\n<meta property=\"og:locale\" content=\"fy_NL\" \/>\n<meta property=\"og:type\" content=\"article\" \/>\n<meta property=\"og:title\" content=\"We str\u00fbpe der\u00fbnder &#8211; Af\u00fbk Websjop\" \/>\n<meta property=\"og:description\" content=\"As by\u2019t hjerst de f\u00fble s\u00fadwesterstoarmen it wetter \u00fat it marregebiet nei de Lege Midden fan Frysl\u00e2n opwaaide en it om Grou, Warten en Earnew\u00e2ld hinne heger en heger kaam, dan waard it ien grutte striid om boppe te bliuwen. It b\u00fbtenwetter r\u00fbn oer de polderdykjes en de binnenkrytsjes drigen fol te rinnen. Gjalt de [&hellip;]\" \/>\n<meta property=\"og:url\" content=\"https:\/\/websjop.afuk.frl\/frl\/winkel\/we-strupe-derunder\/\" \/>\n<meta property=\"og:site_name\" content=\"Af\u00fbk Websjop\" \/>\n<meta property=\"article:modified_time\" content=\"2025-03-06T12:29:52+00:00\" \/>\n<meta property=\"og:image\" content=\"https:\/\/websjop.afuk.frl\/wp-content\/uploads\/2021\/11\/we-strupe-derunder.jpg\" \/>\n\t<meta property=\"og:image:width\" content=\"390\" \/>\n\t<meta property=\"og:image:height\" content=\"588\" \/>\n\t<meta property=\"og:image:type\" content=\"image\/jpeg\" \/>\n<meta name=\"twitter:card\" content=\"summary_large_image\" \/>\n<meta name=\"twitter:label1\" content=\"Est. reading time\" \/>\n\t<meta name=\"twitter:data1\" content=\"1 minute\" \/>\n<script type=\"application\/ld+json\" class=\"yoast-schema-graph\">{\"@context\":\"https:\\\/\\\/schema.org\",\"@graph\":[{\"@type\":\"WebPage\",\"@id\":\"https:\\\/\\\/websjop.afuk.frl\\\/frl\\\/winkel\\\/we-strupe-derunder\\\/\",\"url\":\"https:\\\/\\\/websjop.afuk.frl\\\/frl\\\/winkel\\\/we-strupe-derunder\\\/\",\"name\":\"We str\u00fbpe der\u00fbnder &#8211; Af\u00fbk Websjop\",\"isPartOf\":{\"@id\":\"https:\\\/\\\/websjop.afuk.frl\\\/frl\\\/#website\"},\"primaryImageOfPage\":{\"@id\":\"https:\\\/\\\/websjop.afuk.frl\\\/frl\\\/winkel\\\/we-strupe-derunder\\\/#primaryimage\"},\"image\":{\"@id\":\"https:\\\/\\\/websjop.afuk.frl\\\/frl\\\/winkel\\\/we-strupe-derunder\\\/#primaryimage\"},\"thumbnailUrl\":\"https:\\\/\\\/websjop.afuk.frl\\\/wp-content\\\/uploads\\\/2021\\\/11\\\/we-strupe-derunder.jpg\",\"datePublished\":\"2020-11-25T19:31:38+00:00\",\"dateModified\":\"2025-03-06T12:29:52+00:00\",\"breadcrumb\":{\"@id\":\"https:\\\/\\\/websjop.afuk.frl\\\/frl\\\/winkel\\\/we-strupe-derunder\\\/#breadcrumb\"},\"inLanguage\":\"fy-NL\",\"potentialAction\":[{\"@type\":\"ReadAction\",\"target\":[\"https:\\\/\\\/websjop.afuk.frl\\\/frl\\\/winkel\\\/we-strupe-derunder\\\/\"]}]},{\"@type\":\"ImageObject\",\"inLanguage\":\"fy-NL\",\"@id\":\"https:\\\/\\\/websjop.afuk.frl\\\/frl\\\/winkel\\\/we-strupe-derunder\\\/#primaryimage\",\"url\":\"https:\\\/\\\/websjop.afuk.frl\\\/wp-content\\\/uploads\\\/2021\\\/11\\\/we-strupe-derunder.jpg\",\"contentUrl\":\"https:\\\/\\\/websjop.afuk.frl\\\/wp-content\\\/uploads\\\/2021\\\/11\\\/we-strupe-derunder.jpg\",\"width\":390,\"height\":588},{\"@type\":\"BreadcrumbList\",\"@id\":\"https:\\\/\\\/websjop.afuk.frl\\\/frl\\\/winkel\\\/we-strupe-derunder\\\/#breadcrumb\",\"itemListElement\":[{\"@type\":\"ListItem\",\"position\":1,\"name\":\"Home\",\"item\":\"https:\\\/\\\/websjop.afuk.frl\\\/frl\\\/\"},{\"@type\":\"ListItem\",\"position\":2,\"name\":\"Winkel\",\"item\":\"https:\\\/\\\/websjop.afuk.frl\\\/nl\\\/winkel\\\/\"},{\"@type\":\"ListItem\",\"position\":3,\"name\":\"We str\u00fbpe der\u00fbnder\"}]},{\"@type\":\"WebSite\",\"@id\":\"https:\\\/\\\/websjop.afuk.frl\\\/frl\\\/#website\",\"url\":\"https:\\\/\\\/websjop.afuk.frl\\\/frl\\\/\",\"name\":\"Af\u00fbk Websjop\",\"description\":\"\",\"potentialAction\":[{\"@type\":\"SearchAction\",\"target\":{\"@type\":\"EntryPoint\",\"urlTemplate\":\"https:\\\/\\\/websjop.afuk.frl\\\/frl\\\/?s={search_term_string}\"},\"query-input\":{\"@type\":\"PropertyValueSpecification\",\"valueRequired\":true,\"valueName\":\"search_term_string\"}}],\"inLanguage\":\"fy-NL\"}]}<\/script>\n<!-- \/ Yoast SEO plugin. -->","yoast_head_json":{"title":"We str\u00fbpe der\u00fbnder &#8211; Af\u00fbk Websjop","robots":{"index":"index","follow":"follow","max-snippet":"max-snippet:-1","max-image-preview":"max-image-preview:large","max-video-preview":"max-video-preview:-1"},"canonical":"https:\/\/websjop.afuk.frl\/frl\/winkel\/we-strupe-derunder\/","og_locale":"fy_NL","og_type":"article","og_title":"We str\u00fbpe der\u00fbnder &#8211; Af\u00fbk Websjop","og_description":"As by\u2019t hjerst de f\u00fble s\u00fadwesterstoarmen it wetter \u00fat it marregebiet nei de Lege Midden fan Frysl\u00e2n opwaaide en it om Grou, Warten en Earnew\u00e2ld hinne heger en heger kaam, dan waard it ien grutte striid om boppe te bliuwen. It b\u00fbtenwetter r\u00fbn oer de polderdykjes en de binnenkrytsjes drigen fol te rinnen. Gjalt de [&hellip;]","og_url":"https:\/\/websjop.afuk.frl\/frl\/winkel\/we-strupe-derunder\/","og_site_name":"Af\u00fbk Websjop","article_modified_time":"2025-03-06T12:29:52+00:00","og_image":[{"width":390,"height":588,"url":"https:\/\/websjop.afuk.frl\/wp-content\/uploads\/2021\/11\/we-strupe-derunder.jpg","type":"image\/jpeg"}],"twitter_card":"summary_large_image","twitter_misc":{"Est. reading time":"1 minute"},"schema":{"@context":"https:\/\/schema.org","@graph":[{"@type":"WebPage","@id":"https:\/\/websjop.afuk.frl\/frl\/winkel\/we-strupe-derunder\/","url":"https:\/\/websjop.afuk.frl\/frl\/winkel\/we-strupe-derunder\/","name":"We str\u00fbpe der\u00fbnder &#8211; Af\u00fbk Websjop","isPartOf":{"@id":"https:\/\/websjop.afuk.frl\/frl\/#website"},"primaryImageOfPage":{"@id":"https:\/\/websjop.afuk.frl\/frl\/winkel\/we-strupe-derunder\/#primaryimage"},"image":{"@id":"https:\/\/websjop.afuk.frl\/frl\/winkel\/we-strupe-derunder\/#primaryimage"},"thumbnailUrl":"https:\/\/websjop.afuk.frl\/wp-content\/uploads\/2021\/11\/we-strupe-derunder.jpg","datePublished":"2020-11-25T19:31:38+00:00","dateModified":"2025-03-06T12:29:52+00:00","breadcrumb":{"@id":"https:\/\/websjop.afuk.frl\/frl\/winkel\/we-strupe-derunder\/#breadcrumb"},"inLanguage":"fy-NL","potentialAction":[{"@type":"ReadAction","target":["https:\/\/websjop.afuk.frl\/frl\/winkel\/we-strupe-derunder\/"]}]},{"@type":"ImageObject","inLanguage":"fy-NL","@id":"https:\/\/websjop.afuk.frl\/frl\/winkel\/we-strupe-derunder\/#primaryimage","url":"https:\/\/websjop.afuk.frl\/wp-content\/uploads\/2021\/11\/we-strupe-derunder.jpg","contentUrl":"https:\/\/websjop.afuk.frl\/wp-content\/uploads\/2021\/11\/we-strupe-derunder.jpg","width":390,"height":588},{"@type":"BreadcrumbList","@id":"https:\/\/websjop.afuk.frl\/frl\/winkel\/we-strupe-derunder\/#breadcrumb","itemListElement":[{"@type":"ListItem","position":1,"name":"Home","item":"https:\/\/websjop.afuk.frl\/frl\/"},{"@type":"ListItem","position":2,"name":"Winkel","item":"https:\/\/websjop.afuk.frl\/nl\/winkel\/"},{"@type":"ListItem","position":3,"name":"We str\u00fbpe der\u00fbnder"}]},{"@type":"WebSite","@id":"https:\/\/websjop.afuk.frl\/frl\/#website","url":"https:\/\/websjop.afuk.frl\/frl\/","name":"Af\u00fbk Websjop","description":"","potentialAction":[{"@type":"SearchAction","target":{"@type":"EntryPoint","urlTemplate":"https:\/\/websjop.afuk.frl\/frl\/?s={search_term_string}"},"query-input":{"@type":"PropertyValueSpecification","valueRequired":true,"valueName":"search_term_string"}}],"inLanguage":"fy-NL"}]}},"_links":{"self":[{"href":"https:\/\/websjop.afuk.frl\/frl\/wp-json\/wp\/v2\/product\/30644","targetHints":{"allow":["GET"]}}],"collection":[{"href":"https:\/\/websjop.afuk.frl\/frl\/wp-json\/wp\/v2\/product"}],"about":[{"href":"https:\/\/websjop.afuk.frl\/frl\/wp-json\/wp\/v2\/types\/product"}],"replies":[{"embeddable":true,"href":"https:\/\/websjop.afuk.frl\/frl\/wp-json\/wp\/v2\/comments?post=30644"}],"wp:featuredmedia":[{"embeddable":true,"href":"https:\/\/websjop.afuk.frl\/frl\/wp-json\/wp\/v2\/media\/30645"}],"wp:attachment":[{"href":"https:\/\/websjop.afuk.frl\/frl\/wp-json\/wp\/v2\/media?parent=30644"}],"wp:term":[{"taxonomy":"product_brand","embeddable":true,"href":"https:\/\/websjop.afuk.frl\/frl\/wp-json\/wp\/v2\/product_brand?post=30644"},{"taxonomy":"product_cat","embeddable":true,"href":"https:\/\/websjop.afuk.frl\/frl\/wp-json\/wp\/v2\/product_cat?post=30644"},{"taxonomy":"product_tag","embeddable":true,"href":"https:\/\/websjop.afuk.frl\/frl\/wp-json\/wp\/v2\/product_tag?post=30644"}],"curies":[{"name":"wp","href":"https:\/\/api.w.org\/{rel}","templated":true}]}}