{"id":28896,"date":"2020-08-14T13:55:09","date_gmt":"2020-08-14T12:55:09","guid":{"rendered":"https:\/\/websjop.afuk.frl\/nl\/?post_type=product&#038;p=28896"},"modified":"2025-10-21T11:13:35","modified_gmt":"2025-10-21T09:13:35","slug":"kreft-fan-it-folk-diel-8-fan-in-fryske-odyssee","status":"publish","type":"product","link":"https:\/\/websjop.afuk.frl\/frl\/winkel\/kreft-fan-it-folk-diel-8-fan-in-fryske-odyssee\/","title":{"rendered":"Kr\u00eaft fan it folk &#8211; Diel 8 fan &#8216;In Fryske Odyssee&#8217;"},"content":{"rendered":"<p><em>Kr\u00eaft fan in folk<\/em> is het achtste boek in de serie van <em>In Fryske Odyssee<\/em>. Daarin is het levensverhaal van Bouke Blomhof opgenomen, boer aan de Fluezen by It Heidenskip. Dit verhaal is onderdeel van een serie verhalen, levensbeschrijvingen, mythische teksten, novellen en romans, die allemaal een relatie hebben met het leven van de hoofdpersoon.<\/p>\n","protected":false},"excerpt":{"rendered":"<p>Kr\u00eaft fan in folk is het achtste boek in de serie van In Fryske Odyssee. Daarin is het levensverhaal van Bouke Blomhof opgenomen, boer aan de Fluezen by It Heidenskip. Dit verhaal is onderdeel van een serie verhalen, levensbeschrijvingen, mythische teksten, novellen en romans, die allemaal een relatie hebben met het leven van de hoofdpersoon.<\/p>\n","protected":false},"featured_media":28897,"comment_status":"closed","ping_status":"closed","template":"","meta":{"_acf_changed":false},"product_brand":[],"product_cat":[535,537,1215,539],"product_tag":[6615,13151,19061,5641,19048,19049,13152],"class_list":{"0":"post-28896","1":"product","2":"type-product","3":"status-publish","4":"has-post-thumbnail","6":"product_cat-fryske-boeken","7":"product_cat-romans","8":"product_cat-romans-en-literatuer","9":"product_cat-skiednis","10":"product_tag-history","11":"product_tag-in-fryske-odyssee","12":"product_tag-kreft-fan-it-folk","13":"product_tag-roman","14":"product_tag-searje","15":"product_tag-serie","16":"product_tag-willem-tjerkstra","17":"product_shipping_class-brievenbus-verzending","18":"pa_auteur-willem-tjerkstra","19":"pa_isbn-19060","20":"pa_taal-frysk","21":"pa_uitgever-aspekt","23":"first","24":"instock","25":"taxable","26":"shipping-taxable","27":"purchasable","28":"product-type-simple"},"acf":[],"yoast_head":"<!-- This site is optimized with the Yoast SEO plugin v27.2 - https:\/\/yoast.com\/product\/yoast-seo-wordpress\/ -->\n<title>Kr\u00eaft fan it folk - Diel 8 fan &#039;In Fryske Odyssee&#039; &#8211; Af\u00fbk Websjop<\/title>\n<meta name=\"description\" content=\"Kr\u00eaft fan in folk is het achtste boek in de serie van In Fryske Odyssee. Met daarin het levensverhaal van Bouke Blomhof, boer in It Heidenskip\" \/>\n<meta name=\"robots\" content=\"index, follow, max-snippet:-1, max-image-preview:large, max-video-preview:-1\" \/>\n<link rel=\"canonical\" href=\"https:\/\/websjop.afuk.frl\/frl\/winkel\/kreft-fan-it-folk-diel-8-fan-in-fryske-odyssee\/\" \/>\n<meta property=\"og:locale\" content=\"fy_NL\" \/>\n<meta property=\"og:type\" content=\"article\" \/>\n<meta property=\"og:title\" content=\"Kr\u00eaft fan it folk - Diel 8 fan &#039;In Fryske Odyssee&#039; &#8211; Af\u00fbk Websjop\" \/>\n<meta property=\"og:description\" content=\"Kr\u00eaft fan in folk is het achtste boek in de serie van In Fryske Odyssee. Met daarin het levensverhaal van Bouke Blomhof, boer in It Heidenskip\" \/>\n<meta property=\"og:url\" content=\"https:\/\/websjop.afuk.frl\/frl\/winkel\/kreft-fan-it-folk-diel-8-fan-in-fryske-odyssee\/\" \/>\n<meta property=\"og:site_name\" content=\"Af\u00fbk Websjop\" \/>\n<meta property=\"article:modified_time\" content=\"2025-10-21T09:13:35+00:00\" \/>\n<meta property=\"og:image\" content=\"https:\/\/websjop.afuk.frl\/wp-content\/uploads\/2021\/08\/Kreft-fan-it-folk433.jpg\" \/>\n\t<meta property=\"og:image:width\" content=\"412\" \/>\n\t<meta property=\"og:image:height\" content=\"639\" \/>\n\t<meta property=\"og:image:type\" content=\"image\/jpeg\" \/>\n<meta name=\"twitter:card\" content=\"summary_large_image\" \/>\n<script type=\"application\/ld+json\" class=\"yoast-schema-graph\">{\"@context\":\"https:\/\/schema.org\",\"@graph\":[{\"@type\":\"WebPage\",\"@id\":\"https:\/\/websjop.afuk.frl\/frl\/winkel\/kreft-fan-it-folk-diel-8-fan-in-fryske-odyssee\/\",\"url\":\"https:\/\/websjop.afuk.frl\/frl\/winkel\/kreft-fan-it-folk-diel-8-fan-in-fryske-odyssee\/\",\"name\":\"Kr\u00eaft fan it folk - Diel 8 fan 'In Fryske Odyssee' &#8211; Af\u00fbk Websjop\",\"isPartOf\":{\"@id\":\"https:\/\/websjop.afuk.frl\/frl\/#website\"},\"primaryImageOfPage\":{\"@id\":\"https:\/\/websjop.afuk.frl\/frl\/winkel\/kreft-fan-it-folk-diel-8-fan-in-fryske-odyssee\/#primaryimage\"},\"image\":{\"@id\":\"https:\/\/websjop.afuk.frl\/frl\/winkel\/kreft-fan-it-folk-diel-8-fan-in-fryske-odyssee\/#primaryimage\"},\"thumbnailUrl\":\"https:\/\/websjop.afuk.frl\/wp-content\/uploads\/2021\/08\/Kreft-fan-it-folk433.jpg\",\"datePublished\":\"2020-08-14T12:55:09+00:00\",\"dateModified\":\"2025-10-21T09:13:35+00:00\",\"description\":\"Kr\u00eaft fan in folk is het achtste boek in de serie van In Fryske Odyssee. Met daarin het levensverhaal van Bouke Blomhof, boer in It Heidenskip\",\"breadcrumb\":{\"@id\":\"https:\/\/websjop.afuk.frl\/frl\/winkel\/kreft-fan-it-folk-diel-8-fan-in-fryske-odyssee\/#breadcrumb\"},\"inLanguage\":\"fy-NL\",\"potentialAction\":[{\"@type\":\"ReadAction\",\"target\":[\"https:\/\/websjop.afuk.frl\/frl\/winkel\/kreft-fan-it-folk-diel-8-fan-in-fryske-odyssee\/\"]}]},{\"@type\":\"ImageObject\",\"inLanguage\":\"fy-NL\",\"@id\":\"https:\/\/websjop.afuk.frl\/frl\/winkel\/kreft-fan-it-folk-diel-8-fan-in-fryske-odyssee\/#primaryimage\",\"url\":\"https:\/\/websjop.afuk.frl\/wp-content\/uploads\/2021\/08\/Kreft-fan-it-folk433.jpg\",\"contentUrl\":\"https:\/\/websjop.afuk.frl\/wp-content\/uploads\/2021\/08\/Kreft-fan-it-folk433.jpg\",\"width\":412,\"height\":639,\"caption\":\"Kr\u00eaft fan it folk\"},{\"@type\":\"BreadcrumbList\",\"@id\":\"https:\/\/websjop.afuk.frl\/frl\/winkel\/kreft-fan-it-folk-diel-8-fan-in-fryske-odyssee\/#breadcrumb\",\"itemListElement\":[{\"@type\":\"ListItem\",\"position\":1,\"name\":\"Home\",\"item\":\"https:\/\/websjop.afuk.frl\/frl\/\"},{\"@type\":\"ListItem\",\"position\":2,\"name\":\"Winkel\",\"item\":\"https:\/\/websjop.afuk.frl\/nl\/winkel\/\"},{\"@type\":\"ListItem\",\"position\":3,\"name\":\"Kr\u00eaft fan it folk &#8211; Diel 8 fan &#8216;In Fryske Odyssee&#8217;\"}]},{\"@type\":\"WebSite\",\"@id\":\"https:\/\/websjop.afuk.frl\/frl\/#website\",\"url\":\"https:\/\/websjop.afuk.frl\/frl\/\",\"name\":\"Af\u00fbk Websjop\",\"description\":\"\",\"potentialAction\":[{\"@type\":\"SearchAction\",\"target\":{\"@type\":\"EntryPoint\",\"urlTemplate\":\"https:\/\/websjop.afuk.frl\/frl\/?s={search_term_string}\"},\"query-input\":{\"@type\":\"PropertyValueSpecification\",\"valueRequired\":true,\"valueName\":\"search_term_string\"}}],\"inLanguage\":\"fy-NL\"}]}<\/script>\n<!-- \/ Yoast SEO plugin. -->","yoast_head_json":{"title":"Kr\u00eaft fan it folk - Diel 8 fan 'In Fryske Odyssee' &#8211; Af\u00fbk Websjop","description":"Kr\u00eaft fan in folk is het achtste boek in de serie van In Fryske Odyssee. Met daarin het levensverhaal van Bouke Blomhof, boer in It Heidenskip","robots":{"index":"index","follow":"follow","max-snippet":"max-snippet:-1","max-image-preview":"max-image-preview:large","max-video-preview":"max-video-preview:-1"},"canonical":"https:\/\/websjop.afuk.frl\/frl\/winkel\/kreft-fan-it-folk-diel-8-fan-in-fryske-odyssee\/","og_locale":"fy_NL","og_type":"article","og_title":"Kr\u00eaft fan it folk - Diel 8 fan 'In Fryske Odyssee' &#8211; Af\u00fbk Websjop","og_description":"Kr\u00eaft fan in folk is het achtste boek in de serie van In Fryske Odyssee. Met daarin het levensverhaal van Bouke Blomhof, boer in It Heidenskip","og_url":"https:\/\/websjop.afuk.frl\/frl\/winkel\/kreft-fan-it-folk-diel-8-fan-in-fryske-odyssee\/","og_site_name":"Af\u00fbk Websjop","article_modified_time":"2025-10-21T09:13:35+00:00","og_image":[{"width":412,"height":639,"url":"https:\/\/websjop.afuk.frl\/wp-content\/uploads\/2021\/08\/Kreft-fan-it-folk433.jpg","type":"image\/jpeg"}],"twitter_card":"summary_large_image","schema":{"@context":"https:\/\/schema.org","@graph":[{"@type":"WebPage","@id":"https:\/\/websjop.afuk.frl\/frl\/winkel\/kreft-fan-it-folk-diel-8-fan-in-fryske-odyssee\/","url":"https:\/\/websjop.afuk.frl\/frl\/winkel\/kreft-fan-it-folk-diel-8-fan-in-fryske-odyssee\/","name":"Kr\u00eaft fan it folk - Diel 8 fan 'In Fryske Odyssee' &#8211; Af\u00fbk Websjop","isPartOf":{"@id":"https:\/\/websjop.afuk.frl\/frl\/#website"},"primaryImageOfPage":{"@id":"https:\/\/websjop.afuk.frl\/frl\/winkel\/kreft-fan-it-folk-diel-8-fan-in-fryske-odyssee\/#primaryimage"},"image":{"@id":"https:\/\/websjop.afuk.frl\/frl\/winkel\/kreft-fan-it-folk-diel-8-fan-in-fryske-odyssee\/#primaryimage"},"thumbnailUrl":"https:\/\/websjop.afuk.frl\/wp-content\/uploads\/2021\/08\/Kreft-fan-it-folk433.jpg","datePublished":"2020-08-14T12:55:09+00:00","dateModified":"2025-10-21T09:13:35+00:00","description":"Kr\u00eaft fan in folk is het achtste boek in de serie van In Fryske Odyssee. Met daarin het levensverhaal van Bouke Blomhof, boer in It Heidenskip","breadcrumb":{"@id":"https:\/\/websjop.afuk.frl\/frl\/winkel\/kreft-fan-it-folk-diel-8-fan-in-fryske-odyssee\/#breadcrumb"},"inLanguage":"fy-NL","potentialAction":[{"@type":"ReadAction","target":["https:\/\/websjop.afuk.frl\/frl\/winkel\/kreft-fan-it-folk-diel-8-fan-in-fryske-odyssee\/"]}]},{"@type":"ImageObject","inLanguage":"fy-NL","@id":"https:\/\/websjop.afuk.frl\/frl\/winkel\/kreft-fan-it-folk-diel-8-fan-in-fryske-odyssee\/#primaryimage","url":"https:\/\/websjop.afuk.frl\/wp-content\/uploads\/2021\/08\/Kreft-fan-it-folk433.jpg","contentUrl":"https:\/\/websjop.afuk.frl\/wp-content\/uploads\/2021\/08\/Kreft-fan-it-folk433.jpg","width":412,"height":639,"caption":"Kr\u00eaft fan it folk"},{"@type":"BreadcrumbList","@id":"https:\/\/websjop.afuk.frl\/frl\/winkel\/kreft-fan-it-folk-diel-8-fan-in-fryske-odyssee\/#breadcrumb","itemListElement":[{"@type":"ListItem","position":1,"name":"Home","item":"https:\/\/websjop.afuk.frl\/frl\/"},{"@type":"ListItem","position":2,"name":"Winkel","item":"https:\/\/websjop.afuk.frl\/nl\/winkel\/"},{"@type":"ListItem","position":3,"name":"Kr\u00eaft fan it folk &#8211; Diel 8 fan &#8216;In Fryske Odyssee&#8217;"}]},{"@type":"WebSite","@id":"https:\/\/websjop.afuk.frl\/frl\/#website","url":"https:\/\/websjop.afuk.frl\/frl\/","name":"Af\u00fbk Websjop","description":"","potentialAction":[{"@type":"SearchAction","target":{"@type":"EntryPoint","urlTemplate":"https:\/\/websjop.afuk.frl\/frl\/?s={search_term_string}"},"query-input":{"@type":"PropertyValueSpecification","valueRequired":true,"valueName":"search_term_string"}}],"inLanguage":"fy-NL"}]}},"_links":{"self":[{"href":"https:\/\/websjop.afuk.frl\/frl\/wp-json\/wp\/v2\/product\/28896","targetHints":{"allow":["GET"]}}],"collection":[{"href":"https:\/\/websjop.afuk.frl\/frl\/wp-json\/wp\/v2\/product"}],"about":[{"href":"https:\/\/websjop.afuk.frl\/frl\/wp-json\/wp\/v2\/types\/product"}],"replies":[{"embeddable":true,"href":"https:\/\/websjop.afuk.frl\/frl\/wp-json\/wp\/v2\/comments?post=28896"}],"wp:featuredmedia":[{"embeddable":true,"href":"https:\/\/websjop.afuk.frl\/frl\/wp-json\/wp\/v2\/media\/28897"}],"wp:attachment":[{"href":"https:\/\/websjop.afuk.frl\/frl\/wp-json\/wp\/v2\/media?parent=28896"}],"wp:term":[{"taxonomy":"product_brand","embeddable":true,"href":"https:\/\/websjop.afuk.frl\/frl\/wp-json\/wp\/v2\/product_brand?post=28896"},{"taxonomy":"product_cat","embeddable":true,"href":"https:\/\/websjop.afuk.frl\/frl\/wp-json\/wp\/v2\/product_cat?post=28896"},{"taxonomy":"product_tag","embeddable":true,"href":"https:\/\/websjop.afuk.frl\/frl\/wp-json\/wp\/v2\/product_tag?post=28896"}],"curies":[{"name":"wp","href":"https:\/\/api.w.org\/{rel}","templated":true}]}}