{"id":28226,"date":"2021-06-24T12:41:27","date_gmt":"2021-06-24T11:41:27","guid":{"rendered":"https:\/\/websjop.afuk.frl\/nl\/?post_type=product&#038;p=28226"},"modified":"2025-08-18T13:27:31","modified_gmt":"2025-08-18T11:27:31","slug":"de-alderleafste-lytse-bearen","status":"publish","type":"product","link":"https:\/\/websjop.afuk.frl\/frl\/winkel\/de-alderleafste-lytse-bearen\/","title":{"rendered":"De alderleafste lytse bearen"},"content":{"rendered":"<p>Er waren eens een moeder beer en een vader beer die hun drie kleine beren vertelden dat ze de allerliefste kleine beren van de hele wijde wereld waren.\u00a0 Maar op een dag begonnen de kleine beren hun af te vragen wie nu de allerliefste was. Dat konden ze niet alle drie zijn&#8230; of wel?<\/p>\n<p>Tweede druk van Sam McBratney&#8217;s prachtige prentenboek.<\/p>\n<p>&nbsp;<\/p>\n<hr \/>\n<p><em>Erika van Steensel: &#8220;De tekeningen binne simpel, mar dochs mei moaie details. It kleurgebr\u00fbk is r\u00eastich, it liket wol op wetterferve. Alles yn it boek strielet r\u00east \u00fat. Sekerheid. Burgen-w\u00eazen. In feilige en leave famylje, d\u00ear\u2019t lytse bearkes harsels w\u00eaze meie, en r\u00fbnom leafde fiele. In hearlik plak om grut wurde te meien. Wy f\u00fbnen it in bearegoed en alderleafst berneboek!&#8221; <a href=\"https:\/\/heitenmem.nl\/artikel\/22411\/de-resinsje-fan-erika-de-alderleafste-lytse-bearen\/\" target=\"_blank\" rel=\"noopener\">L\u00eas hjir de folsleine resinsje fan Erika.<\/a><\/em><\/p>\n<p><em>Wopkje Bergmans: &#8220;In prachtich printeboek, mei in soad waarmte skreaun, d\u00ear\u2019t in djippere libbensles yn sit. En yn de moaie yllustraasjes kinst de leafde foar de natuer weromfine; allinnich al om de yllustraasjes soest dit printeboek wol ha wolle.&#8221; <a href=\"https:\/\/heitenmem.nl\/artikel\/22419\/de-resinsje-fan-wopkje-de-alderleafste-lytse-bearen\/\" target=\"_blank\" rel=\"noopener\">L\u00eas hjir Wopkje har folsleine resinsje.<\/a><\/em><\/p>\n","protected":false},"excerpt":{"rendered":"<p>Er waren eens een moeder beer en een vader beer die hun drie kleine beren vertelden dat ze de allerliefste kleine beren van de hele wijde wereld waren.\u00a0 Maar op een dag begonnen de kleine beren hun af te vragen wie nu de allerliefste was. Dat konden ze niet alle drie zijn&#8230; of wel? Tweede [&hellip;]<\/p>\n","protected":false},"featured_media":28227,"comment_status":"closed","ping_status":"closed","template":"","meta":{"_acf_changed":false},"product_brand":[],"product_cat":[1213,549,535,1227,560,557,9448,21380,22893],"product_tag":[17966,19319,6360,18810,5720,5451,6054,19320],"class_list":{"0":"post-28226","1":"product","2":"type-product","3":"status-publish","4":"has-post-thumbnail","6":"product_cat-berne-en-jeugdboeken","7":"product_cat-berneboeken-0-tot-4-jaar","8":"product_cat-fryske-boeken","9":"product_cat-heitedeikadootsjes","10":"product_cat-kreamkado-boeken","11":"product_cat-friese-kraamcadeautjes","12":"product_cat-printeboeken-top-10","13":"product_cat-sinteklaas-kadotips","14":"product_cat-tema-broerke-suske","15":"product_tag-anita-jeram","16":"product_tag-beren","17":"product_tag-broerke","18":"product_tag-de-alderleafste-lytse-bearen","19":"product_tag-gedichten-en-wurden-oer-de-leafde","20":"product_tag-printeboek","21":"product_tag-sam-mcbratney","22":"product_tag-suske","23":"product_shipping_class-brievenbus-verzending","24":"pa_auteur-sam-mcbratney-2","25":"pa_isbn-18809","26":"pa_new-label-1-3","27":"pa_taal-frysk","28":"pa_uitgever-afuk","29":"pa_vertaler-hermien-van-der-meer","31":"first","32":"instock","33":"taxable","34":"shipping-taxable","35":"purchasable","36":"product-type-simple"},"acf":[],"yoast_head":"<!-- This site is optimized with the Yoast SEO plugin v27.3 - https:\/\/yoast.com\/product\/yoast-seo-wordpress\/ -->\n<title>De alderleafste lytse bearen &#8211; Af\u00fbk Websjop<\/title>\n<meta name=\"description\" content=\"Er waren eens een moeder beer en een vader beer die hun drie kleine beren vertelden dat ze de allerliefste kleine beren van de hele wijde wereld waren.\u00a0\" \/>\n<meta name=\"robots\" content=\"index, follow, max-snippet:-1, max-image-preview:large, max-video-preview:-1\" \/>\n<link rel=\"canonical\" href=\"https:\/\/websjop.afuk.frl\/frl\/winkel\/de-alderleafste-lytse-bearen\/\" \/>\n<meta property=\"og:locale\" content=\"fy_NL\" \/>\n<meta property=\"og:type\" content=\"article\" \/>\n<meta property=\"og:title\" content=\"De alderleafste lytse bearen &#8211; Af\u00fbk Websjop\" \/>\n<meta property=\"og:description\" content=\"Er waren eens een moeder beer en een vader beer die hun drie kleine beren vertelden dat ze de allerliefste kleine beren van de hele wijde wereld waren.\u00a0\" \/>\n<meta property=\"og:url\" content=\"https:\/\/websjop.afuk.frl\/frl\/winkel\/de-alderleafste-lytse-bearen\/\" \/>\n<meta property=\"og:site_name\" content=\"Af\u00fbk Websjop\" \/>\n<meta property=\"article:modified_time\" content=\"2025-08-18T11:27:31+00:00\" \/>\n<meta property=\"og:image\" content=\"https:\/\/websjop.afuk.frl\/wp-content\/uploads\/2021\/06\/De_alderleafste_lytse_bearen-LR.jpg\" \/>\n\t<meta property=\"og:image:width\" content=\"786\" \/>\n\t<meta property=\"og:image:height\" content=\"665\" \/>\n\t<meta property=\"og:image:type\" content=\"image\/jpeg\" \/>\n<meta name=\"twitter:card\" content=\"summary_large_image\" \/>\n<meta name=\"twitter:label1\" content=\"Est. reading time\" \/>\n\t<meta name=\"twitter:data1\" content=\"2 minutes\" \/>\n<script type=\"application\/ld+json\" class=\"yoast-schema-graph\">{\"@context\":\"https:\\\/\\\/schema.org\",\"@graph\":[{\"@type\":\"WebPage\",\"@id\":\"https:\\\/\\\/websjop.afuk.frl\\\/frl\\\/winkel\\\/de-alderleafste-lytse-bearen\\\/\",\"url\":\"https:\\\/\\\/websjop.afuk.frl\\\/frl\\\/winkel\\\/de-alderleafste-lytse-bearen\\\/\",\"name\":\"De alderleafste lytse bearen &#8211; Af\u00fbk Websjop\",\"isPartOf\":{\"@id\":\"https:\\\/\\\/websjop.afuk.frl\\\/frl\\\/#website\"},\"primaryImageOfPage\":{\"@id\":\"https:\\\/\\\/websjop.afuk.frl\\\/frl\\\/winkel\\\/de-alderleafste-lytse-bearen\\\/#primaryimage\"},\"image\":{\"@id\":\"https:\\\/\\\/websjop.afuk.frl\\\/frl\\\/winkel\\\/de-alderleafste-lytse-bearen\\\/#primaryimage\"},\"thumbnailUrl\":\"https:\\\/\\\/websjop.afuk.frl\\\/wp-content\\\/uploads\\\/2021\\\/06\\\/De_alderleafste_lytse_bearen-LR.jpg\",\"datePublished\":\"2021-06-24T11:41:27+00:00\",\"dateModified\":\"2025-08-18T11:27:31+00:00\",\"description\":\"Er waren eens een moeder beer en een vader beer die hun drie kleine beren vertelden dat ze de allerliefste kleine beren van de hele wijde wereld waren.\u00a0\",\"breadcrumb\":{\"@id\":\"https:\\\/\\\/websjop.afuk.frl\\\/frl\\\/winkel\\\/de-alderleafste-lytse-bearen\\\/#breadcrumb\"},\"inLanguage\":\"fy-NL\",\"potentialAction\":[{\"@type\":\"ReadAction\",\"target\":[\"https:\\\/\\\/websjop.afuk.frl\\\/frl\\\/winkel\\\/de-alderleafste-lytse-bearen\\\/\"]}]},{\"@type\":\"ImageObject\",\"inLanguage\":\"fy-NL\",\"@id\":\"https:\\\/\\\/websjop.afuk.frl\\\/frl\\\/winkel\\\/de-alderleafste-lytse-bearen\\\/#primaryimage\",\"url\":\"https:\\\/\\\/websjop.afuk.frl\\\/wp-content\\\/uploads\\\/2021\\\/06\\\/De_alderleafste_lytse_bearen-LR.jpg\",\"contentUrl\":\"https:\\\/\\\/websjop.afuk.frl\\\/wp-content\\\/uploads\\\/2021\\\/06\\\/De_alderleafste_lytse_bearen-LR.jpg\",\"width\":786,\"height\":665,\"caption\":\"De alderleafste lytse bearen\"},{\"@type\":\"BreadcrumbList\",\"@id\":\"https:\\\/\\\/websjop.afuk.frl\\\/frl\\\/winkel\\\/de-alderleafste-lytse-bearen\\\/#breadcrumb\",\"itemListElement\":[{\"@type\":\"ListItem\",\"position\":1,\"name\":\"Home\",\"item\":\"https:\\\/\\\/websjop.afuk.frl\\\/frl\\\/\"},{\"@type\":\"ListItem\",\"position\":2,\"name\":\"Winkel\",\"item\":\"https:\\\/\\\/websjop.afuk.frl\\\/nl\\\/winkel\\\/\"},{\"@type\":\"ListItem\",\"position\":3,\"name\":\"De alderleafste lytse bearen\"}]},{\"@type\":\"WebSite\",\"@id\":\"https:\\\/\\\/websjop.afuk.frl\\\/frl\\\/#website\",\"url\":\"https:\\\/\\\/websjop.afuk.frl\\\/frl\\\/\",\"name\":\"Af\u00fbk Websjop\",\"description\":\"\",\"potentialAction\":[{\"@type\":\"SearchAction\",\"target\":{\"@type\":\"EntryPoint\",\"urlTemplate\":\"https:\\\/\\\/websjop.afuk.frl\\\/frl\\\/?s={search_term_string}\"},\"query-input\":{\"@type\":\"PropertyValueSpecification\",\"valueRequired\":true,\"valueName\":\"search_term_string\"}}],\"inLanguage\":\"fy-NL\"}]}<\/script>\n<!-- \/ Yoast SEO plugin. -->","yoast_head_json":{"title":"De alderleafste lytse bearen &#8211; Af\u00fbk Websjop","description":"Er waren eens een moeder beer en een vader beer die hun drie kleine beren vertelden dat ze de allerliefste kleine beren van de hele wijde wereld waren.\u00a0","robots":{"index":"index","follow":"follow","max-snippet":"max-snippet:-1","max-image-preview":"max-image-preview:large","max-video-preview":"max-video-preview:-1"},"canonical":"https:\/\/websjop.afuk.frl\/frl\/winkel\/de-alderleafste-lytse-bearen\/","og_locale":"fy_NL","og_type":"article","og_title":"De alderleafste lytse bearen &#8211; Af\u00fbk Websjop","og_description":"Er waren eens een moeder beer en een vader beer die hun drie kleine beren vertelden dat ze de allerliefste kleine beren van de hele wijde wereld waren.\u00a0","og_url":"https:\/\/websjop.afuk.frl\/frl\/winkel\/de-alderleafste-lytse-bearen\/","og_site_name":"Af\u00fbk Websjop","article_modified_time":"2025-08-18T11:27:31+00:00","og_image":[{"width":786,"height":665,"url":"https:\/\/websjop.afuk.frl\/wp-content\/uploads\/2021\/06\/De_alderleafste_lytse_bearen-LR.jpg","type":"image\/jpeg"}],"twitter_card":"summary_large_image","twitter_misc":{"Est. reading time":"2 minutes"},"schema":{"@context":"https:\/\/schema.org","@graph":[{"@type":"WebPage","@id":"https:\/\/websjop.afuk.frl\/frl\/winkel\/de-alderleafste-lytse-bearen\/","url":"https:\/\/websjop.afuk.frl\/frl\/winkel\/de-alderleafste-lytse-bearen\/","name":"De alderleafste lytse bearen &#8211; Af\u00fbk Websjop","isPartOf":{"@id":"https:\/\/websjop.afuk.frl\/frl\/#website"},"primaryImageOfPage":{"@id":"https:\/\/websjop.afuk.frl\/frl\/winkel\/de-alderleafste-lytse-bearen\/#primaryimage"},"image":{"@id":"https:\/\/websjop.afuk.frl\/frl\/winkel\/de-alderleafste-lytse-bearen\/#primaryimage"},"thumbnailUrl":"https:\/\/websjop.afuk.frl\/wp-content\/uploads\/2021\/06\/De_alderleafste_lytse_bearen-LR.jpg","datePublished":"2021-06-24T11:41:27+00:00","dateModified":"2025-08-18T11:27:31+00:00","description":"Er waren eens een moeder beer en een vader beer die hun drie kleine beren vertelden dat ze de allerliefste kleine beren van de hele wijde wereld waren.\u00a0","breadcrumb":{"@id":"https:\/\/websjop.afuk.frl\/frl\/winkel\/de-alderleafste-lytse-bearen\/#breadcrumb"},"inLanguage":"fy-NL","potentialAction":[{"@type":"ReadAction","target":["https:\/\/websjop.afuk.frl\/frl\/winkel\/de-alderleafste-lytse-bearen\/"]}]},{"@type":"ImageObject","inLanguage":"fy-NL","@id":"https:\/\/websjop.afuk.frl\/frl\/winkel\/de-alderleafste-lytse-bearen\/#primaryimage","url":"https:\/\/websjop.afuk.frl\/wp-content\/uploads\/2021\/06\/De_alderleafste_lytse_bearen-LR.jpg","contentUrl":"https:\/\/websjop.afuk.frl\/wp-content\/uploads\/2021\/06\/De_alderleafste_lytse_bearen-LR.jpg","width":786,"height":665,"caption":"De alderleafste lytse bearen"},{"@type":"BreadcrumbList","@id":"https:\/\/websjop.afuk.frl\/frl\/winkel\/de-alderleafste-lytse-bearen\/#breadcrumb","itemListElement":[{"@type":"ListItem","position":1,"name":"Home","item":"https:\/\/websjop.afuk.frl\/frl\/"},{"@type":"ListItem","position":2,"name":"Winkel","item":"https:\/\/websjop.afuk.frl\/nl\/winkel\/"},{"@type":"ListItem","position":3,"name":"De alderleafste lytse bearen"}]},{"@type":"WebSite","@id":"https:\/\/websjop.afuk.frl\/frl\/#website","url":"https:\/\/websjop.afuk.frl\/frl\/","name":"Af\u00fbk Websjop","description":"","potentialAction":[{"@type":"SearchAction","target":{"@type":"EntryPoint","urlTemplate":"https:\/\/websjop.afuk.frl\/frl\/?s={search_term_string}"},"query-input":{"@type":"PropertyValueSpecification","valueRequired":true,"valueName":"search_term_string"}}],"inLanguage":"fy-NL"}]}},"_links":{"self":[{"href":"https:\/\/websjop.afuk.frl\/frl\/wp-json\/wp\/v2\/product\/28226","targetHints":{"allow":["GET"]}}],"collection":[{"href":"https:\/\/websjop.afuk.frl\/frl\/wp-json\/wp\/v2\/product"}],"about":[{"href":"https:\/\/websjop.afuk.frl\/frl\/wp-json\/wp\/v2\/types\/product"}],"replies":[{"embeddable":true,"href":"https:\/\/websjop.afuk.frl\/frl\/wp-json\/wp\/v2\/comments?post=28226"}],"wp:featuredmedia":[{"embeddable":true,"href":"https:\/\/websjop.afuk.frl\/frl\/wp-json\/wp\/v2\/media\/28227"}],"wp:attachment":[{"href":"https:\/\/websjop.afuk.frl\/frl\/wp-json\/wp\/v2\/media?parent=28226"}],"wp:term":[{"taxonomy":"product_brand","embeddable":true,"href":"https:\/\/websjop.afuk.frl\/frl\/wp-json\/wp\/v2\/product_brand?post=28226"},{"taxonomy":"product_cat","embeddable":true,"href":"https:\/\/websjop.afuk.frl\/frl\/wp-json\/wp\/v2\/product_cat?post=28226"},{"taxonomy":"product_tag","embeddable":true,"href":"https:\/\/websjop.afuk.frl\/frl\/wp-json\/wp\/v2\/product_tag?post=28226"}],"curies":[{"name":"wp","href":"https:\/\/api.w.org\/{rel}","templated":true}]}}