{"id":27260,"date":"2021-05-20T09:09:02","date_gmt":"2021-05-20T08:09:02","guid":{"rendered":"https:\/\/websjop.afuk.frl\/nl\/?post_type=product&#038;p=27260"},"modified":"2023-07-11T13:57:21","modified_gmt":"2023-07-11T12:57:21","slug":"pet-fryslan-blauw-vintage","status":"publish","type":"product","link":"https:\/\/websjop.afuk.frl\/frl\/winkel\/pet-fryslan-blauw-vintage\/","title":{"rendered":"Pet Frysl\u00e2n &#8211; Blauw Vintage"},"content":{"rendered":"<p>Pet met de letters Frysl\u00e2n. De pet kan aan de achterkant versteld worden.<\/p>\n<p>Kleur: Blauw &#8211; Vintage<\/p>\n<p>Robin Ruth Original<\/p>\n","protected":false},"excerpt":{"rendered":"<p>Pet met de letters Frysl\u00e2n. De pet kan aan de achterkant versteld worden. Kleur: Blauw &#8211; Vintage Robin Ruth Original<\/p>\n","protected":false},"featured_media":27261,"comment_status":"closed","ping_status":"closed","template":"","meta":{"_acf_changed":false},"product_brand":[],"product_cat":[565,5065,542,1313],"product_tag":[18583,18582,18581,18201],"class_list":{"0":"post-27260","1":"product","2":"type-product","3":"status-publish","4":"has-post-thumbnail","6":"product_cat-friese-producten","7":"product_cat-fryske-suvenirs","8":"product_cat-natoer","9":"product_cat-simmer-yn-fryslan","10":"product_tag-blau","11":"product_tag-blauw-vintage","12":"product_tag-pet-fryslan","13":"product_tag-robin-ruth","14":"product_shipping_class-pakketpost-verzending","15":"pa_isbn-18580","17":"first","18":"instock","19":"taxable","20":"shipping-taxable","21":"purchasable","22":"product-type-simple"},"acf":[],"yoast_head":"<!-- This site is optimized with the Yoast SEO plugin v27.3 - https:\/\/yoast.com\/product\/yoast-seo-wordpress\/ -->\n<title>Pet Frysl\u00e2n - Blauw Vintage &#8211; Af\u00fbk Websjop<\/title>\n<meta name=\"description\" content=\"Pet met de letters Frysl\u00e2n. De pet kan aan de achterkant versteld worden. Kleur: Blauw - Vintage. Robin Ruth Original.\" \/>\n<meta name=\"robots\" content=\"index, follow, max-snippet:-1, max-image-preview:large, max-video-preview:-1\" \/>\n<link rel=\"canonical\" href=\"https:\/\/websjop.afuk.frl\/frl\/winkel\/pet-fryslan-blauw-vintage\/\" \/>\n<meta property=\"og:locale\" content=\"fy_NL\" \/>\n<meta property=\"og:type\" content=\"article\" \/>\n<meta property=\"og:title\" content=\"Pet Frysl\u00e2n - Blauw Vintage &#8211; Af\u00fbk Websjop\" \/>\n<meta property=\"og:description\" content=\"Pet met de letters Frysl\u00e2n. De pet kan aan de achterkant versteld worden. Kleur: Blauw - Vintage. Robin Ruth Original.\" \/>\n<meta property=\"og:url\" content=\"https:\/\/websjop.afuk.frl\/frl\/winkel\/pet-fryslan-blauw-vintage\/\" \/>\n<meta property=\"og:site_name\" content=\"Af\u00fbk Websjop\" \/>\n<meta property=\"article:modified_time\" content=\"2023-07-11T12:57:21+00:00\" \/>\n<meta property=\"og:image\" content=\"https:\/\/websjop.afuk.frl\/wp-content\/uploads\/2021\/05\/Pet-Blau-Vintage-scaled.jpg\" \/>\n\t<meta property=\"og:image:width\" content=\"1920\" \/>\n\t<meta property=\"og:image:height\" content=\"2560\" \/>\n\t<meta property=\"og:image:type\" content=\"image\/jpeg\" \/>\n<meta name=\"twitter:card\" content=\"summary_large_image\" \/>\n<script type=\"application\/ld+json\" class=\"yoast-schema-graph\">{\"@context\":\"https:\\\/\\\/schema.org\",\"@graph\":[{\"@type\":\"WebPage\",\"@id\":\"https:\\\/\\\/websjop.afuk.frl\\\/frl\\\/winkel\\\/pet-fryslan-blauw-vintage\\\/\",\"url\":\"https:\\\/\\\/websjop.afuk.frl\\\/frl\\\/winkel\\\/pet-fryslan-blauw-vintage\\\/\",\"name\":\"Pet Frysl\u00e2n - Blauw Vintage &#8211; Af\u00fbk Websjop\",\"isPartOf\":{\"@id\":\"https:\\\/\\\/websjop.afuk.frl\\\/frl\\\/#website\"},\"primaryImageOfPage\":{\"@id\":\"https:\\\/\\\/websjop.afuk.frl\\\/frl\\\/winkel\\\/pet-fryslan-blauw-vintage\\\/#primaryimage\"},\"image\":{\"@id\":\"https:\\\/\\\/websjop.afuk.frl\\\/frl\\\/winkel\\\/pet-fryslan-blauw-vintage\\\/#primaryimage\"},\"thumbnailUrl\":\"https:\\\/\\\/websjop.afuk.frl\\\/wp-content\\\/uploads\\\/2021\\\/05\\\/Pet-Blau-Vintage-scaled.jpg\",\"datePublished\":\"2021-05-20T08:09:02+00:00\",\"dateModified\":\"2023-07-11T12:57:21+00:00\",\"description\":\"Pet met de letters Frysl\u00e2n. De pet kan aan de achterkant versteld worden. Kleur: Blauw - Vintage. Robin Ruth Original.\",\"breadcrumb\":{\"@id\":\"https:\\\/\\\/websjop.afuk.frl\\\/frl\\\/winkel\\\/pet-fryslan-blauw-vintage\\\/#breadcrumb\"},\"inLanguage\":\"fy-NL\",\"potentialAction\":[{\"@type\":\"ReadAction\",\"target\":[\"https:\\\/\\\/websjop.afuk.frl\\\/frl\\\/winkel\\\/pet-fryslan-blauw-vintage\\\/\"]}]},{\"@type\":\"ImageObject\",\"inLanguage\":\"fy-NL\",\"@id\":\"https:\\\/\\\/websjop.afuk.frl\\\/frl\\\/winkel\\\/pet-fryslan-blauw-vintage\\\/#primaryimage\",\"url\":\"https:\\\/\\\/websjop.afuk.frl\\\/wp-content\\\/uploads\\\/2021\\\/05\\\/Pet-Blau-Vintage-scaled.jpg\",\"contentUrl\":\"https:\\\/\\\/websjop.afuk.frl\\\/wp-content\\\/uploads\\\/2021\\\/05\\\/Pet-Blau-Vintage-scaled.jpg\",\"width\":1920,\"height\":2560,\"caption\":\"Pet Blauw vintage\"},{\"@type\":\"BreadcrumbList\",\"@id\":\"https:\\\/\\\/websjop.afuk.frl\\\/frl\\\/winkel\\\/pet-fryslan-blauw-vintage\\\/#breadcrumb\",\"itemListElement\":[{\"@type\":\"ListItem\",\"position\":1,\"name\":\"Home\",\"item\":\"https:\\\/\\\/websjop.afuk.frl\\\/frl\\\/\"},{\"@type\":\"ListItem\",\"position\":2,\"name\":\"Winkel\",\"item\":\"https:\\\/\\\/websjop.afuk.frl\\\/nl\\\/winkel\\\/\"},{\"@type\":\"ListItem\",\"position\":3,\"name\":\"Pet Frysl\u00e2n &#8211; Blauw Vintage\"}]},{\"@type\":\"WebSite\",\"@id\":\"https:\\\/\\\/websjop.afuk.frl\\\/frl\\\/#website\",\"url\":\"https:\\\/\\\/websjop.afuk.frl\\\/frl\\\/\",\"name\":\"Af\u00fbk Websjop\",\"description\":\"\",\"potentialAction\":[{\"@type\":\"SearchAction\",\"target\":{\"@type\":\"EntryPoint\",\"urlTemplate\":\"https:\\\/\\\/websjop.afuk.frl\\\/frl\\\/?s={search_term_string}\"},\"query-input\":{\"@type\":\"PropertyValueSpecification\",\"valueRequired\":true,\"valueName\":\"search_term_string\"}}],\"inLanguage\":\"fy-NL\"}]}<\/script>\n<!-- \/ Yoast SEO plugin. -->","yoast_head_json":{"title":"Pet Frysl\u00e2n - Blauw Vintage &#8211; Af\u00fbk Websjop","description":"Pet met de letters Frysl\u00e2n. De pet kan aan de achterkant versteld worden. Kleur: Blauw - Vintage. Robin Ruth Original.","robots":{"index":"index","follow":"follow","max-snippet":"max-snippet:-1","max-image-preview":"max-image-preview:large","max-video-preview":"max-video-preview:-1"},"canonical":"https:\/\/websjop.afuk.frl\/frl\/winkel\/pet-fryslan-blauw-vintage\/","og_locale":"fy_NL","og_type":"article","og_title":"Pet Frysl\u00e2n - Blauw Vintage &#8211; Af\u00fbk Websjop","og_description":"Pet met de letters Frysl\u00e2n. De pet kan aan de achterkant versteld worden. Kleur: Blauw - Vintage. Robin Ruth Original.","og_url":"https:\/\/websjop.afuk.frl\/frl\/winkel\/pet-fryslan-blauw-vintage\/","og_site_name":"Af\u00fbk Websjop","article_modified_time":"2023-07-11T12:57:21+00:00","og_image":[{"width":1920,"height":2560,"url":"https:\/\/websjop.afuk.frl\/wp-content\/uploads\/2021\/05\/Pet-Blau-Vintage-scaled.jpg","type":"image\/jpeg"}],"twitter_card":"summary_large_image","schema":{"@context":"https:\/\/schema.org","@graph":[{"@type":"WebPage","@id":"https:\/\/websjop.afuk.frl\/frl\/winkel\/pet-fryslan-blauw-vintage\/","url":"https:\/\/websjop.afuk.frl\/frl\/winkel\/pet-fryslan-blauw-vintage\/","name":"Pet Frysl\u00e2n - Blauw Vintage &#8211; Af\u00fbk Websjop","isPartOf":{"@id":"https:\/\/websjop.afuk.frl\/frl\/#website"},"primaryImageOfPage":{"@id":"https:\/\/websjop.afuk.frl\/frl\/winkel\/pet-fryslan-blauw-vintage\/#primaryimage"},"image":{"@id":"https:\/\/websjop.afuk.frl\/frl\/winkel\/pet-fryslan-blauw-vintage\/#primaryimage"},"thumbnailUrl":"https:\/\/websjop.afuk.frl\/wp-content\/uploads\/2021\/05\/Pet-Blau-Vintage-scaled.jpg","datePublished":"2021-05-20T08:09:02+00:00","dateModified":"2023-07-11T12:57:21+00:00","description":"Pet met de letters Frysl\u00e2n. De pet kan aan de achterkant versteld worden. Kleur: Blauw - Vintage. Robin Ruth Original.","breadcrumb":{"@id":"https:\/\/websjop.afuk.frl\/frl\/winkel\/pet-fryslan-blauw-vintage\/#breadcrumb"},"inLanguage":"fy-NL","potentialAction":[{"@type":"ReadAction","target":["https:\/\/websjop.afuk.frl\/frl\/winkel\/pet-fryslan-blauw-vintage\/"]}]},{"@type":"ImageObject","inLanguage":"fy-NL","@id":"https:\/\/websjop.afuk.frl\/frl\/winkel\/pet-fryslan-blauw-vintage\/#primaryimage","url":"https:\/\/websjop.afuk.frl\/wp-content\/uploads\/2021\/05\/Pet-Blau-Vintage-scaled.jpg","contentUrl":"https:\/\/websjop.afuk.frl\/wp-content\/uploads\/2021\/05\/Pet-Blau-Vintage-scaled.jpg","width":1920,"height":2560,"caption":"Pet Blauw vintage"},{"@type":"BreadcrumbList","@id":"https:\/\/websjop.afuk.frl\/frl\/winkel\/pet-fryslan-blauw-vintage\/#breadcrumb","itemListElement":[{"@type":"ListItem","position":1,"name":"Home","item":"https:\/\/websjop.afuk.frl\/frl\/"},{"@type":"ListItem","position":2,"name":"Winkel","item":"https:\/\/websjop.afuk.frl\/nl\/winkel\/"},{"@type":"ListItem","position":3,"name":"Pet Frysl\u00e2n &#8211; Blauw Vintage"}]},{"@type":"WebSite","@id":"https:\/\/websjop.afuk.frl\/frl\/#website","url":"https:\/\/websjop.afuk.frl\/frl\/","name":"Af\u00fbk Websjop","description":"","potentialAction":[{"@type":"SearchAction","target":{"@type":"EntryPoint","urlTemplate":"https:\/\/websjop.afuk.frl\/frl\/?s={search_term_string}"},"query-input":{"@type":"PropertyValueSpecification","valueRequired":true,"valueName":"search_term_string"}}],"inLanguage":"fy-NL"}]}},"_links":{"self":[{"href":"https:\/\/websjop.afuk.frl\/frl\/wp-json\/wp\/v2\/product\/27260","targetHints":{"allow":["GET"]}}],"collection":[{"href":"https:\/\/websjop.afuk.frl\/frl\/wp-json\/wp\/v2\/product"}],"about":[{"href":"https:\/\/websjop.afuk.frl\/frl\/wp-json\/wp\/v2\/types\/product"}],"replies":[{"embeddable":true,"href":"https:\/\/websjop.afuk.frl\/frl\/wp-json\/wp\/v2\/comments?post=27260"}],"wp:featuredmedia":[{"embeddable":true,"href":"https:\/\/websjop.afuk.frl\/frl\/wp-json\/wp\/v2\/media\/27261"}],"wp:attachment":[{"href":"https:\/\/websjop.afuk.frl\/frl\/wp-json\/wp\/v2\/media?parent=27260"}],"wp:term":[{"taxonomy":"product_brand","embeddable":true,"href":"https:\/\/websjop.afuk.frl\/frl\/wp-json\/wp\/v2\/product_brand?post=27260"},{"taxonomy":"product_cat","embeddable":true,"href":"https:\/\/websjop.afuk.frl\/frl\/wp-json\/wp\/v2\/product_cat?post=27260"},{"taxonomy":"product_tag","embeddable":true,"href":"https:\/\/websjop.afuk.frl\/frl\/wp-json\/wp\/v2\/product_tag?post=27260"}],"curies":[{"name":"wp","href":"https:\/\/api.w.org\/{rel}","templated":true}]}}