{"id":18446,"date":"2021-01-01T15:25:05","date_gmt":"2021-01-01T14:25:05","guid":{"rendered":"https:\/\/websjop.afuk.frl\/nl\/?post_type=product&#038;p=18446"},"modified":"2025-09-25T11:53:18","modified_gmt":"2025-09-25T09:53:18","slug":"stinzenplanten-in-fryslan","status":"publish","type":"product","link":"https:\/\/websjop.afuk.frl\/frl\/winkel\/stinzenplanten-in-fryslan\/","title":{"rendered":"Stinzenplanten in Frysl\u00e2n"},"content":{"rendered":"<p><em>Stinzenplanten in Frysl\u00e2n<\/em> is een rijk ge\u00efllustreerd boek over stinzenplanten. Het gaat om de verwilderde voorjaarsbloeiers in het historisch groen. De bol-, knol- en wortelstokgewassen die soms al eeuwen geleden zijn aangeplant op oude (Friese) landgoederen, buitenplaatsen, boerenerven en in tuinen bij pastorie\u00ebn en woningen van notabelen. De auteurs beschrijven de historie, de aanleg, het onderhoud en het beheer van de stinzenflora op belangrijkste vindplekken in Frysl\u00e2n.<\/p>\n<p>Veel aandacht gaat uit naar de beschrijving van de meest karakteristieke stinzenplanten van Frysl\u00e2n met prachtige namen als Haarlems klokkenspel, Italiaanse aronskelk, winterakoniet en vingerhelmbloem. Dit alles ondersteund met schitterende foto&#8217;s. Frysl\u00e2n neemt een belangrijke plaats in voor wat betreft de geschiedenis van de stinzenflora. Daarom komen ook de cultuurhistorische aspecten aan de orde, zoals de tuinkunst. Daarnaast is er aandacht voor de belangrijkstra floristen, zoals D.T.E. van der Ploeg, die veel studie hebben gemaakt van deze bijzondere groep planten.<\/p>\n<p>&nbsp;<\/p>\n","protected":false},"excerpt":{"rendered":"<p>Stinzenplanten in Frysl\u00e2n is een rijk ge\u00efllustreerd boek over stinzenplanten. Het gaat om de verwilderde voorjaarsbloeiers in het historisch groen. De bol-, knol- en wortelstokgewassen die soms al eeuwen geleden zijn aangeplant op oude (Friese) landgoederen, buitenplaatsen, boerenerven en in tuinen bij pastorie\u00ebn en woningen van notabelen. De auteurs beschrijven de historie, de aanleg, het [&hellip;]<\/p>\n","protected":false},"featured_media":18447,"comment_status":"closed","ping_status":"closed","template":"","meta":{"_acf_changed":false},"product_brand":[],"product_cat":[24306,545,555,1221,542,1216],"product_tag":[12669,12668,12667,12670],"class_list":{"0":"post-18446","1":"product","2":"type-product","3":"status-publish","4":"has-post-thumbnail","6":"product_cat-de-moanne-fan-de-skiednis","7":"product_cat-fotoboeken","8":"product_cat-hobby","9":"product_cat-maitiid","10":"product_cat-natoer","11":"product_cat-natoer-en-toerisme","12":"product_tag-buitenplaatsen","13":"product_tag-landgoederen","14":"product_tag-stinzenplanten-in-fryslan","15":"product_tag-voorjaarbloeiers","16":"product_shipping_class-brievenbus-verzending","17":"pa_auteur-redactie-henk-buith-e-a","18":"pa_isbn-12666","19":"pa_new-label-1-3","20":"pa_taal-nederlands","21":"pa_uitgever-noordboek","23":"first","24":"instock","25":"featured","26":"taxable","27":"shipping-taxable","28":"purchasable","29":"product-type-simple"},"acf":[],"yoast_head":"<!-- This site is optimized with the Yoast SEO plugin v27.2 - https:\/\/yoast.com\/product\/yoast-seo-wordpress\/ -->\n<title>Stinzenplanten in Frysl\u00e2n &#8211; Af\u00fbk Websjop<\/title>\n<meta name=\"description\" content=\"Stinzenplanten in Frysl\u00e2n is een rijk ge\u00efllustreerd boek over stinzenplanten. Het gaat om de verwilderde voorjaarsbloeiers in het historisch groen.\" \/>\n<meta name=\"robots\" content=\"index, follow, max-snippet:-1, max-image-preview:large, max-video-preview:-1\" \/>\n<link rel=\"canonical\" href=\"https:\/\/websjop.afuk.frl\/frl\/winkel\/stinzenplanten-in-fryslan\/\" \/>\n<meta property=\"og:locale\" content=\"fy_NL\" \/>\n<meta property=\"og:type\" content=\"article\" \/>\n<meta property=\"og:title\" content=\"Stinzenplanten in Frysl\u00e2n &#8211; Af\u00fbk Websjop\" \/>\n<meta property=\"og:description\" content=\"Stinzenplanten in Frysl\u00e2n is een rijk ge\u00efllustreerd boek over stinzenplanten. Het gaat om de verwilderde voorjaarsbloeiers in het historisch groen.\" \/>\n<meta property=\"og:url\" content=\"https:\/\/websjop.afuk.frl\/frl\/winkel\/stinzenplanten-in-fryslan\/\" \/>\n<meta property=\"og:site_name\" content=\"Af\u00fbk Websjop\" \/>\n<meta property=\"article:modified_time\" content=\"2025-09-25T09:53:18+00:00\" \/>\n<meta property=\"og:image\" content=\"https:\/\/websjop.afuk.frl\/wp-content\/uploads\/2020\/04\/Stinzenplanten-in-Frysl\u00e2n130.jpg\" \/>\n\t<meta property=\"og:image:width\" content=\"517\" \/>\n\t<meta property=\"og:image:height\" content=\"742\" \/>\n\t<meta property=\"og:image:type\" content=\"image\/jpeg\" \/>\n<meta name=\"twitter:card\" content=\"summary_large_image\" \/>\n<meta name=\"twitter:label1\" content=\"Est. reading time\" \/>\n\t<meta name=\"twitter:data1\" content=\"1 minute\" \/>\n<script type=\"application\/ld+json\" class=\"yoast-schema-graph\">{\"@context\":\"https:\/\/schema.org\",\"@graph\":[{\"@type\":\"WebPage\",\"@id\":\"https:\/\/websjop.afuk.frl\/frl\/winkel\/stinzenplanten-in-fryslan\/\",\"url\":\"https:\/\/websjop.afuk.frl\/frl\/winkel\/stinzenplanten-in-fryslan\/\",\"name\":\"Stinzenplanten in Frysl\u00e2n &#8211; Af\u00fbk Websjop\",\"isPartOf\":{\"@id\":\"https:\/\/websjop.afuk.frl\/frl\/#website\"},\"primaryImageOfPage\":{\"@id\":\"https:\/\/websjop.afuk.frl\/frl\/winkel\/stinzenplanten-in-fryslan\/#primaryimage\"},\"image\":{\"@id\":\"https:\/\/websjop.afuk.frl\/frl\/winkel\/stinzenplanten-in-fryslan\/#primaryimage\"},\"thumbnailUrl\":\"https:\/\/websjop.afuk.frl\/wp-content\/uploads\/2020\/04\/Stinzenplanten-in-Frysl\u00e2n130.jpg\",\"datePublished\":\"2021-01-01T14:25:05+00:00\",\"dateModified\":\"2025-09-25T09:53:18+00:00\",\"description\":\"Stinzenplanten in Frysl\u00e2n is een rijk ge\u00efllustreerd boek over stinzenplanten. Het gaat om de verwilderde voorjaarsbloeiers in het historisch groen.\",\"breadcrumb\":{\"@id\":\"https:\/\/websjop.afuk.frl\/frl\/winkel\/stinzenplanten-in-fryslan\/#breadcrumb\"},\"inLanguage\":\"fy-NL\",\"potentialAction\":[{\"@type\":\"ReadAction\",\"target\":[\"https:\/\/websjop.afuk.frl\/frl\/winkel\/stinzenplanten-in-fryslan\/\"]}]},{\"@type\":\"ImageObject\",\"inLanguage\":\"fy-NL\",\"@id\":\"https:\/\/websjop.afuk.frl\/frl\/winkel\/stinzenplanten-in-fryslan\/#primaryimage\",\"url\":\"https:\/\/websjop.afuk.frl\/wp-content\/uploads\/2020\/04\/Stinzenplanten-in-Frysl\u00e2n130.jpg\",\"contentUrl\":\"https:\/\/websjop.afuk.frl\/wp-content\/uploads\/2020\/04\/Stinzenplanten-in-Frysl\u00e2n130.jpg\",\"width\":517,\"height\":742,\"caption\":\"Stinzenplanten in Frysl\u00e2n\"},{\"@type\":\"BreadcrumbList\",\"@id\":\"https:\/\/websjop.afuk.frl\/frl\/winkel\/stinzenplanten-in-fryslan\/#breadcrumb\",\"itemListElement\":[{\"@type\":\"ListItem\",\"position\":1,\"name\":\"Home\",\"item\":\"https:\/\/websjop.afuk.frl\/frl\/\"},{\"@type\":\"ListItem\",\"position\":2,\"name\":\"Winkel\",\"item\":\"https:\/\/websjop.afuk.frl\/nl\/winkel\/\"},{\"@type\":\"ListItem\",\"position\":3,\"name\":\"Stinzenplanten in Frysl\u00e2n\"}]},{\"@type\":\"WebSite\",\"@id\":\"https:\/\/websjop.afuk.frl\/frl\/#website\",\"url\":\"https:\/\/websjop.afuk.frl\/frl\/\",\"name\":\"Af\u00fbk Websjop\",\"description\":\"\",\"potentialAction\":[{\"@type\":\"SearchAction\",\"target\":{\"@type\":\"EntryPoint\",\"urlTemplate\":\"https:\/\/websjop.afuk.frl\/frl\/?s={search_term_string}\"},\"query-input\":{\"@type\":\"PropertyValueSpecification\",\"valueRequired\":true,\"valueName\":\"search_term_string\"}}],\"inLanguage\":\"fy-NL\"}]}<\/script>\n<!-- \/ Yoast SEO plugin. -->","yoast_head_json":{"title":"Stinzenplanten in Frysl\u00e2n &#8211; Af\u00fbk Websjop","description":"Stinzenplanten in Frysl\u00e2n is een rijk ge\u00efllustreerd boek over stinzenplanten. Het gaat om de verwilderde voorjaarsbloeiers in het historisch groen.","robots":{"index":"index","follow":"follow","max-snippet":"max-snippet:-1","max-image-preview":"max-image-preview:large","max-video-preview":"max-video-preview:-1"},"canonical":"https:\/\/websjop.afuk.frl\/frl\/winkel\/stinzenplanten-in-fryslan\/","og_locale":"fy_NL","og_type":"article","og_title":"Stinzenplanten in Frysl\u00e2n &#8211; Af\u00fbk Websjop","og_description":"Stinzenplanten in Frysl\u00e2n is een rijk ge\u00efllustreerd boek over stinzenplanten. Het gaat om de verwilderde voorjaarsbloeiers in het historisch groen.","og_url":"https:\/\/websjop.afuk.frl\/frl\/winkel\/stinzenplanten-in-fryslan\/","og_site_name":"Af\u00fbk Websjop","article_modified_time":"2025-09-25T09:53:18+00:00","og_image":[{"width":517,"height":742,"url":"https:\/\/websjop.afuk.frl\/wp-content\/uploads\/2020\/04\/Stinzenplanten-in-Frysl\u00e2n130.jpg","type":"image\/jpeg"}],"twitter_card":"summary_large_image","twitter_misc":{"Est. reading time":"1 minute"},"schema":{"@context":"https:\/\/schema.org","@graph":[{"@type":"WebPage","@id":"https:\/\/websjop.afuk.frl\/frl\/winkel\/stinzenplanten-in-fryslan\/","url":"https:\/\/websjop.afuk.frl\/frl\/winkel\/stinzenplanten-in-fryslan\/","name":"Stinzenplanten in Frysl\u00e2n &#8211; Af\u00fbk Websjop","isPartOf":{"@id":"https:\/\/websjop.afuk.frl\/frl\/#website"},"primaryImageOfPage":{"@id":"https:\/\/websjop.afuk.frl\/frl\/winkel\/stinzenplanten-in-fryslan\/#primaryimage"},"image":{"@id":"https:\/\/websjop.afuk.frl\/frl\/winkel\/stinzenplanten-in-fryslan\/#primaryimage"},"thumbnailUrl":"https:\/\/websjop.afuk.frl\/wp-content\/uploads\/2020\/04\/Stinzenplanten-in-Frysl\u00e2n130.jpg","datePublished":"2021-01-01T14:25:05+00:00","dateModified":"2025-09-25T09:53:18+00:00","description":"Stinzenplanten in Frysl\u00e2n is een rijk ge\u00efllustreerd boek over stinzenplanten. Het gaat om de verwilderde voorjaarsbloeiers in het historisch groen.","breadcrumb":{"@id":"https:\/\/websjop.afuk.frl\/frl\/winkel\/stinzenplanten-in-fryslan\/#breadcrumb"},"inLanguage":"fy-NL","potentialAction":[{"@type":"ReadAction","target":["https:\/\/websjop.afuk.frl\/frl\/winkel\/stinzenplanten-in-fryslan\/"]}]},{"@type":"ImageObject","inLanguage":"fy-NL","@id":"https:\/\/websjop.afuk.frl\/frl\/winkel\/stinzenplanten-in-fryslan\/#primaryimage","url":"https:\/\/websjop.afuk.frl\/wp-content\/uploads\/2020\/04\/Stinzenplanten-in-Frysl\u00e2n130.jpg","contentUrl":"https:\/\/websjop.afuk.frl\/wp-content\/uploads\/2020\/04\/Stinzenplanten-in-Frysl\u00e2n130.jpg","width":517,"height":742,"caption":"Stinzenplanten in Frysl\u00e2n"},{"@type":"BreadcrumbList","@id":"https:\/\/websjop.afuk.frl\/frl\/winkel\/stinzenplanten-in-fryslan\/#breadcrumb","itemListElement":[{"@type":"ListItem","position":1,"name":"Home","item":"https:\/\/websjop.afuk.frl\/frl\/"},{"@type":"ListItem","position":2,"name":"Winkel","item":"https:\/\/websjop.afuk.frl\/nl\/winkel\/"},{"@type":"ListItem","position":3,"name":"Stinzenplanten in Frysl\u00e2n"}]},{"@type":"WebSite","@id":"https:\/\/websjop.afuk.frl\/frl\/#website","url":"https:\/\/websjop.afuk.frl\/frl\/","name":"Af\u00fbk Websjop","description":"","potentialAction":[{"@type":"SearchAction","target":{"@type":"EntryPoint","urlTemplate":"https:\/\/websjop.afuk.frl\/frl\/?s={search_term_string}"},"query-input":{"@type":"PropertyValueSpecification","valueRequired":true,"valueName":"search_term_string"}}],"inLanguage":"fy-NL"}]}},"_links":{"self":[{"href":"https:\/\/websjop.afuk.frl\/frl\/wp-json\/wp\/v2\/product\/18446","targetHints":{"allow":["GET"]}}],"collection":[{"href":"https:\/\/websjop.afuk.frl\/frl\/wp-json\/wp\/v2\/product"}],"about":[{"href":"https:\/\/websjop.afuk.frl\/frl\/wp-json\/wp\/v2\/types\/product"}],"replies":[{"embeddable":true,"href":"https:\/\/websjop.afuk.frl\/frl\/wp-json\/wp\/v2\/comments?post=18446"}],"wp:featuredmedia":[{"embeddable":true,"href":"https:\/\/websjop.afuk.frl\/frl\/wp-json\/wp\/v2\/media\/18447"}],"wp:attachment":[{"href":"https:\/\/websjop.afuk.frl\/frl\/wp-json\/wp\/v2\/media?parent=18446"}],"wp:term":[{"taxonomy":"product_brand","embeddable":true,"href":"https:\/\/websjop.afuk.frl\/frl\/wp-json\/wp\/v2\/product_brand?post=18446"},{"taxonomy":"product_cat","embeddable":true,"href":"https:\/\/websjop.afuk.frl\/frl\/wp-json\/wp\/v2\/product_cat?post=18446"},{"taxonomy":"product_tag","embeddable":true,"href":"https:\/\/websjop.afuk.frl\/frl\/wp-json\/wp\/v2\/product_tag?post=18446"}],"curies":[{"name":"wp","href":"https:\/\/api.w.org\/{rel}","templated":true}]}}