{"id":18377,"date":"2020-04-16T12:57:45","date_gmt":"2020-04-16T11:57:45","guid":{"rendered":"https:\/\/websjop.afuk.frl\/nl\/?post_type=product&#038;p=18377"},"modified":"2024-10-30T12:22:30","modified_gmt":"2024-10-30T11:22:30","slug":"wat-in-koffer-seit","status":"publish","type":"product","link":"https:\/\/websjop.afuk.frl\/frl\/winkel\/wat-in-koffer-seit\/","title":{"rendered":"Wat in koffer seit"},"content":{"rendered":"<p><em>Ik bin in lytse koffer \u00fat Frankfurt am Main en ik sykje myn baas, w\u00ear is er toch tein?<\/em><\/p>\n<p>Als muren konden praten, de muren van Theresienstadt&#8230; Maar muren houden zich niet voor altijd en eeuwig stil. Dankzij Ilse Weber (1903-1944) weten we wat ze gezegd hebben, zij heeft de muren het verhaal laten doen. Ilse liet als dichter zelf een koffer praten, in een roetzwarte oorlog. Ilse Weber, die als nachtzuster in het kinderziekenhuis in Theresienstadt altijd een sneeuwwit schort droeg, werd een kleine ster, zonder het te weten of op sterrendom uit was. Licht of duister: dichters hebben overal woorden. Want het zwijgen zou het allerlaatste zijn.<\/p>\n<p><em>Wat in koffer seit <\/em>is ontstaan na het verzoek van Inez Timmer (1955), in voorbereiding op het theaterprogramma &#8216;Holocaust-Hollywood, de kinderen van Ilse Weber&#8217;, in 2020 in premi\u00e8re gegaan. Eppie Dam had al eerder liederen voor haar vertaald, waaronder het beroemde &#8216;Lili Marleen&#8217;, reeds geschreven in 1915, maar in 1941 pas overal bekend geworden. Omdat er toen alweer een oorlog was.<\/p>\n<hr \/>\n<p><em>Jinke Stoker: &#8220;De fersen binne flot te l\u00eazen en alhiel net dreech. Se binne d\u00earom geskikt foar elkenien. Ek minsken dy\u2019t net fan gedichten en fersen h\u00e2lde, kinne hjir wat fan har gading yn fine. It bliuwt altyd in wichtich \u00fbnderwerp; wat der yn de Twadde Wr\u00e2ldkriich bard is, meie wy nea ferjitte.&#8221; <a href=\"https:\/\/heitenmem.nl\/artikel\/19842\/de-boekresinsje-fan-jinke-wat-in-koffer-seit\/\" target=\"_blank\" rel=\"noopener noreferrer\">L\u00eas hjir Jinke har hiele resinsje &gt;&gt;<\/a><\/em><\/p>\n","protected":false},"excerpt":{"rendered":"<p>Ik bin in lytse koffer \u00fat Frankfurt am Main en ik sykje myn baas, w\u00ear is er toch tein? Als muren konden praten, de muren van Theresienstadt&#8230; Maar muren houden zich niet voor altijd en eeuwig stil. Dankzij Ilse Weber (1903-1944) weten we wat ze gezegd hebben, zij heeft de muren het verhaal laten doen. [&hellip;]<\/p>\n","protected":false},"featured_media":18379,"comment_status":"closed","ping_status":"closed","template":"","meta":{"_acf_changed":false},"product_brand":[],"product_cat":[1213,538,535,552,1160,1215,539,1163],"product_tag":[6189,5659,5191,12447,12448,12449,12446],"class_list":{"0":"post-18377","1":"product","2":"type-product","3":"status-publish","4":"has-post-thumbnail","6":"product_cat-berne-en-jeugdboeken","7":"product_cat-dichtbondels","8":"product_cat-fryske-boeken","9":"product_cat-jeugdboeken","10":"product_cat-poezy-rymkes-en-ferskes-foar-bern","11":"product_cat-romans-en-literatuer","12":"product_cat-skiednis","13":"product_cat-wo2","14":"product_tag-eppie-dam","15":"product_tag-fersen","16":"product_tag-gedichten","17":"product_tag-ilse-weber","18":"product_tag-inez-timmer","19":"product_tag-theresienstadt","20":"product_tag-wat-in-koffer-seit","21":"product_shipping_class-brievenbus-verzending","22":"pa_auteur-ilse-weber","23":"pa_isbn-12441","24":"pa_new-label-1-3","25":"pa_taal-frysk","26":"pa_uitgever-afuk","27":"pa_vertaler-eppie-dam","29":"first","30":"instock","31":"taxable","32":"shipping-taxable","33":"purchasable","34":"product-type-simple"},"acf":[],"yoast_head":"<!-- This site is optimized with the Yoast SEO plugin v27.3 - https:\/\/yoast.com\/product\/yoast-seo-wordpress\/ -->\n<title>Wat in koffer seit &#8211; Af\u00fbk Websjop<\/title>\n<meta name=\"description\" content=\"&#039;Wat in koffer seit, fersen \u00fat Theresienstadt&#039; is ontstaan naar aanleiding van het Theaterprogramma &#039;Holocaust-Hollywood, de kinderen van Ilse Weber&#039;.\" \/>\n<meta name=\"robots\" content=\"index, follow, max-snippet:-1, max-image-preview:large, max-video-preview:-1\" \/>\n<link rel=\"canonical\" href=\"https:\/\/websjop.afuk.frl\/frl\/winkel\/wat-in-koffer-seit\/\" \/>\n<meta property=\"og:locale\" content=\"fy_NL\" \/>\n<meta property=\"og:type\" content=\"article\" \/>\n<meta property=\"og:title\" content=\"Wat in koffer seit &#8211; Af\u00fbk Websjop\" \/>\n<meta property=\"og:description\" content=\"&#039;Wat in koffer seit, fersen \u00fat Theresienstadt&#039; is ontstaan naar aanleiding van het Theaterprogramma &#039;Holocaust-Hollywood, de kinderen van Ilse Weber&#039;.\" \/>\n<meta property=\"og:url\" content=\"https:\/\/websjop.afuk.frl\/frl\/winkel\/wat-in-koffer-seit\/\" \/>\n<meta property=\"og:site_name\" content=\"Af\u00fbk Websjop\" \/>\n<meta property=\"article:modified_time\" content=\"2024-10-30T11:22:30+00:00\" \/>\n<meta property=\"og:image\" content=\"https:\/\/websjop.afuk.frl\/wp-content\/uploads\/2020\/04\/Wat-in-koffer-seit-LR.jpg\" \/>\n\t<meta property=\"og:image:width\" content=\"416\" \/>\n\t<meta property=\"og:image:height\" content=\"587\" \/>\n\t<meta property=\"og:image:type\" content=\"image\/jpeg\" \/>\n<meta name=\"twitter:card\" content=\"summary_large_image\" \/>\n<meta name=\"twitter:label1\" content=\"Est. reading time\" \/>\n\t<meta name=\"twitter:data1\" content=\"1 minute\" \/>\n<script type=\"application\/ld+json\" class=\"yoast-schema-graph\">{\"@context\":\"https:\\\/\\\/schema.org\",\"@graph\":[{\"@type\":\"WebPage\",\"@id\":\"https:\\\/\\\/websjop.afuk.frl\\\/frl\\\/winkel\\\/wat-in-koffer-seit\\\/\",\"url\":\"https:\\\/\\\/websjop.afuk.frl\\\/frl\\\/winkel\\\/wat-in-koffer-seit\\\/\",\"name\":\"Wat in koffer seit &#8211; Af\u00fbk Websjop\",\"isPartOf\":{\"@id\":\"https:\\\/\\\/websjop.afuk.frl\\\/frl\\\/#website\"},\"primaryImageOfPage\":{\"@id\":\"https:\\\/\\\/websjop.afuk.frl\\\/frl\\\/winkel\\\/wat-in-koffer-seit\\\/#primaryimage\"},\"image\":{\"@id\":\"https:\\\/\\\/websjop.afuk.frl\\\/frl\\\/winkel\\\/wat-in-koffer-seit\\\/#primaryimage\"},\"thumbnailUrl\":\"https:\\\/\\\/websjop.afuk.frl\\\/wp-content\\\/uploads\\\/2020\\\/04\\\/Wat-in-koffer-seit-LR.jpg\",\"datePublished\":\"2020-04-16T11:57:45+00:00\",\"dateModified\":\"2024-10-30T11:22:30+00:00\",\"description\":\"'Wat in koffer seit, fersen \u00fat Theresienstadt' is ontstaan naar aanleiding van het Theaterprogramma 'Holocaust-Hollywood, de kinderen van Ilse Weber'.\",\"breadcrumb\":{\"@id\":\"https:\\\/\\\/websjop.afuk.frl\\\/frl\\\/winkel\\\/wat-in-koffer-seit\\\/#breadcrumb\"},\"inLanguage\":\"fy-NL\",\"potentialAction\":[{\"@type\":\"ReadAction\",\"target\":[\"https:\\\/\\\/websjop.afuk.frl\\\/frl\\\/winkel\\\/wat-in-koffer-seit\\\/\"]}]},{\"@type\":\"ImageObject\",\"inLanguage\":\"fy-NL\",\"@id\":\"https:\\\/\\\/websjop.afuk.frl\\\/frl\\\/winkel\\\/wat-in-koffer-seit\\\/#primaryimage\",\"url\":\"https:\\\/\\\/websjop.afuk.frl\\\/wp-content\\\/uploads\\\/2020\\\/04\\\/Wat-in-koffer-seit-LR.jpg\",\"contentUrl\":\"https:\\\/\\\/websjop.afuk.frl\\\/wp-content\\\/uploads\\\/2020\\\/04\\\/Wat-in-koffer-seit-LR.jpg\",\"width\":416,\"height\":587,\"caption\":\"Wat in koffer seit\"},{\"@type\":\"BreadcrumbList\",\"@id\":\"https:\\\/\\\/websjop.afuk.frl\\\/frl\\\/winkel\\\/wat-in-koffer-seit\\\/#breadcrumb\",\"itemListElement\":[{\"@type\":\"ListItem\",\"position\":1,\"name\":\"Home\",\"item\":\"https:\\\/\\\/websjop.afuk.frl\\\/frl\\\/\"},{\"@type\":\"ListItem\",\"position\":2,\"name\":\"Winkel\",\"item\":\"https:\\\/\\\/websjop.afuk.frl\\\/nl\\\/winkel\\\/\"},{\"@type\":\"ListItem\",\"position\":3,\"name\":\"Wat in koffer seit\"}]},{\"@type\":\"WebSite\",\"@id\":\"https:\\\/\\\/websjop.afuk.frl\\\/frl\\\/#website\",\"url\":\"https:\\\/\\\/websjop.afuk.frl\\\/frl\\\/\",\"name\":\"Af\u00fbk Websjop\",\"description\":\"\",\"potentialAction\":[{\"@type\":\"SearchAction\",\"target\":{\"@type\":\"EntryPoint\",\"urlTemplate\":\"https:\\\/\\\/websjop.afuk.frl\\\/frl\\\/?s={search_term_string}\"},\"query-input\":{\"@type\":\"PropertyValueSpecification\",\"valueRequired\":true,\"valueName\":\"search_term_string\"}}],\"inLanguage\":\"fy-NL\"}]}<\/script>\n<!-- \/ Yoast SEO plugin. -->","yoast_head_json":{"title":"Wat in koffer seit &#8211; Af\u00fbk Websjop","description":"'Wat in koffer seit, fersen \u00fat Theresienstadt' is ontstaan naar aanleiding van het Theaterprogramma 'Holocaust-Hollywood, de kinderen van Ilse Weber'.","robots":{"index":"index","follow":"follow","max-snippet":"max-snippet:-1","max-image-preview":"max-image-preview:large","max-video-preview":"max-video-preview:-1"},"canonical":"https:\/\/websjop.afuk.frl\/frl\/winkel\/wat-in-koffer-seit\/","og_locale":"fy_NL","og_type":"article","og_title":"Wat in koffer seit &#8211; Af\u00fbk Websjop","og_description":"'Wat in koffer seit, fersen \u00fat Theresienstadt' is ontstaan naar aanleiding van het Theaterprogramma 'Holocaust-Hollywood, de kinderen van Ilse Weber'.","og_url":"https:\/\/websjop.afuk.frl\/frl\/winkel\/wat-in-koffer-seit\/","og_site_name":"Af\u00fbk Websjop","article_modified_time":"2024-10-30T11:22:30+00:00","og_image":[{"width":416,"height":587,"url":"https:\/\/websjop.afuk.frl\/wp-content\/uploads\/2020\/04\/Wat-in-koffer-seit-LR.jpg","type":"image\/jpeg"}],"twitter_card":"summary_large_image","twitter_misc":{"Est. reading time":"1 minute"},"schema":{"@context":"https:\/\/schema.org","@graph":[{"@type":"WebPage","@id":"https:\/\/websjop.afuk.frl\/frl\/winkel\/wat-in-koffer-seit\/","url":"https:\/\/websjop.afuk.frl\/frl\/winkel\/wat-in-koffer-seit\/","name":"Wat in koffer seit &#8211; Af\u00fbk Websjop","isPartOf":{"@id":"https:\/\/websjop.afuk.frl\/frl\/#website"},"primaryImageOfPage":{"@id":"https:\/\/websjop.afuk.frl\/frl\/winkel\/wat-in-koffer-seit\/#primaryimage"},"image":{"@id":"https:\/\/websjop.afuk.frl\/frl\/winkel\/wat-in-koffer-seit\/#primaryimage"},"thumbnailUrl":"https:\/\/websjop.afuk.frl\/wp-content\/uploads\/2020\/04\/Wat-in-koffer-seit-LR.jpg","datePublished":"2020-04-16T11:57:45+00:00","dateModified":"2024-10-30T11:22:30+00:00","description":"'Wat in koffer seit, fersen \u00fat Theresienstadt' is ontstaan naar aanleiding van het Theaterprogramma 'Holocaust-Hollywood, de kinderen van Ilse Weber'.","breadcrumb":{"@id":"https:\/\/websjop.afuk.frl\/frl\/winkel\/wat-in-koffer-seit\/#breadcrumb"},"inLanguage":"fy-NL","potentialAction":[{"@type":"ReadAction","target":["https:\/\/websjop.afuk.frl\/frl\/winkel\/wat-in-koffer-seit\/"]}]},{"@type":"ImageObject","inLanguage":"fy-NL","@id":"https:\/\/websjop.afuk.frl\/frl\/winkel\/wat-in-koffer-seit\/#primaryimage","url":"https:\/\/websjop.afuk.frl\/wp-content\/uploads\/2020\/04\/Wat-in-koffer-seit-LR.jpg","contentUrl":"https:\/\/websjop.afuk.frl\/wp-content\/uploads\/2020\/04\/Wat-in-koffer-seit-LR.jpg","width":416,"height":587,"caption":"Wat in koffer seit"},{"@type":"BreadcrumbList","@id":"https:\/\/websjop.afuk.frl\/frl\/winkel\/wat-in-koffer-seit\/#breadcrumb","itemListElement":[{"@type":"ListItem","position":1,"name":"Home","item":"https:\/\/websjop.afuk.frl\/frl\/"},{"@type":"ListItem","position":2,"name":"Winkel","item":"https:\/\/websjop.afuk.frl\/nl\/winkel\/"},{"@type":"ListItem","position":3,"name":"Wat in koffer seit"}]},{"@type":"WebSite","@id":"https:\/\/websjop.afuk.frl\/frl\/#website","url":"https:\/\/websjop.afuk.frl\/frl\/","name":"Af\u00fbk Websjop","description":"","potentialAction":[{"@type":"SearchAction","target":{"@type":"EntryPoint","urlTemplate":"https:\/\/websjop.afuk.frl\/frl\/?s={search_term_string}"},"query-input":{"@type":"PropertyValueSpecification","valueRequired":true,"valueName":"search_term_string"}}],"inLanguage":"fy-NL"}]}},"_links":{"self":[{"href":"https:\/\/websjop.afuk.frl\/frl\/wp-json\/wp\/v2\/product\/18377","targetHints":{"allow":["GET"]}}],"collection":[{"href":"https:\/\/websjop.afuk.frl\/frl\/wp-json\/wp\/v2\/product"}],"about":[{"href":"https:\/\/websjop.afuk.frl\/frl\/wp-json\/wp\/v2\/types\/product"}],"replies":[{"embeddable":true,"href":"https:\/\/websjop.afuk.frl\/frl\/wp-json\/wp\/v2\/comments?post=18377"}],"wp:featuredmedia":[{"embeddable":true,"href":"https:\/\/websjop.afuk.frl\/frl\/wp-json\/wp\/v2\/media\/18379"}],"wp:attachment":[{"href":"https:\/\/websjop.afuk.frl\/frl\/wp-json\/wp\/v2\/media?parent=18377"}],"wp:term":[{"taxonomy":"product_brand","embeddable":true,"href":"https:\/\/websjop.afuk.frl\/frl\/wp-json\/wp\/v2\/product_brand?post=18377"},{"taxonomy":"product_cat","embeddable":true,"href":"https:\/\/websjop.afuk.frl\/frl\/wp-json\/wp\/v2\/product_cat?post=18377"},{"taxonomy":"product_tag","embeddable":true,"href":"https:\/\/websjop.afuk.frl\/frl\/wp-json\/wp\/v2\/product_tag?post=18377"}],"curies":[{"name":"wp","href":"https:\/\/api.w.org\/{rel}","templated":true}]}}