{"id":18138,"date":"2020-03-30T12:58:37","date_gmt":"2020-03-30T11:58:37","guid":{"rendered":"https:\/\/websjop.afuk.frl\/nl\/?post_type=product&#038;p=18138"},"modified":"2026-02-20T14:35:02","modified_gmt":"2026-02-20T13:35:02","slug":"de-poetyske-edda","status":"publish","type":"product","link":"https:\/\/websjop.afuk.frl\/frl\/winkel\/de-poetyske-edda\/","title":{"rendered":"De Po\u00ebtyske Edda"},"content":{"rendered":"<p>Vertaald door en met een introductie van Willem Schoorstra.<\/p>\n<p>In deze prachtige verzameling Noords-IJslandse mythologie\u00ebn en hero\u00efsche po\u00ebzie komen goden en helden tot leven. De mooie Freya, Odin met zijn ene oog, de sterke Thor en de gewiekste Loki lopen gelijk op met Sigurd de Drakendoder, Helgi in verschillende incarnatie&#8217;s, de tragische Gudrun en de barse Atli (Attila de Hun).<\/p>\n<p>Voor het eerst verschijnt deze grote cultuurschat nu in het Fries. Een genot voor liefhebbers van rijke taal en mythische po\u00ebzie.<\/p>\n","protected":false},"excerpt":{"rendered":"<p>Vertaald door en met een introductie van Willem Schoorstra. In deze prachtige verzameling Noords-IJslandse mythologie\u00ebn en hero\u00efsche po\u00ebzie komen goden en helden tot leven. De mooie Freya, Odin met zijn ene oog, de sterke Thor en de gewiekste Loki lopen gelijk op met Sigurd de Drakendoder, Helgi in verschillende incarnatie&#8217;s, de tragische Gudrun en de [&hellip;]<\/p>\n","protected":false},"featured_media":18139,"comment_status":"closed","ping_status":"closed","template":"","meta":{"_acf_changed":false},"product_brand":[],"product_cat":[538,535,1215,539],"product_tag":[11584,11583,11585,5624],"class_list":{"0":"post-18138","1":"product","2":"type-product","3":"status-publish","4":"has-post-thumbnail","6":"product_cat-dichtbondels","7":"product_cat-fryske-boeken","8":"product_cat-romans-en-literatuer","9":"product_cat-skiednis","10":"product_tag-mythen-en-sagen","11":"product_tag-poetyske-edda","12":"product_tag-poezij","13":"product_tag-willem-schoorstra","14":"product_shipping_class-pakketpost-verzending","15":"pa_auteur-willem-schoorstra-2","16":"pa_isbn-11538","17":"pa_new-label-1-3","18":"pa_taal-frysk","19":"pa_uitgever-het-nieuwe-kanaal","21":"first","22":"outofstock","23":"taxable","24":"shipping-taxable","25":"purchasable","26":"product-type-simple"},"acf":[],"yoast_head":"<!-- This site is optimized with the Yoast SEO plugin v27.3 - https:\/\/yoast.com\/product\/yoast-seo-wordpress\/ -->\n<title>De Po\u00ebtyske Edda &#8211; Af\u00fbk Websjop<\/title>\n<meta name=\"description\" content=\"In deze prachtige verzameling Noords-IJslandse mythologische en hero\u00efsche po\u00ebzie komen goden en helden tot leven. Nu voor het eerst in het Fries.\" \/>\n<meta name=\"robots\" content=\"index, follow, max-snippet:-1, max-image-preview:large, max-video-preview:-1\" \/>\n<link rel=\"canonical\" href=\"https:\/\/websjop.afuk.frl\/frl\/winkel\/de-poetyske-edda\/\" \/>\n<meta property=\"og:locale\" content=\"fy_NL\" \/>\n<meta property=\"og:type\" content=\"article\" \/>\n<meta property=\"og:title\" content=\"De Po\u00ebtyske Edda &#8211; Af\u00fbk Websjop\" \/>\n<meta property=\"og:description\" content=\"In deze prachtige verzameling Noords-IJslandse mythologische en hero\u00efsche po\u00ebzie komen goden en helden tot leven. Nu voor het eerst in het Fries.\" \/>\n<meta property=\"og:url\" content=\"https:\/\/websjop.afuk.frl\/frl\/winkel\/de-poetyske-edda\/\" \/>\n<meta property=\"og:site_name\" content=\"Af\u00fbk Websjop\" \/>\n<meta property=\"article:modified_time\" content=\"2026-02-20T13:35:02+00:00\" \/>\n<meta property=\"og:image\" content=\"https:\/\/websjop.afuk.frl\/wp-content\/uploads\/2020\/03\/de-Po\u00ebtyske-Edda113.jpg\" \/>\n\t<meta property=\"og:image:width\" content=\"455\" \/>\n\t<meta property=\"og:image:height\" content=\"678\" \/>\n\t<meta property=\"og:image:type\" content=\"image\/jpeg\" \/>\n<meta name=\"twitter:card\" content=\"summary_large_image\" \/>\n<script type=\"application\/ld+json\" class=\"yoast-schema-graph\">{\"@context\":\"https:\\\/\\\/schema.org\",\"@graph\":[{\"@type\":\"WebPage\",\"@id\":\"https:\\\/\\\/websjop.afuk.frl\\\/frl\\\/winkel\\\/de-poetyske-edda\\\/\",\"url\":\"https:\\\/\\\/websjop.afuk.frl\\\/frl\\\/winkel\\\/de-poetyske-edda\\\/\",\"name\":\"De Po\u00ebtyske Edda &#8211; Af\u00fbk Websjop\",\"isPartOf\":{\"@id\":\"https:\\\/\\\/websjop.afuk.frl\\\/frl\\\/#website\"},\"primaryImageOfPage\":{\"@id\":\"https:\\\/\\\/websjop.afuk.frl\\\/frl\\\/winkel\\\/de-poetyske-edda\\\/#primaryimage\"},\"image\":{\"@id\":\"https:\\\/\\\/websjop.afuk.frl\\\/frl\\\/winkel\\\/de-poetyske-edda\\\/#primaryimage\"},\"thumbnailUrl\":\"https:\\\/\\\/websjop.afuk.frl\\\/wp-content\\\/uploads\\\/2020\\\/03\\\/de-Po\u00ebtyske-Edda113.jpg\",\"datePublished\":\"2020-03-30T11:58:37+00:00\",\"dateModified\":\"2026-02-20T13:35:02+00:00\",\"description\":\"In deze prachtige verzameling Noords-IJslandse mythologische en hero\u00efsche po\u00ebzie komen goden en helden tot leven. Nu voor het eerst in het Fries.\",\"breadcrumb\":{\"@id\":\"https:\\\/\\\/websjop.afuk.frl\\\/frl\\\/winkel\\\/de-poetyske-edda\\\/#breadcrumb\"},\"inLanguage\":\"fy-NL\",\"potentialAction\":[{\"@type\":\"ReadAction\",\"target\":[\"https:\\\/\\\/websjop.afuk.frl\\\/frl\\\/winkel\\\/de-poetyske-edda\\\/\"]}]},{\"@type\":\"ImageObject\",\"inLanguage\":\"fy-NL\",\"@id\":\"https:\\\/\\\/websjop.afuk.frl\\\/frl\\\/winkel\\\/de-poetyske-edda\\\/#primaryimage\",\"url\":\"https:\\\/\\\/websjop.afuk.frl\\\/wp-content\\\/uploads\\\/2020\\\/03\\\/de-Po\u00ebtyske-Edda113.jpg\",\"contentUrl\":\"https:\\\/\\\/websjop.afuk.frl\\\/wp-content\\\/uploads\\\/2020\\\/03\\\/de-Po\u00ebtyske-Edda113.jpg\",\"width\":455,\"height\":678,\"caption\":\"de Po\u00ebtyske Edda\"},{\"@type\":\"BreadcrumbList\",\"@id\":\"https:\\\/\\\/websjop.afuk.frl\\\/frl\\\/winkel\\\/de-poetyske-edda\\\/#breadcrumb\",\"itemListElement\":[{\"@type\":\"ListItem\",\"position\":1,\"name\":\"Home\",\"item\":\"https:\\\/\\\/websjop.afuk.frl\\\/frl\\\/\"},{\"@type\":\"ListItem\",\"position\":2,\"name\":\"Winkel\",\"item\":\"https:\\\/\\\/websjop.afuk.frl\\\/nl\\\/winkel\\\/\"},{\"@type\":\"ListItem\",\"position\":3,\"name\":\"De Po\u00ebtyske Edda\"}]},{\"@type\":\"WebSite\",\"@id\":\"https:\\\/\\\/websjop.afuk.frl\\\/frl\\\/#website\",\"url\":\"https:\\\/\\\/websjop.afuk.frl\\\/frl\\\/\",\"name\":\"Af\u00fbk Websjop\",\"description\":\"\",\"potentialAction\":[{\"@type\":\"SearchAction\",\"target\":{\"@type\":\"EntryPoint\",\"urlTemplate\":\"https:\\\/\\\/websjop.afuk.frl\\\/frl\\\/?s={search_term_string}\"},\"query-input\":{\"@type\":\"PropertyValueSpecification\",\"valueRequired\":true,\"valueName\":\"search_term_string\"}}],\"inLanguage\":\"fy-NL\"}]}<\/script>\n<!-- \/ Yoast SEO plugin. -->","yoast_head_json":{"title":"De Po\u00ebtyske Edda &#8211; Af\u00fbk Websjop","description":"In deze prachtige verzameling Noords-IJslandse mythologische en hero\u00efsche po\u00ebzie komen goden en helden tot leven. Nu voor het eerst in het Fries.","robots":{"index":"index","follow":"follow","max-snippet":"max-snippet:-1","max-image-preview":"max-image-preview:large","max-video-preview":"max-video-preview:-1"},"canonical":"https:\/\/websjop.afuk.frl\/frl\/winkel\/de-poetyske-edda\/","og_locale":"fy_NL","og_type":"article","og_title":"De Po\u00ebtyske Edda &#8211; Af\u00fbk Websjop","og_description":"In deze prachtige verzameling Noords-IJslandse mythologische en hero\u00efsche po\u00ebzie komen goden en helden tot leven. Nu voor het eerst in het Fries.","og_url":"https:\/\/websjop.afuk.frl\/frl\/winkel\/de-poetyske-edda\/","og_site_name":"Af\u00fbk Websjop","article_modified_time":"2026-02-20T13:35:02+00:00","og_image":[{"width":455,"height":678,"url":"https:\/\/websjop.afuk.frl\/wp-content\/uploads\/2020\/03\/de-Po\u00ebtyske-Edda113.jpg","type":"image\/jpeg"}],"twitter_card":"summary_large_image","schema":{"@context":"https:\/\/schema.org","@graph":[{"@type":"WebPage","@id":"https:\/\/websjop.afuk.frl\/frl\/winkel\/de-poetyske-edda\/","url":"https:\/\/websjop.afuk.frl\/frl\/winkel\/de-poetyske-edda\/","name":"De Po\u00ebtyske Edda &#8211; Af\u00fbk Websjop","isPartOf":{"@id":"https:\/\/websjop.afuk.frl\/frl\/#website"},"primaryImageOfPage":{"@id":"https:\/\/websjop.afuk.frl\/frl\/winkel\/de-poetyske-edda\/#primaryimage"},"image":{"@id":"https:\/\/websjop.afuk.frl\/frl\/winkel\/de-poetyske-edda\/#primaryimage"},"thumbnailUrl":"https:\/\/websjop.afuk.frl\/wp-content\/uploads\/2020\/03\/de-Po\u00ebtyske-Edda113.jpg","datePublished":"2020-03-30T11:58:37+00:00","dateModified":"2026-02-20T13:35:02+00:00","description":"In deze prachtige verzameling Noords-IJslandse mythologische en hero\u00efsche po\u00ebzie komen goden en helden tot leven. Nu voor het eerst in het Fries.","breadcrumb":{"@id":"https:\/\/websjop.afuk.frl\/frl\/winkel\/de-poetyske-edda\/#breadcrumb"},"inLanguage":"fy-NL","potentialAction":[{"@type":"ReadAction","target":["https:\/\/websjop.afuk.frl\/frl\/winkel\/de-poetyske-edda\/"]}]},{"@type":"ImageObject","inLanguage":"fy-NL","@id":"https:\/\/websjop.afuk.frl\/frl\/winkel\/de-poetyske-edda\/#primaryimage","url":"https:\/\/websjop.afuk.frl\/wp-content\/uploads\/2020\/03\/de-Po\u00ebtyske-Edda113.jpg","contentUrl":"https:\/\/websjop.afuk.frl\/wp-content\/uploads\/2020\/03\/de-Po\u00ebtyske-Edda113.jpg","width":455,"height":678,"caption":"de Po\u00ebtyske Edda"},{"@type":"BreadcrumbList","@id":"https:\/\/websjop.afuk.frl\/frl\/winkel\/de-poetyske-edda\/#breadcrumb","itemListElement":[{"@type":"ListItem","position":1,"name":"Home","item":"https:\/\/websjop.afuk.frl\/frl\/"},{"@type":"ListItem","position":2,"name":"Winkel","item":"https:\/\/websjop.afuk.frl\/nl\/winkel\/"},{"@type":"ListItem","position":3,"name":"De Po\u00ebtyske Edda"}]},{"@type":"WebSite","@id":"https:\/\/websjop.afuk.frl\/frl\/#website","url":"https:\/\/websjop.afuk.frl\/frl\/","name":"Af\u00fbk Websjop","description":"","potentialAction":[{"@type":"SearchAction","target":{"@type":"EntryPoint","urlTemplate":"https:\/\/websjop.afuk.frl\/frl\/?s={search_term_string}"},"query-input":{"@type":"PropertyValueSpecification","valueRequired":true,"valueName":"search_term_string"}}],"inLanguage":"fy-NL"}]}},"_links":{"self":[{"href":"https:\/\/websjop.afuk.frl\/frl\/wp-json\/wp\/v2\/product\/18138","targetHints":{"allow":["GET"]}}],"collection":[{"href":"https:\/\/websjop.afuk.frl\/frl\/wp-json\/wp\/v2\/product"}],"about":[{"href":"https:\/\/websjop.afuk.frl\/frl\/wp-json\/wp\/v2\/types\/product"}],"replies":[{"embeddable":true,"href":"https:\/\/websjop.afuk.frl\/frl\/wp-json\/wp\/v2\/comments?post=18138"}],"wp:featuredmedia":[{"embeddable":true,"href":"https:\/\/websjop.afuk.frl\/frl\/wp-json\/wp\/v2\/media\/18139"}],"wp:attachment":[{"href":"https:\/\/websjop.afuk.frl\/frl\/wp-json\/wp\/v2\/media?parent=18138"}],"wp:term":[{"taxonomy":"product_brand","embeddable":true,"href":"https:\/\/websjop.afuk.frl\/frl\/wp-json\/wp\/v2\/product_brand?post=18138"},{"taxonomy":"product_cat","embeddable":true,"href":"https:\/\/websjop.afuk.frl\/frl\/wp-json\/wp\/v2\/product_cat?post=18138"},{"taxonomy":"product_tag","embeddable":true,"href":"https:\/\/websjop.afuk.frl\/frl\/wp-json\/wp\/v2\/product_tag?post=18138"}],"curies":[{"name":"wp","href":"https:\/\/api.w.org\/{rel}","templated":true}]}}