{"id":17382,"date":"2020-01-29T11:23:07","date_gmt":"2020-01-29T10:23:07","guid":{"rendered":"https:\/\/websjop.afuk.frl\/?post_type=product&#038;p=17382"},"modified":"2020-04-30T22:47:28","modified_gmt":"2020-04-30T21:47:28","slug":"eigentrieds","status":"publish","type":"product","link":"https:\/\/websjop.afuk.frl\/frl\/winkel\/eigentrieds\/","title":{"rendered":"Eigentrieds"},"content":{"rendered":"<p>Amerikaanske &#8216;\u00fbnhillige&#8217; en &#8216;net-autentike&#8217; outlaw &#8211; en beatpo\u00ebzij.<\/p>\n<p>Guon dichters yn dizze bondel binne wis by in grutter publyk bekend of sels wr\u00e2ldferneamd. De 19e -iuwer Walt Whitman sil de ferneamdste w\u00eaze. Mar ek William Carlos Williams \u00fat it begjin fan de 20e iuw is in grutte namme krekt as Allen Ginsberg, dy&#8217;t yn de twadde helte fan de foarige iuw furoare makke. Der binne ek dichter-muzikanten by, sa as punkrocker Patty Smith en rockikoan Jim Morrisson, sjonger fan de The Doors.<\/p>\n<p>De term &#8216;outlaw&#8217; is ferb\u00fbn oan de titel fan in bloml\u00eazing fan wurk fan underground-dichters \u00fat de perioade fuort nei de Twadde Wr\u00e2ldoarloch.<\/p>\n<p>Oersetter en gearstaller Lubbert Jan de Vries skriuwt: &#8216;It is po\u00ebzy dy&#8217;t men better weistopje en geheim h\u00e2lde kin. Want skreaun tsjin de oerhearskjende kultuer en oer de wiere st\u00e2n fan l\u00e2n en minskdom. Skreaun \u00fat de \u00fbndergr\u00fbn wei wrottend nei de boppegr\u00fbn.&#8217; Foar dit boek is troch Lubbert Jan de Vries in kar makke \u00fat 162 jier po\u00ebzy \u00fat de \u00fbndergr\u00fbn troch dichters d\u00ear&#8217;t er guon fan oantsjut as &#8216;wyldbern&#8217; fan Whitman.<\/p>\n<p><em>Eigentrieds<\/em> is in unyk boek, ek om&#8217;t de foarmjouwing fan Jelle Post treflik op de sfear en de ynh\u00e2ld oansl\u00fat.<\/p>\n","protected":false},"excerpt":{"rendered":"<p>Amerikaanske &#8216;\u00fbnhillige&#8217; en &#8216;net-autentike&#8217; outlaw &#8211; en beatpo\u00ebzij. Guon dichters yn dizze bondel binne wis by in grutter publyk bekend of sels wr\u00e2ldferneamd. De 19e -iuwer Walt Whitman sil de ferneamdste w\u00eaze. Mar ek William Carlos Williams \u00fat it begjin fan de 20e iuw is in grutte namme krekt as Allen Ginsberg, dy&#8217;t yn de [&hellip;]<\/p>\n","protected":false},"featured_media":17383,"comment_status":"closed","ping_status":"closed","template":"","meta":{"_acf_changed":false},"product_brand":[],"product_cat":[538,535],"product_tag":[9587,9584,9585,9586],"class_list":{"0":"post-17382","1":"product","2":"type-product","3":"status-publish","4":"has-post-thumbnail","6":"product_cat-dichtbondels","7":"product_cat-fryske-boeken","8":"product_tag-beat","9":"product_tag-eigentrieds","10":"product_tag-lubbert-jan-de-vries","11":"product_tag-outlaw","12":"product_shipping_class-brievenbus-verzending","13":"pa_auteur-ferskate-dichters-2","14":"pa_isbn-9580","15":"pa_new-label-1-3","16":"pa_taal-frysk","17":"pa_uitgever-hispel","18":"pa_vertaler-lubbert-jan-de-vries","20":"first","21":"instock","22":"taxable","23":"shipping-taxable","24":"purchasable","25":"product-type-simple"},"acf":[],"yoast_head":"<!-- This site is optimized with the Yoast SEO plugin v27.3 - https:\/\/yoast.com\/product\/yoast-seo-wordpress\/ -->\n<title>Eigentrieds &#8211; Af\u00fbk Websjop<\/title>\n<meta name=\"robots\" content=\"index, follow, max-snippet:-1, max-image-preview:large, max-video-preview:-1\" \/>\n<link rel=\"canonical\" href=\"https:\/\/websjop.afuk.frl\/frl\/winkel\/eigentrieds\/\" \/>\n<meta property=\"og:locale\" content=\"fy_NL\" \/>\n<meta property=\"og:type\" content=\"article\" \/>\n<meta property=\"og:title\" content=\"Eigentrieds &#8211; Af\u00fbk Websjop\" \/>\n<meta property=\"og:description\" content=\"Amerikaanske &#8216;\u00fbnhillige&#8217; en &#8216;net-autentike&#8217; outlaw &#8211; en beatpo\u00ebzij. Guon dichters yn dizze bondel binne wis by in grutter publyk bekend of sels wr\u00e2ldferneamd. De 19e -iuwer Walt Whitman sil de ferneamdste w\u00eaze. Mar ek William Carlos Williams \u00fat it begjin fan de 20e iuw is in grutte namme krekt as Allen Ginsberg, dy&#8217;t yn de [&hellip;]\" \/>\n<meta property=\"og:url\" content=\"https:\/\/websjop.afuk.frl\/frl\/winkel\/eigentrieds\/\" \/>\n<meta property=\"og:site_name\" content=\"Af\u00fbk Websjop\" \/>\n<meta property=\"article:modified_time\" content=\"2020-04-30T21:47:28+00:00\" \/>\n<meta property=\"og:image\" content=\"https:\/\/websjop.afuk.frl\/wp-content\/uploads\/2020\/01\/Eigentrieds062-scaled.jpg\" \/>\n\t<meta property=\"og:image:width\" content=\"1823\" \/>\n\t<meta property=\"og:image:height\" content=\"2560\" \/>\n\t<meta property=\"og:image:type\" content=\"image\/jpeg\" \/>\n<meta name=\"twitter:card\" content=\"summary_large_image\" \/>\n<meta name=\"twitter:label1\" content=\"Est. reading time\" \/>\n\t<meta name=\"twitter:data1\" content=\"1 minute\" \/>\n<script type=\"application\/ld+json\" class=\"yoast-schema-graph\">{\"@context\":\"https:\\\/\\\/schema.org\",\"@graph\":[{\"@type\":\"WebPage\",\"@id\":\"https:\\\/\\\/websjop.afuk.frl\\\/frl\\\/winkel\\\/eigentrieds\\\/\",\"url\":\"https:\\\/\\\/websjop.afuk.frl\\\/frl\\\/winkel\\\/eigentrieds\\\/\",\"name\":\"Eigentrieds &#8211; Af\u00fbk Websjop\",\"isPartOf\":{\"@id\":\"https:\\\/\\\/websjop.afuk.frl\\\/frl\\\/#website\"},\"primaryImageOfPage\":{\"@id\":\"https:\\\/\\\/websjop.afuk.frl\\\/frl\\\/winkel\\\/eigentrieds\\\/#primaryimage\"},\"image\":{\"@id\":\"https:\\\/\\\/websjop.afuk.frl\\\/frl\\\/winkel\\\/eigentrieds\\\/#primaryimage\"},\"thumbnailUrl\":\"https:\\\/\\\/websjop.afuk.frl\\\/wp-content\\\/uploads\\\/2020\\\/01\\\/Eigentrieds062-scaled.jpg\",\"datePublished\":\"2020-01-29T10:23:07+00:00\",\"dateModified\":\"2020-04-30T21:47:28+00:00\",\"breadcrumb\":{\"@id\":\"https:\\\/\\\/websjop.afuk.frl\\\/frl\\\/winkel\\\/eigentrieds\\\/#breadcrumb\"},\"inLanguage\":\"fy-NL\",\"potentialAction\":[{\"@type\":\"ReadAction\",\"target\":[\"https:\\\/\\\/websjop.afuk.frl\\\/frl\\\/winkel\\\/eigentrieds\\\/\"]}]},{\"@type\":\"ImageObject\",\"inLanguage\":\"fy-NL\",\"@id\":\"https:\\\/\\\/websjop.afuk.frl\\\/frl\\\/winkel\\\/eigentrieds\\\/#primaryimage\",\"url\":\"https:\\\/\\\/websjop.afuk.frl\\\/wp-content\\\/uploads\\\/2020\\\/01\\\/Eigentrieds062-scaled.jpg\",\"contentUrl\":\"https:\\\/\\\/websjop.afuk.frl\\\/wp-content\\\/uploads\\\/2020\\\/01\\\/Eigentrieds062-scaled.jpg\",\"width\":1823,\"height\":2560,\"caption\":\"Eigentrieds\"},{\"@type\":\"BreadcrumbList\",\"@id\":\"https:\\\/\\\/websjop.afuk.frl\\\/frl\\\/winkel\\\/eigentrieds\\\/#breadcrumb\",\"itemListElement\":[{\"@type\":\"ListItem\",\"position\":1,\"name\":\"Home\",\"item\":\"https:\\\/\\\/websjop.afuk.frl\\\/frl\\\/\"},{\"@type\":\"ListItem\",\"position\":2,\"name\":\"Winkel\",\"item\":\"https:\\\/\\\/websjop.afuk.frl\\\/nl\\\/winkel\\\/\"},{\"@type\":\"ListItem\",\"position\":3,\"name\":\"Eigentrieds\"}]},{\"@type\":\"WebSite\",\"@id\":\"https:\\\/\\\/websjop.afuk.frl\\\/frl\\\/#website\",\"url\":\"https:\\\/\\\/websjop.afuk.frl\\\/frl\\\/\",\"name\":\"Af\u00fbk Websjop\",\"description\":\"\",\"potentialAction\":[{\"@type\":\"SearchAction\",\"target\":{\"@type\":\"EntryPoint\",\"urlTemplate\":\"https:\\\/\\\/websjop.afuk.frl\\\/frl\\\/?s={search_term_string}\"},\"query-input\":{\"@type\":\"PropertyValueSpecification\",\"valueRequired\":true,\"valueName\":\"search_term_string\"}}],\"inLanguage\":\"fy-NL\"}]}<\/script>\n<!-- \/ Yoast SEO plugin. -->","yoast_head_json":{"title":"Eigentrieds &#8211; Af\u00fbk Websjop","robots":{"index":"index","follow":"follow","max-snippet":"max-snippet:-1","max-image-preview":"max-image-preview:large","max-video-preview":"max-video-preview:-1"},"canonical":"https:\/\/websjop.afuk.frl\/frl\/winkel\/eigentrieds\/","og_locale":"fy_NL","og_type":"article","og_title":"Eigentrieds &#8211; Af\u00fbk Websjop","og_description":"Amerikaanske &#8216;\u00fbnhillige&#8217; en &#8216;net-autentike&#8217; outlaw &#8211; en beatpo\u00ebzij. Guon dichters yn dizze bondel binne wis by in grutter publyk bekend of sels wr\u00e2ldferneamd. De 19e -iuwer Walt Whitman sil de ferneamdste w\u00eaze. Mar ek William Carlos Williams \u00fat it begjin fan de 20e iuw is in grutte namme krekt as Allen Ginsberg, dy&#8217;t yn de [&hellip;]","og_url":"https:\/\/websjop.afuk.frl\/frl\/winkel\/eigentrieds\/","og_site_name":"Af\u00fbk Websjop","article_modified_time":"2020-04-30T21:47:28+00:00","og_image":[{"width":1823,"height":2560,"url":"https:\/\/websjop.afuk.frl\/wp-content\/uploads\/2020\/01\/Eigentrieds062-scaled.jpg","type":"image\/jpeg"}],"twitter_card":"summary_large_image","twitter_misc":{"Est. reading time":"1 minute"},"schema":{"@context":"https:\/\/schema.org","@graph":[{"@type":"WebPage","@id":"https:\/\/websjop.afuk.frl\/frl\/winkel\/eigentrieds\/","url":"https:\/\/websjop.afuk.frl\/frl\/winkel\/eigentrieds\/","name":"Eigentrieds &#8211; Af\u00fbk Websjop","isPartOf":{"@id":"https:\/\/websjop.afuk.frl\/frl\/#website"},"primaryImageOfPage":{"@id":"https:\/\/websjop.afuk.frl\/frl\/winkel\/eigentrieds\/#primaryimage"},"image":{"@id":"https:\/\/websjop.afuk.frl\/frl\/winkel\/eigentrieds\/#primaryimage"},"thumbnailUrl":"https:\/\/websjop.afuk.frl\/wp-content\/uploads\/2020\/01\/Eigentrieds062-scaled.jpg","datePublished":"2020-01-29T10:23:07+00:00","dateModified":"2020-04-30T21:47:28+00:00","breadcrumb":{"@id":"https:\/\/websjop.afuk.frl\/frl\/winkel\/eigentrieds\/#breadcrumb"},"inLanguage":"fy-NL","potentialAction":[{"@type":"ReadAction","target":["https:\/\/websjop.afuk.frl\/frl\/winkel\/eigentrieds\/"]}]},{"@type":"ImageObject","inLanguage":"fy-NL","@id":"https:\/\/websjop.afuk.frl\/frl\/winkel\/eigentrieds\/#primaryimage","url":"https:\/\/websjop.afuk.frl\/wp-content\/uploads\/2020\/01\/Eigentrieds062-scaled.jpg","contentUrl":"https:\/\/websjop.afuk.frl\/wp-content\/uploads\/2020\/01\/Eigentrieds062-scaled.jpg","width":1823,"height":2560,"caption":"Eigentrieds"},{"@type":"BreadcrumbList","@id":"https:\/\/websjop.afuk.frl\/frl\/winkel\/eigentrieds\/#breadcrumb","itemListElement":[{"@type":"ListItem","position":1,"name":"Home","item":"https:\/\/websjop.afuk.frl\/frl\/"},{"@type":"ListItem","position":2,"name":"Winkel","item":"https:\/\/websjop.afuk.frl\/nl\/winkel\/"},{"@type":"ListItem","position":3,"name":"Eigentrieds"}]},{"@type":"WebSite","@id":"https:\/\/websjop.afuk.frl\/frl\/#website","url":"https:\/\/websjop.afuk.frl\/frl\/","name":"Af\u00fbk Websjop","description":"","potentialAction":[{"@type":"SearchAction","target":{"@type":"EntryPoint","urlTemplate":"https:\/\/websjop.afuk.frl\/frl\/?s={search_term_string}"},"query-input":{"@type":"PropertyValueSpecification","valueRequired":true,"valueName":"search_term_string"}}],"inLanguage":"fy-NL"}]}},"_links":{"self":[{"href":"https:\/\/websjop.afuk.frl\/frl\/wp-json\/wp\/v2\/product\/17382","targetHints":{"allow":["GET"]}}],"collection":[{"href":"https:\/\/websjop.afuk.frl\/frl\/wp-json\/wp\/v2\/product"}],"about":[{"href":"https:\/\/websjop.afuk.frl\/frl\/wp-json\/wp\/v2\/types\/product"}],"replies":[{"embeddable":true,"href":"https:\/\/websjop.afuk.frl\/frl\/wp-json\/wp\/v2\/comments?post=17382"}],"wp:featuredmedia":[{"embeddable":true,"href":"https:\/\/websjop.afuk.frl\/frl\/wp-json\/wp\/v2\/media\/17383"}],"wp:attachment":[{"href":"https:\/\/websjop.afuk.frl\/frl\/wp-json\/wp\/v2\/media?parent=17382"}],"wp:term":[{"taxonomy":"product_brand","embeddable":true,"href":"https:\/\/websjop.afuk.frl\/frl\/wp-json\/wp\/v2\/product_brand?post=17382"},{"taxonomy":"product_cat","embeddable":true,"href":"https:\/\/websjop.afuk.frl\/frl\/wp-json\/wp\/v2\/product_cat?post=17382"},{"taxonomy":"product_tag","embeddable":true,"href":"https:\/\/websjop.afuk.frl\/frl\/wp-json\/wp\/v2\/product_tag?post=17382"}],"curies":[{"name":"wp","href":"https:\/\/api.w.org\/{rel}","templated":true}]}}