{"id":16568,"date":"2019-11-25T15:16:46","date_gmt":"2019-11-25T14:16:46","guid":{"rendered":"https:\/\/websjop.afuk.frl\/?post_type=product&#038;p=16568"},"modified":"2026-02-11T12:47:48","modified_gmt":"2026-02-11T11:47:48","slug":"hasto-oaljefant-sjoen","status":"publish","type":"product","link":"https:\/\/websjop.afuk.frl\/frl\/winkel\/hasto-oaljefant-sjoen\/","title":{"rendered":"Hasto Oaljefant sjoen?"},"content":{"rendered":"<p>Een jongetje speelt verstoppertje met een olifant. Het jongetje telt tot tien en de olifant gaat zich verstoppen &#8211; dat kan hij HEEL ERG goed, waarschuwt hij nog. En hij krijgt gelijk! Hoewel de lezer hem duidelijk kan zien zitten, staart het jongetje steeds weer verbaasd in het rond. Waar kan Olifant toch gebleven zijn? Zelfs zijn vader en moeder kijken er zo overheen!<\/p>\n<p><em>Hasto oaljefant sjoen?<\/em> is het eerste prentenboek van David Barrow, die in 2015 werd bekroond met de Sebastian Walker Award voor de meest veelbelovende kinderboekenillustrator van Groot-Brittanni\u00eb. Het komische verhaal en de prachtige prenten in waterverf maken dit boek een genot om keer op keer voor te lezen.<\/p>\n<p>3-6 jaar<\/p>\n<p>&#8212;&#8212;&#8212;&#8212;&#8212;-<\/p>\n<p><em>Thea: &#8216;Hiel geskikt om kado te jaan, oan bern fan\u00f4f in jier as trije. Dan krije se it ferhaal goed mei en faaks binne se al bekend mei ferstopperke boartsjen.&#8217; L\u00eas Thea har hiele resinsje oer dit boek <a href=\"https:\/\/heitenmem.nl\/artikel\/18821\/de-boekresinsje-fan-thea-hasto-oaljefant-sjoen\/\" target=\"_blank\" rel=\"noopener noreferrer\">hjir op heitenmem.nl.<\/a><\/em><\/p>\n<p><em>Lydia: &#8220;Mei prachtige yllustraasjes op dik en stevich papier kin it boek best wat ha, en dat is dochs noflik mei in pjut dy\u2019t it boek fansels it leafst sels f\u00easth\u00e2ldt.&#8221; L\u00eas Lydia har hiele resinsje oer dit boek <a href=\"https:\/\/heitenmem.nl\/artikel\/18920\/de-resinsje-fan-lydia-hasto-oaljefant-sjoen\/\" target=\"_blank\" rel=\"noopener noreferrer\">hjir op heitenmem.nl.<\/a><\/em><\/p>\n","protected":false},"excerpt":{"rendered":"<p>Een jongetje speelt verstoppertje met een olifant. Het jongetje telt tot tien en de olifant gaat zich verstoppen &#8211; dat kan hij HEEL ERG goed, waarschuwt hij nog. En hij krijgt gelijk! Hoewel de lezer hem duidelijk kan zien zitten, staart het jongetje steeds weer verbaasd in het rond. Waar kan Olifant toch gebleven zijn? [&hellip;]<\/p>\n","protected":false},"featured_media":23147,"comment_status":"closed","ping_status":"closed","template":"","meta":{"_acf_changed":false},"product_brand":[],"product_cat":[24598],"product_tag":[17708,8221,18886,16903,5451,19014],"class_list":{"0":"post-16568","1":"product","2":"type-product","3":"status-publish","4":"has-post-thumbnail","6":"product_cat-net-mear-leverber","7":"product_tag-david-barrow","8":"product_tag-ferstopje","9":"product_tag-oaljefant","10":"product_tag-olifant","11":"product_tag-printeboek","12":"product_tag-verstoppertje","13":"product_shipping_class-brievenbus-verzending","14":"pa_auteur-david-barrow","15":"pa_isbn-8219","16":"pa_new-label-1-3","17":"pa_taal-frysk","18":"pa_vertaler-hermien-van-der-meer","20":"first","21":"outofstock","22":"taxable","23":"shipping-taxable","24":"purchasable","25":"product-type-simple"},"acf":[],"yoast_head":"<!-- This site is optimized with the Yoast SEO plugin v27.3 - https:\/\/yoast.com\/product\/yoast-seo-wordpress\/ -->\n<title>Hasto Oaljefant sjoen? &#8211; Af\u00fbk Websjop<\/title>\n<meta name=\"description\" content=\"Olifant wil verstoppertje spelen. Daar is hij hartstikke goed in, zegt hij zelf. Kun je Olifant vinden? Prachtig Friestalig prentenboek.\" \/>\n<meta name=\"robots\" content=\"index, follow, max-snippet:-1, max-image-preview:large, max-video-preview:-1\" \/>\n<link rel=\"canonical\" href=\"https:\/\/websjop.afuk.frl\/frl\/winkel\/hasto-oaljefant-sjoen\/\" \/>\n<meta property=\"og:locale\" content=\"fy_NL\" \/>\n<meta property=\"og:type\" content=\"article\" \/>\n<meta property=\"og:title\" content=\"Hasto Oaljefant sjoen? &#8211; Af\u00fbk Websjop\" \/>\n<meta property=\"og:description\" content=\"Olifant wil verstoppertje spelen. Daar is hij hartstikke goed in, zegt hij zelf. Kun je Olifant vinden? Prachtig Friestalig prentenboek.\" \/>\n<meta property=\"og:url\" content=\"https:\/\/websjop.afuk.frl\/frl\/winkel\/hasto-oaljefant-sjoen\/\" \/>\n<meta property=\"og:site_name\" content=\"Af\u00fbk Websjop\" \/>\n<meta property=\"article:modified_time\" content=\"2026-02-11T11:47:48+00:00\" \/>\n<meta property=\"og:image\" content=\"https:\/\/websjop.afuk.frl\/wp-content\/uploads\/2019\/11\/Hasto-Oaljefant-sjoen_-CV-LR.jpg\" \/>\n\t<meta property=\"og:image:width\" content=\"1200\" \/>\n\t<meta property=\"og:image:height\" content=\"1520\" \/>\n\t<meta property=\"og:image:type\" content=\"image\/jpeg\" \/>\n<meta name=\"twitter:card\" content=\"summary_large_image\" \/>\n<meta name=\"twitter:label1\" content=\"Est. reading time\" \/>\n\t<meta name=\"twitter:data1\" content=\"2 minutes\" \/>\n<script type=\"application\/ld+json\" class=\"yoast-schema-graph\">{\"@context\":\"https:\\\/\\\/schema.org\",\"@graph\":[{\"@type\":\"WebPage\",\"@id\":\"https:\\\/\\\/websjop.afuk.frl\\\/frl\\\/winkel\\\/hasto-oaljefant-sjoen\\\/\",\"url\":\"https:\\\/\\\/websjop.afuk.frl\\\/frl\\\/winkel\\\/hasto-oaljefant-sjoen\\\/\",\"name\":\"Hasto Oaljefant sjoen? &#8211; Af\u00fbk Websjop\",\"isPartOf\":{\"@id\":\"https:\\\/\\\/websjop.afuk.frl\\\/frl\\\/#website\"},\"primaryImageOfPage\":{\"@id\":\"https:\\\/\\\/websjop.afuk.frl\\\/frl\\\/winkel\\\/hasto-oaljefant-sjoen\\\/#primaryimage\"},\"image\":{\"@id\":\"https:\\\/\\\/websjop.afuk.frl\\\/frl\\\/winkel\\\/hasto-oaljefant-sjoen\\\/#primaryimage\"},\"thumbnailUrl\":\"https:\\\/\\\/websjop.afuk.frl\\\/wp-content\\\/uploads\\\/2019\\\/11\\\/Hasto-Oaljefant-sjoen_-CV-LR.jpg\",\"datePublished\":\"2019-11-25T14:16:46+00:00\",\"dateModified\":\"2026-02-11T11:47:48+00:00\",\"description\":\"Olifant wil verstoppertje spelen. Daar is hij hartstikke goed in, zegt hij zelf. Kun je Olifant vinden? Prachtig Friestalig prentenboek.\",\"breadcrumb\":{\"@id\":\"https:\\\/\\\/websjop.afuk.frl\\\/frl\\\/winkel\\\/hasto-oaljefant-sjoen\\\/#breadcrumb\"},\"inLanguage\":\"fy-NL\",\"potentialAction\":[{\"@type\":\"ReadAction\",\"target\":[\"https:\\\/\\\/websjop.afuk.frl\\\/frl\\\/winkel\\\/hasto-oaljefant-sjoen\\\/\"]}]},{\"@type\":\"ImageObject\",\"inLanguage\":\"fy-NL\",\"@id\":\"https:\\\/\\\/websjop.afuk.frl\\\/frl\\\/winkel\\\/hasto-oaljefant-sjoen\\\/#primaryimage\",\"url\":\"https:\\\/\\\/websjop.afuk.frl\\\/wp-content\\\/uploads\\\/2019\\\/11\\\/Hasto-Oaljefant-sjoen_-CV-LR.jpg\",\"contentUrl\":\"https:\\\/\\\/websjop.afuk.frl\\\/wp-content\\\/uploads\\\/2019\\\/11\\\/Hasto-Oaljefant-sjoen_-CV-LR.jpg\",\"width\":1200,\"height\":1520,\"caption\":\"Hasto oaljefant sjoen 2\"},{\"@type\":\"BreadcrumbList\",\"@id\":\"https:\\\/\\\/websjop.afuk.frl\\\/frl\\\/winkel\\\/hasto-oaljefant-sjoen\\\/#breadcrumb\",\"itemListElement\":[{\"@type\":\"ListItem\",\"position\":1,\"name\":\"Home\",\"item\":\"https:\\\/\\\/websjop.afuk.frl\\\/frl\\\/\"},{\"@type\":\"ListItem\",\"position\":2,\"name\":\"Winkel\",\"item\":\"https:\\\/\\\/websjop.afuk.frl\\\/nl\\\/winkel\\\/\"},{\"@type\":\"ListItem\",\"position\":3,\"name\":\"Hasto Oaljefant sjoen?\"}]},{\"@type\":\"WebSite\",\"@id\":\"https:\\\/\\\/websjop.afuk.frl\\\/frl\\\/#website\",\"url\":\"https:\\\/\\\/websjop.afuk.frl\\\/frl\\\/\",\"name\":\"Af\u00fbk Websjop\",\"description\":\"\",\"potentialAction\":[{\"@type\":\"SearchAction\",\"target\":{\"@type\":\"EntryPoint\",\"urlTemplate\":\"https:\\\/\\\/websjop.afuk.frl\\\/frl\\\/?s={search_term_string}\"},\"query-input\":{\"@type\":\"PropertyValueSpecification\",\"valueRequired\":true,\"valueName\":\"search_term_string\"}}],\"inLanguage\":\"fy-NL\"}]}<\/script>\n<!-- \/ Yoast SEO plugin. -->","yoast_head_json":{"title":"Hasto Oaljefant sjoen? &#8211; Af\u00fbk Websjop","description":"Olifant wil verstoppertje spelen. Daar is hij hartstikke goed in, zegt hij zelf. Kun je Olifant vinden? Prachtig Friestalig prentenboek.","robots":{"index":"index","follow":"follow","max-snippet":"max-snippet:-1","max-image-preview":"max-image-preview:large","max-video-preview":"max-video-preview:-1"},"canonical":"https:\/\/websjop.afuk.frl\/frl\/winkel\/hasto-oaljefant-sjoen\/","og_locale":"fy_NL","og_type":"article","og_title":"Hasto Oaljefant sjoen? &#8211; Af\u00fbk Websjop","og_description":"Olifant wil verstoppertje spelen. Daar is hij hartstikke goed in, zegt hij zelf. Kun je Olifant vinden? Prachtig Friestalig prentenboek.","og_url":"https:\/\/websjop.afuk.frl\/frl\/winkel\/hasto-oaljefant-sjoen\/","og_site_name":"Af\u00fbk Websjop","article_modified_time":"2026-02-11T11:47:48+00:00","og_image":[{"width":1200,"height":1520,"url":"https:\/\/websjop.afuk.frl\/wp-content\/uploads\/2019\/11\/Hasto-Oaljefant-sjoen_-CV-LR.jpg","type":"image\/jpeg"}],"twitter_card":"summary_large_image","twitter_misc":{"Est. reading time":"2 minutes"},"schema":{"@context":"https:\/\/schema.org","@graph":[{"@type":"WebPage","@id":"https:\/\/websjop.afuk.frl\/frl\/winkel\/hasto-oaljefant-sjoen\/","url":"https:\/\/websjop.afuk.frl\/frl\/winkel\/hasto-oaljefant-sjoen\/","name":"Hasto Oaljefant sjoen? &#8211; Af\u00fbk Websjop","isPartOf":{"@id":"https:\/\/websjop.afuk.frl\/frl\/#website"},"primaryImageOfPage":{"@id":"https:\/\/websjop.afuk.frl\/frl\/winkel\/hasto-oaljefant-sjoen\/#primaryimage"},"image":{"@id":"https:\/\/websjop.afuk.frl\/frl\/winkel\/hasto-oaljefant-sjoen\/#primaryimage"},"thumbnailUrl":"https:\/\/websjop.afuk.frl\/wp-content\/uploads\/2019\/11\/Hasto-Oaljefant-sjoen_-CV-LR.jpg","datePublished":"2019-11-25T14:16:46+00:00","dateModified":"2026-02-11T11:47:48+00:00","description":"Olifant wil verstoppertje spelen. Daar is hij hartstikke goed in, zegt hij zelf. Kun je Olifant vinden? Prachtig Friestalig prentenboek.","breadcrumb":{"@id":"https:\/\/websjop.afuk.frl\/frl\/winkel\/hasto-oaljefant-sjoen\/#breadcrumb"},"inLanguage":"fy-NL","potentialAction":[{"@type":"ReadAction","target":["https:\/\/websjop.afuk.frl\/frl\/winkel\/hasto-oaljefant-sjoen\/"]}]},{"@type":"ImageObject","inLanguage":"fy-NL","@id":"https:\/\/websjop.afuk.frl\/frl\/winkel\/hasto-oaljefant-sjoen\/#primaryimage","url":"https:\/\/websjop.afuk.frl\/wp-content\/uploads\/2019\/11\/Hasto-Oaljefant-sjoen_-CV-LR.jpg","contentUrl":"https:\/\/websjop.afuk.frl\/wp-content\/uploads\/2019\/11\/Hasto-Oaljefant-sjoen_-CV-LR.jpg","width":1200,"height":1520,"caption":"Hasto oaljefant sjoen 2"},{"@type":"BreadcrumbList","@id":"https:\/\/websjop.afuk.frl\/frl\/winkel\/hasto-oaljefant-sjoen\/#breadcrumb","itemListElement":[{"@type":"ListItem","position":1,"name":"Home","item":"https:\/\/websjop.afuk.frl\/frl\/"},{"@type":"ListItem","position":2,"name":"Winkel","item":"https:\/\/websjop.afuk.frl\/nl\/winkel\/"},{"@type":"ListItem","position":3,"name":"Hasto Oaljefant sjoen?"}]},{"@type":"WebSite","@id":"https:\/\/websjop.afuk.frl\/frl\/#website","url":"https:\/\/websjop.afuk.frl\/frl\/","name":"Af\u00fbk Websjop","description":"","potentialAction":[{"@type":"SearchAction","target":{"@type":"EntryPoint","urlTemplate":"https:\/\/websjop.afuk.frl\/frl\/?s={search_term_string}"},"query-input":{"@type":"PropertyValueSpecification","valueRequired":true,"valueName":"search_term_string"}}],"inLanguage":"fy-NL"}]}},"_links":{"self":[{"href":"https:\/\/websjop.afuk.frl\/frl\/wp-json\/wp\/v2\/product\/16568","targetHints":{"allow":["GET"]}}],"collection":[{"href":"https:\/\/websjop.afuk.frl\/frl\/wp-json\/wp\/v2\/product"}],"about":[{"href":"https:\/\/websjop.afuk.frl\/frl\/wp-json\/wp\/v2\/types\/product"}],"replies":[{"embeddable":true,"href":"https:\/\/websjop.afuk.frl\/frl\/wp-json\/wp\/v2\/comments?post=16568"}],"wp:featuredmedia":[{"embeddable":true,"href":"https:\/\/websjop.afuk.frl\/frl\/wp-json\/wp\/v2\/media\/23147"}],"wp:attachment":[{"href":"https:\/\/websjop.afuk.frl\/frl\/wp-json\/wp\/v2\/media?parent=16568"}],"wp:term":[{"taxonomy":"product_brand","embeddable":true,"href":"https:\/\/websjop.afuk.frl\/frl\/wp-json\/wp\/v2\/product_brand?post=16568"},{"taxonomy":"product_cat","embeddable":true,"href":"https:\/\/websjop.afuk.frl\/frl\/wp-json\/wp\/v2\/product_cat?post=16568"},{"taxonomy":"product_tag","embeddable":true,"href":"https:\/\/websjop.afuk.frl\/frl\/wp-json\/wp\/v2\/product_tag?post=16568"}],"curies":[{"name":"wp","href":"https:\/\/api.w.org\/{rel}","templated":true}]}}