{"id":14203,"date":"2019-05-28T12:34:18","date_gmt":"2019-05-28T11:34:18","guid":{"rendered":"https:\/\/websjop.afuk.frl\/?post_type=product&#038;p=14203"},"modified":"2020-01-06T11:26:13","modified_gmt":"2020-01-06T10:26:13","slug":"wek-yn-e-rivier","status":"publish","type":"product","link":"https:\/\/websjop.afuk.frl\/frl\/winkel\/wek-yn-e-rivier\/","title":{"rendered":"Wek yn &#8216;e rivier"},"content":{"rendered":"<p>In oangripende roman oer it libben fan Ake Dongera. Hy kin tige leare en studearret op oanstean fan syn heit teology. Yn \u2019e oarloch wurdt de h\u00fash\u00e2lding yn it fersetswurk behelle. As troch ferrie de pleats oerfallen wurdt en de manlju foar ferhoar meinommen wurde, feroaret wr\u00e2ld en wr\u00e2ldbyld fan Ake.<\/p>\n<p>Nei de oarloch giet er fierder mei in st\u00fadzje klassike talen en ferdjippet er him yn \u2019e Grykske oarloggen. As er him taleit op it skriuwen fan in proefskrift ferfrjemdet er hieltyd mear fan de werklikheid.<\/p>\n<p><em>It ferhaal fan in h\u00fash\u00e2lding dy&#8217;t troch de oarloch \u00fatinoar skuord wurdt. Ferteld troch de broer dy&#8217;t in libben lang yn it skaad fan Ake libbe, mar de kop derfoar h\u00e2ldt.<\/em><\/p>\n<p>Lusterje ek nei de podcast fan Omrop Frysl\u00e2n:<\/p>\n<p><a href=\"https:\/\/www.omropfryslan.nl\/utstjoering\/boekekast-15-wek-yn-e-rivier-fan-durk-van-der-ploeg\">https:\/\/www.omropfryslan.nl\/utstjoering\/boekekast-15-wek-yn-e-rivier-fan-durk-van-der-ploeg<\/a><\/p>\n","protected":false},"excerpt":{"rendered":"<p>In oangripende roman oer it libben fan Ake Dongera. Hy kin tige leare en studearret op oanstean fan syn heit teology. Yn \u2019e oarloch wurdt de h\u00fash\u00e2lding yn it fersetswurk behelle. As troch ferrie de pleats oerfallen wurdt en de manlju foar ferhoar meinommen wurde, feroaret wr\u00e2ld en wr\u00e2ldbyld fan Ake. Nei de oarloch giet [&hellip;]<\/p>\n","protected":false},"featured_media":14206,"comment_status":"closed","ping_status":"closed","template":"","meta":{"_acf_changed":false},"product_brand":[],"product_cat":[535,537,1215],"product_tag":[5137,5138],"class_list":{"0":"post-14203","1":"product","2":"type-product","3":"status-publish","4":"has-post-thumbnail","6":"product_cat-fryske-boeken","7":"product_cat-romans","8":"product_cat-romans-en-literatuer","9":"product_tag-durk-van-der-ploeg","10":"product_tag-wek-yn-e-rivier","11":"pa_auteur-durk-van-der-ploeg-2","12":"pa_isbn-5135","13":"pa_taal-frysk","14":"pa_uitgever-het-nieuwe-kanaal","16":"first","17":"instock","18":"taxable","19":"shipping-taxable","20":"purchasable","21":"product-type-simple"},"acf":[],"yoast_head":"<!-- This site is optimized with the Yoast SEO plugin v27.2 - https:\/\/yoast.com\/product\/yoast-seo-wordpress\/ -->\n<title>Wek yn &#039;e rivier &#8211; Af\u00fbk Websjop<\/title>\n<meta name=\"robots\" content=\"index, follow, max-snippet:-1, max-image-preview:large, max-video-preview:-1\" \/>\n<link rel=\"canonical\" href=\"https:\/\/websjop.afuk.frl\/frl\/winkel\/wek-yn-e-rivier\/\" \/>\n<meta property=\"og:locale\" content=\"fy_NL\" \/>\n<meta property=\"og:type\" content=\"article\" \/>\n<meta property=\"og:title\" content=\"Wek yn &#039;e rivier &#8211; Af\u00fbk Websjop\" \/>\n<meta property=\"og:description\" content=\"In oangripende roman oer it libben fan Ake Dongera. Hy kin tige leare en studearret op oanstean fan syn heit teology. Yn \u2019e oarloch wurdt de h\u00fash\u00e2lding yn it fersetswurk behelle. As troch ferrie de pleats oerfallen wurdt en de manlju foar ferhoar meinommen wurde, feroaret wr\u00e2ld en wr\u00e2ldbyld fan Ake. Nei de oarloch giet [&hellip;]\" \/>\n<meta property=\"og:url\" content=\"https:\/\/websjop.afuk.frl\/frl\/winkel\/wek-yn-e-rivier\/\" \/>\n<meta property=\"og:site_name\" content=\"Af\u00fbk Websjop\" \/>\n<meta property=\"article:modified_time\" content=\"2020-01-06T10:26:13+00:00\" \/>\n<meta property=\"og:image\" content=\"https:\/\/websjop.afuk.frl\/wp-content\/uploads\/2019\/05\/Wek-yn-e-rivier185-685x1024.jpg\" \/>\n\t<meta property=\"og:image:width\" content=\"685\" \/>\n\t<meta property=\"og:image:height\" content=\"1024\" \/>\n\t<meta property=\"og:image:type\" content=\"image\/jpeg\" \/>\n<meta name=\"twitter:card\" content=\"summary_large_image\" \/>\n<meta name=\"twitter:label1\" content=\"Est. reading time\" \/>\n\t<meta name=\"twitter:data1\" content=\"1 minute\" \/>\n<script type=\"application\/ld+json\" class=\"yoast-schema-graph\">{\"@context\":\"https:\/\/schema.org\",\"@graph\":[{\"@type\":\"WebPage\",\"@id\":\"https:\/\/websjop.afuk.frl\/frl\/winkel\/wek-yn-e-rivier\/\",\"url\":\"https:\/\/websjop.afuk.frl\/frl\/winkel\/wek-yn-e-rivier\/\",\"name\":\"Wek yn 'e rivier &#8211; Af\u00fbk Websjop\",\"isPartOf\":{\"@id\":\"https:\/\/websjop.afuk.frl\/frl\/#website\"},\"primaryImageOfPage\":{\"@id\":\"https:\/\/websjop.afuk.frl\/frl\/winkel\/wek-yn-e-rivier\/#primaryimage\"},\"image\":{\"@id\":\"https:\/\/websjop.afuk.frl\/frl\/winkel\/wek-yn-e-rivier\/#primaryimage\"},\"thumbnailUrl\":\"https:\/\/websjop.afuk.frl\/wp-content\/uploads\/2019\/05\/Wek-yn-e-rivier185.jpg\",\"datePublished\":\"2019-05-28T11:34:18+00:00\",\"dateModified\":\"2020-01-06T10:26:13+00:00\",\"breadcrumb\":{\"@id\":\"https:\/\/websjop.afuk.frl\/frl\/winkel\/wek-yn-e-rivier\/#breadcrumb\"},\"inLanguage\":\"fy-NL\",\"potentialAction\":[{\"@type\":\"ReadAction\",\"target\":[\"https:\/\/websjop.afuk.frl\/frl\/winkel\/wek-yn-e-rivier\/\"]}]},{\"@type\":\"ImageObject\",\"inLanguage\":\"fy-NL\",\"@id\":\"https:\/\/websjop.afuk.frl\/frl\/winkel\/wek-yn-e-rivier\/#primaryimage\",\"url\":\"https:\/\/websjop.afuk.frl\/wp-content\/uploads\/2019\/05\/Wek-yn-e-rivier185.jpg\",\"contentUrl\":\"https:\/\/websjop.afuk.frl\/wp-content\/uploads\/2019\/05\/Wek-yn-e-rivier185.jpg\",\"width\":1916,\"height\":2863,\"caption\":\"Wek yn 'e rivier\"},{\"@type\":\"BreadcrumbList\",\"@id\":\"https:\/\/websjop.afuk.frl\/frl\/winkel\/wek-yn-e-rivier\/#breadcrumb\",\"itemListElement\":[{\"@type\":\"ListItem\",\"position\":1,\"name\":\"Home\",\"item\":\"https:\/\/websjop.afuk.frl\/frl\/\"},{\"@type\":\"ListItem\",\"position\":2,\"name\":\"Winkel\",\"item\":\"https:\/\/websjop.afuk.frl\/nl\/winkel\/\"},{\"@type\":\"ListItem\",\"position\":3,\"name\":\"Wek yn &#8216;e rivier\"}]},{\"@type\":\"WebSite\",\"@id\":\"https:\/\/websjop.afuk.frl\/frl\/#website\",\"url\":\"https:\/\/websjop.afuk.frl\/frl\/\",\"name\":\"Af\u00fbk Websjop\",\"description\":\"\",\"potentialAction\":[{\"@type\":\"SearchAction\",\"target\":{\"@type\":\"EntryPoint\",\"urlTemplate\":\"https:\/\/websjop.afuk.frl\/frl\/?s={search_term_string}\"},\"query-input\":{\"@type\":\"PropertyValueSpecification\",\"valueRequired\":true,\"valueName\":\"search_term_string\"}}],\"inLanguage\":\"fy-NL\"}]}<\/script>\n<!-- \/ Yoast SEO plugin. -->","yoast_head_json":{"title":"Wek yn 'e rivier &#8211; Af\u00fbk Websjop","robots":{"index":"index","follow":"follow","max-snippet":"max-snippet:-1","max-image-preview":"max-image-preview:large","max-video-preview":"max-video-preview:-1"},"canonical":"https:\/\/websjop.afuk.frl\/frl\/winkel\/wek-yn-e-rivier\/","og_locale":"fy_NL","og_type":"article","og_title":"Wek yn 'e rivier &#8211; Af\u00fbk Websjop","og_description":"In oangripende roman oer it libben fan Ake Dongera. Hy kin tige leare en studearret op oanstean fan syn heit teology. Yn \u2019e oarloch wurdt de h\u00fash\u00e2lding yn it fersetswurk behelle. As troch ferrie de pleats oerfallen wurdt en de manlju foar ferhoar meinommen wurde, feroaret wr\u00e2ld en wr\u00e2ldbyld fan Ake. Nei de oarloch giet [&hellip;]","og_url":"https:\/\/websjop.afuk.frl\/frl\/winkel\/wek-yn-e-rivier\/","og_site_name":"Af\u00fbk Websjop","article_modified_time":"2020-01-06T10:26:13+00:00","og_image":[{"width":685,"height":1024,"url":"https:\/\/websjop.afuk.frl\/wp-content\/uploads\/2019\/05\/Wek-yn-e-rivier185-685x1024.jpg","type":"image\/jpeg"}],"twitter_card":"summary_large_image","twitter_misc":{"Est. reading time":"1 minute"},"schema":{"@context":"https:\/\/schema.org","@graph":[{"@type":"WebPage","@id":"https:\/\/websjop.afuk.frl\/frl\/winkel\/wek-yn-e-rivier\/","url":"https:\/\/websjop.afuk.frl\/frl\/winkel\/wek-yn-e-rivier\/","name":"Wek yn 'e rivier &#8211; Af\u00fbk Websjop","isPartOf":{"@id":"https:\/\/websjop.afuk.frl\/frl\/#website"},"primaryImageOfPage":{"@id":"https:\/\/websjop.afuk.frl\/frl\/winkel\/wek-yn-e-rivier\/#primaryimage"},"image":{"@id":"https:\/\/websjop.afuk.frl\/frl\/winkel\/wek-yn-e-rivier\/#primaryimage"},"thumbnailUrl":"https:\/\/websjop.afuk.frl\/wp-content\/uploads\/2019\/05\/Wek-yn-e-rivier185.jpg","datePublished":"2019-05-28T11:34:18+00:00","dateModified":"2020-01-06T10:26:13+00:00","breadcrumb":{"@id":"https:\/\/websjop.afuk.frl\/frl\/winkel\/wek-yn-e-rivier\/#breadcrumb"},"inLanguage":"fy-NL","potentialAction":[{"@type":"ReadAction","target":["https:\/\/websjop.afuk.frl\/frl\/winkel\/wek-yn-e-rivier\/"]}]},{"@type":"ImageObject","inLanguage":"fy-NL","@id":"https:\/\/websjop.afuk.frl\/frl\/winkel\/wek-yn-e-rivier\/#primaryimage","url":"https:\/\/websjop.afuk.frl\/wp-content\/uploads\/2019\/05\/Wek-yn-e-rivier185.jpg","contentUrl":"https:\/\/websjop.afuk.frl\/wp-content\/uploads\/2019\/05\/Wek-yn-e-rivier185.jpg","width":1916,"height":2863,"caption":"Wek yn 'e rivier"},{"@type":"BreadcrumbList","@id":"https:\/\/websjop.afuk.frl\/frl\/winkel\/wek-yn-e-rivier\/#breadcrumb","itemListElement":[{"@type":"ListItem","position":1,"name":"Home","item":"https:\/\/websjop.afuk.frl\/frl\/"},{"@type":"ListItem","position":2,"name":"Winkel","item":"https:\/\/websjop.afuk.frl\/nl\/winkel\/"},{"@type":"ListItem","position":3,"name":"Wek yn &#8216;e rivier"}]},{"@type":"WebSite","@id":"https:\/\/websjop.afuk.frl\/frl\/#website","url":"https:\/\/websjop.afuk.frl\/frl\/","name":"Af\u00fbk Websjop","description":"","potentialAction":[{"@type":"SearchAction","target":{"@type":"EntryPoint","urlTemplate":"https:\/\/websjop.afuk.frl\/frl\/?s={search_term_string}"},"query-input":{"@type":"PropertyValueSpecification","valueRequired":true,"valueName":"search_term_string"}}],"inLanguage":"fy-NL"}]}},"_links":{"self":[{"href":"https:\/\/websjop.afuk.frl\/frl\/wp-json\/wp\/v2\/product\/14203","targetHints":{"allow":["GET"]}}],"collection":[{"href":"https:\/\/websjop.afuk.frl\/frl\/wp-json\/wp\/v2\/product"}],"about":[{"href":"https:\/\/websjop.afuk.frl\/frl\/wp-json\/wp\/v2\/types\/product"}],"replies":[{"embeddable":true,"href":"https:\/\/websjop.afuk.frl\/frl\/wp-json\/wp\/v2\/comments?post=14203"}],"wp:featuredmedia":[{"embeddable":true,"href":"https:\/\/websjop.afuk.frl\/frl\/wp-json\/wp\/v2\/media\/14206"}],"wp:attachment":[{"href":"https:\/\/websjop.afuk.frl\/frl\/wp-json\/wp\/v2\/media?parent=14203"}],"wp:term":[{"taxonomy":"product_brand","embeddable":true,"href":"https:\/\/websjop.afuk.frl\/frl\/wp-json\/wp\/v2\/product_brand?post=14203"},{"taxonomy":"product_cat","embeddable":true,"href":"https:\/\/websjop.afuk.frl\/frl\/wp-json\/wp\/v2\/product_cat?post=14203"},{"taxonomy":"product_tag","embeddable":true,"href":"https:\/\/websjop.afuk.frl\/frl\/wp-json\/wp\/v2\/product_tag?post=14203"}],"curies":[{"name":"wp","href":"https:\/\/api.w.org\/{rel}","templated":true}]}}