{"id":12852,"date":"2019-01-19T11:34:51","date_gmt":"2019-01-19T10:34:51","guid":{"rendered":"https:\/\/websjop.afuk.frl\/?post_type=product&#038;p=12852"},"modified":"2022-03-04T10:54:36","modified_gmt":"2022-03-04T09:54:36","slug":"de-tiidmasine","status":"publish","type":"product","link":"https:\/\/websjop.afuk.frl\/frl\/winkel\/de-tiidmasine\/","title":{"rendered":"De Tiidmasine"},"content":{"rendered":"<p><em>Veelbesproken roman H.G. Wells uit 1895 over in tijdreiziger in een wereld zonder ziekten en tekorten.<\/em><\/p>\n<p>Ferneamde roman H.G. Wells \u00fat 1895 oer in tiidreizger yn in wr\u00e2ld dy\u2019t sa\u2019t skynt s\u00fbnder sykten en tekoart is.<\/p>\n<p>Herbert George Wells (1866-1946) wie in bys\u00fbnder produktyf skriuwer, en is hjoed-de-dei foaral bekend as de \u2018heit fan de science fiction,\u2019 tegearre mei Jules Verne. Mar hij skreau yn folle mear zjenres, yn romans oer syn eigen tiid, of spyljend yn it ferline, romans mei in polityk boadskip (hij wie sosjalist), en ek in koarte skiednis fan de wr\u00e2ld, destiids in grut ferkeapsukses. Hjoed is er lykwols foaral noch bekend fanwege de science-fictionferhalen The War of the Worlds, (oer in ynvaazje fan Mars), The Time Machine (1895), The Invisible Man, en The Island of Doctor Moreau.<\/p>\n<p>De koarte roman, of miskien earder novelle, De Tiidmasine spilet yn it jier achth\u00fbndertentwat\u00fbzens\u00e2nh\u00fbndertenien nei Kristus. De fierder net bij namme neamde \u2018Tiidreizger\u2019 komt tel\u00e2ne yn wat earst in loailekkerl\u00e2n en paradys op ierde liket, in wr\u00e2ld s\u00fbnder sykten en tekoart. Mar s\u00fantsjesoan iepenbieret him in oare wierheid \u2026<\/p>\n","protected":false},"excerpt":{"rendered":"<p>Veelbesproken roman H.G. Wells uit 1895 over in tijdreiziger in een wereld zonder ziekten en tekorten. Ferneamde roman H.G. Wells \u00fat 1895 oer in tiidreizger yn in wr\u00e2ld dy\u2019t sa\u2019t skynt s\u00fbnder sykten en tekoart is. Herbert George Wells (1866-1946) wie in bys\u00fbnder produktyf skriuwer, en is hjoed-de-dei foaral bekend as de \u2018heit fan de [&hellip;]<\/p>\n","protected":false},"featured_media":12860,"comment_status":"closed","ping_status":"closed","template":"","meta":{"_acf_changed":false},"product_brand":[],"product_cat":[535,537,1215],"product_tag":[5373,5374],"class_list":{"0":"post-12852","1":"product","2":"type-product","3":"status-publish","4":"has-post-thumbnail","6":"product_cat-fryske-boeken","7":"product_cat-romans","8":"product_cat-romans-en-literatuer","9":"product_tag-de-tiidmasine","10":"product_tag-h-g-wells","11":"pa_auteur-h-g-wells","12":"pa_isbn-3138","13":"pa_taal-frysk","14":"pa_uitgever-elikser","16":"first","17":"instock","18":"taxable","19":"shipping-taxable","20":"purchasable","21":"product-type-simple"},"acf":[],"yoast_head":"<!-- This site is optimized with the Yoast SEO plugin v27.3 - https:\/\/yoast.com\/product\/yoast-seo-wordpress\/ -->\n<title>De Tiidmasine &#8211; Af\u00fbk Websjop<\/title>\n<meta name=\"robots\" content=\"index, follow, max-snippet:-1, max-image-preview:large, max-video-preview:-1\" \/>\n<link rel=\"canonical\" href=\"https:\/\/websjop.afuk.frl\/frl\/winkel\/de-tiidmasine\/\" \/>\n<meta property=\"og:locale\" content=\"fy_NL\" \/>\n<meta property=\"og:type\" content=\"article\" \/>\n<meta property=\"og:title\" content=\"De Tiidmasine &#8211; Af\u00fbk Websjop\" \/>\n<meta property=\"og:description\" content=\"Veelbesproken roman H.G. Wells uit 1895 over in tijdreiziger in een wereld zonder ziekten en tekorten. Ferneamde roman H.G. Wells \u00fat 1895 oer in tiidreizger yn in wr\u00e2ld dy\u2019t sa\u2019t skynt s\u00fbnder sykten en tekoart is. Herbert George Wells (1866-1946) wie in bys\u00fbnder produktyf skriuwer, en is hjoed-de-dei foaral bekend as de \u2018heit fan de [&hellip;]\" \/>\n<meta property=\"og:url\" content=\"https:\/\/websjop.afuk.frl\/frl\/winkel\/de-tiidmasine\/\" \/>\n<meta property=\"og:site_name\" content=\"Af\u00fbk Websjop\" \/>\n<meta property=\"article:modified_time\" content=\"2022-03-04T09:54:36+00:00\" \/>\n<meta property=\"og:image\" content=\"https:\/\/websjop.afuk.frl\/wp-content\/uploads\/2019\/01\/de-tiidmasine.jpg\" \/>\n\t<meta property=\"og:image:width\" content=\"552\" \/>\n\t<meta property=\"og:image:height\" content=\"799\" \/>\n\t<meta property=\"og:image:type\" content=\"image\/jpeg\" \/>\n<meta name=\"twitter:card\" content=\"summary_large_image\" \/>\n<meta name=\"twitter:label1\" content=\"Est. reading time\" \/>\n\t<meta name=\"twitter:data1\" content=\"1 minute\" \/>\n<script type=\"application\/ld+json\" class=\"yoast-schema-graph\">{\"@context\":\"https:\\\/\\\/schema.org\",\"@graph\":[{\"@type\":\"WebPage\",\"@id\":\"https:\\\/\\\/websjop.afuk.frl\\\/frl\\\/winkel\\\/de-tiidmasine\\\/\",\"url\":\"https:\\\/\\\/websjop.afuk.frl\\\/frl\\\/winkel\\\/de-tiidmasine\\\/\",\"name\":\"De Tiidmasine &#8211; Af\u00fbk Websjop\",\"isPartOf\":{\"@id\":\"https:\\\/\\\/websjop.afuk.frl\\\/frl\\\/#website\"},\"primaryImageOfPage\":{\"@id\":\"https:\\\/\\\/websjop.afuk.frl\\\/frl\\\/winkel\\\/de-tiidmasine\\\/#primaryimage\"},\"image\":{\"@id\":\"https:\\\/\\\/websjop.afuk.frl\\\/frl\\\/winkel\\\/de-tiidmasine\\\/#primaryimage\"},\"thumbnailUrl\":\"https:\\\/\\\/websjop.afuk.frl\\\/wp-content\\\/uploads\\\/2019\\\/01\\\/de-tiidmasine.jpg\",\"datePublished\":\"2019-01-19T10:34:51+00:00\",\"dateModified\":\"2022-03-04T09:54:36+00:00\",\"breadcrumb\":{\"@id\":\"https:\\\/\\\/websjop.afuk.frl\\\/frl\\\/winkel\\\/de-tiidmasine\\\/#breadcrumb\"},\"inLanguage\":\"fy-NL\",\"potentialAction\":[{\"@type\":\"ReadAction\",\"target\":[\"https:\\\/\\\/websjop.afuk.frl\\\/frl\\\/winkel\\\/de-tiidmasine\\\/\"]}]},{\"@type\":\"ImageObject\",\"inLanguage\":\"fy-NL\",\"@id\":\"https:\\\/\\\/websjop.afuk.frl\\\/frl\\\/winkel\\\/de-tiidmasine\\\/#primaryimage\",\"url\":\"https:\\\/\\\/websjop.afuk.frl\\\/wp-content\\\/uploads\\\/2019\\\/01\\\/de-tiidmasine.jpg\",\"contentUrl\":\"https:\\\/\\\/websjop.afuk.frl\\\/wp-content\\\/uploads\\\/2019\\\/01\\\/de-tiidmasine.jpg\",\"width\":552,\"height\":799,\"caption\":\"De tiidmasine\"},{\"@type\":\"BreadcrumbList\",\"@id\":\"https:\\\/\\\/websjop.afuk.frl\\\/frl\\\/winkel\\\/de-tiidmasine\\\/#breadcrumb\",\"itemListElement\":[{\"@type\":\"ListItem\",\"position\":1,\"name\":\"Home\",\"item\":\"https:\\\/\\\/websjop.afuk.frl\\\/frl\\\/\"},{\"@type\":\"ListItem\",\"position\":2,\"name\":\"Winkel\",\"item\":\"https:\\\/\\\/websjop.afuk.frl\\\/nl\\\/winkel\\\/\"},{\"@type\":\"ListItem\",\"position\":3,\"name\":\"De Tiidmasine\"}]},{\"@type\":\"WebSite\",\"@id\":\"https:\\\/\\\/websjop.afuk.frl\\\/frl\\\/#website\",\"url\":\"https:\\\/\\\/websjop.afuk.frl\\\/frl\\\/\",\"name\":\"Af\u00fbk Websjop\",\"description\":\"\",\"potentialAction\":[{\"@type\":\"SearchAction\",\"target\":{\"@type\":\"EntryPoint\",\"urlTemplate\":\"https:\\\/\\\/websjop.afuk.frl\\\/frl\\\/?s={search_term_string}\"},\"query-input\":{\"@type\":\"PropertyValueSpecification\",\"valueRequired\":true,\"valueName\":\"search_term_string\"}}],\"inLanguage\":\"fy-NL\"}]}<\/script>\n<!-- \/ Yoast SEO plugin. -->","yoast_head_json":{"title":"De Tiidmasine &#8211; Af\u00fbk Websjop","robots":{"index":"index","follow":"follow","max-snippet":"max-snippet:-1","max-image-preview":"max-image-preview:large","max-video-preview":"max-video-preview:-1"},"canonical":"https:\/\/websjop.afuk.frl\/frl\/winkel\/de-tiidmasine\/","og_locale":"fy_NL","og_type":"article","og_title":"De Tiidmasine &#8211; Af\u00fbk Websjop","og_description":"Veelbesproken roman H.G. Wells uit 1895 over in tijdreiziger in een wereld zonder ziekten en tekorten. Ferneamde roman H.G. Wells \u00fat 1895 oer in tiidreizger yn in wr\u00e2ld dy\u2019t sa\u2019t skynt s\u00fbnder sykten en tekoart is. Herbert George Wells (1866-1946) wie in bys\u00fbnder produktyf skriuwer, en is hjoed-de-dei foaral bekend as de \u2018heit fan de [&hellip;]","og_url":"https:\/\/websjop.afuk.frl\/frl\/winkel\/de-tiidmasine\/","og_site_name":"Af\u00fbk Websjop","article_modified_time":"2022-03-04T09:54:36+00:00","og_image":[{"width":552,"height":799,"url":"https:\/\/websjop.afuk.frl\/wp-content\/uploads\/2019\/01\/de-tiidmasine.jpg","type":"image\/jpeg"}],"twitter_card":"summary_large_image","twitter_misc":{"Est. reading time":"1 minute"},"schema":{"@context":"https:\/\/schema.org","@graph":[{"@type":"WebPage","@id":"https:\/\/websjop.afuk.frl\/frl\/winkel\/de-tiidmasine\/","url":"https:\/\/websjop.afuk.frl\/frl\/winkel\/de-tiidmasine\/","name":"De Tiidmasine &#8211; Af\u00fbk Websjop","isPartOf":{"@id":"https:\/\/websjop.afuk.frl\/frl\/#website"},"primaryImageOfPage":{"@id":"https:\/\/websjop.afuk.frl\/frl\/winkel\/de-tiidmasine\/#primaryimage"},"image":{"@id":"https:\/\/websjop.afuk.frl\/frl\/winkel\/de-tiidmasine\/#primaryimage"},"thumbnailUrl":"https:\/\/websjop.afuk.frl\/wp-content\/uploads\/2019\/01\/de-tiidmasine.jpg","datePublished":"2019-01-19T10:34:51+00:00","dateModified":"2022-03-04T09:54:36+00:00","breadcrumb":{"@id":"https:\/\/websjop.afuk.frl\/frl\/winkel\/de-tiidmasine\/#breadcrumb"},"inLanguage":"fy-NL","potentialAction":[{"@type":"ReadAction","target":["https:\/\/websjop.afuk.frl\/frl\/winkel\/de-tiidmasine\/"]}]},{"@type":"ImageObject","inLanguage":"fy-NL","@id":"https:\/\/websjop.afuk.frl\/frl\/winkel\/de-tiidmasine\/#primaryimage","url":"https:\/\/websjop.afuk.frl\/wp-content\/uploads\/2019\/01\/de-tiidmasine.jpg","contentUrl":"https:\/\/websjop.afuk.frl\/wp-content\/uploads\/2019\/01\/de-tiidmasine.jpg","width":552,"height":799,"caption":"De tiidmasine"},{"@type":"BreadcrumbList","@id":"https:\/\/websjop.afuk.frl\/frl\/winkel\/de-tiidmasine\/#breadcrumb","itemListElement":[{"@type":"ListItem","position":1,"name":"Home","item":"https:\/\/websjop.afuk.frl\/frl\/"},{"@type":"ListItem","position":2,"name":"Winkel","item":"https:\/\/websjop.afuk.frl\/nl\/winkel\/"},{"@type":"ListItem","position":3,"name":"De Tiidmasine"}]},{"@type":"WebSite","@id":"https:\/\/websjop.afuk.frl\/frl\/#website","url":"https:\/\/websjop.afuk.frl\/frl\/","name":"Af\u00fbk Websjop","description":"","potentialAction":[{"@type":"SearchAction","target":{"@type":"EntryPoint","urlTemplate":"https:\/\/websjop.afuk.frl\/frl\/?s={search_term_string}"},"query-input":{"@type":"PropertyValueSpecification","valueRequired":true,"valueName":"search_term_string"}}],"inLanguage":"fy-NL"}]}},"_links":{"self":[{"href":"https:\/\/websjop.afuk.frl\/frl\/wp-json\/wp\/v2\/product\/12852","targetHints":{"allow":["GET"]}}],"collection":[{"href":"https:\/\/websjop.afuk.frl\/frl\/wp-json\/wp\/v2\/product"}],"about":[{"href":"https:\/\/websjop.afuk.frl\/frl\/wp-json\/wp\/v2\/types\/product"}],"replies":[{"embeddable":true,"href":"https:\/\/websjop.afuk.frl\/frl\/wp-json\/wp\/v2\/comments?post=12852"}],"wp:featuredmedia":[{"embeddable":true,"href":"https:\/\/websjop.afuk.frl\/frl\/wp-json\/wp\/v2\/media\/12860"}],"wp:attachment":[{"href":"https:\/\/websjop.afuk.frl\/frl\/wp-json\/wp\/v2\/media?parent=12852"}],"wp:term":[{"taxonomy":"product_brand","embeddable":true,"href":"https:\/\/websjop.afuk.frl\/frl\/wp-json\/wp\/v2\/product_brand?post=12852"},{"taxonomy":"product_cat","embeddable":true,"href":"https:\/\/websjop.afuk.frl\/frl\/wp-json\/wp\/v2\/product_cat?post=12852"},{"taxonomy":"product_tag","embeddable":true,"href":"https:\/\/websjop.afuk.frl\/frl\/wp-json\/wp\/v2\/product_tag?post=12852"}],"curies":[{"name":"wp","href":"https:\/\/api.w.org\/{rel}","templated":true}]}}