{"id":11240,"date":"2018-07-05T12:47:20","date_gmt":"2018-07-05T11:47:20","guid":{"rendered":"https:\/\/websjop.bwhontwerpers.nl\/?post_type=product&#038;p=11240"},"modified":"2023-08-08T11:09:57","modified_gmt":"2023-08-08T10:09:57","slug":"redbad-kening-fan-e-friezen","status":"publish","type":"product","link":"https:\/\/websjop.afuk.frl\/frl\/winkel\/redbad-kening-fan-e-friezen\/","title":{"rendered":"R\u00eadb\u00e2d &#8211; Kening fan \u2019e Friezen"},"content":{"rendered":"<p>Willem Schoorstra (1959) zet het heldhaftige leven van de meest legendarische koning en zijn tijd neer in een meesterlijke stijl. Het verhaal wordt verteld door Hadagrim, zoon van Egisgar en gaat over alle geprezen en dappere daden van Redbad.<\/p>\n<p>Het boek is ook verkrijgbaar in Nederlandse vertaling: <a href=\"https:\/\/websjop.afuk.frl\/frl\/winkel\/redbad-koning-van-de-friezen\/\">https:\/\/websjop.afuk.frl\/frl\/winkel\/redbad-koning-van-de-friezen\/<\/a><\/p>\n<p>&nbsp;<\/p>\n<p><span class=\"sku_wrapper\">\u00a0<\/span><\/p>\n<p>&nbsp;<\/p>\n<p><span class=\"sku_wrapper\">\u00a0<\/span><\/p>\n<p>&nbsp;<\/p>\n<p>&nbsp;<\/p>\n<p>&nbsp;<\/p>\n","protected":false},"excerpt":{"rendered":"<p>Willem Schoorstra (1959) zet het heldhaftige leven van de meest legendarische koning en zijn tijd neer in een meesterlijke stijl. Het verhaal wordt verteld door Hadagrim, zoon van Egisgar en gaat over alle geprezen en dappere daden van Redbad. Het boek is ook verkrijgbaar in Nederlandse vertaling: https:\/\/websjop.afuk.frl\/frl\/winkel\/redbad-koning-van-de-friezen\/ &nbsp; \u00a0 &nbsp; \u00a0 &nbsp; &nbsp; &nbsp;<\/p>\n","protected":false},"featured_media":11241,"comment_status":"closed","ping_status":"closed","template":"","meta":{"_acf_changed":false},"product_brand":[],"product_cat":[535,1215],"product_tag":[17717,17716,17718,7768,5641,5624],"class_list":{"0":"post-11240","1":"product","2":"type-product","3":"status-publish","4":"has-post-thumbnail","6":"product_cat-fryske-boeken","7":"product_cat-romans-en-literatuer","8":"product_tag-histoary","9":"product_tag-kening-fan-e-friezen","10":"product_tag-koning-redbad","11":"product_tag-redbad","12":"product_tag-roman","13":"product_tag-willem-schoorstra","14":"product_shipping_class-pakketpost-verzending","15":"pa_auteur-willem-schoorstra-2","16":"pa_isbn-3004","17":"pa_taal-frysk","18":"pa_uitgever-het-nieuwe-kanaal","20":"first","21":"instock","22":"taxable","23":"shipping-taxable","24":"purchasable","25":"product-type-simple"},"acf":[],"yoast_head":"<!-- This site is optimized with the Yoast SEO plugin v27.3 - https:\/\/yoast.com\/product\/yoast-seo-wordpress\/ -->\n<title>R\u00eadb\u00e2d - Kening fan \u2019e Friezen &#8211; Af\u00fbk Websjop<\/title>\n<meta name=\"description\" content=\"Willem Schoorstra (1959) zet het heldhaftige leven van de meest legendarische koning R\u00eadb\u00e2d en zijn tijd neer in een meesterlijke stijl.\" \/>\n<meta name=\"robots\" content=\"index, follow, max-snippet:-1, max-image-preview:large, max-video-preview:-1\" \/>\n<link rel=\"canonical\" href=\"https:\/\/websjop.afuk.frl\/frl\/winkel\/redbad-kening-fan-e-friezen\/\" \/>\n<meta property=\"og:locale\" content=\"fy_NL\" \/>\n<meta property=\"og:type\" content=\"article\" \/>\n<meta property=\"og:title\" content=\"R\u00eadb\u00e2d - Kening fan \u2019e Friezen &#8211; Af\u00fbk Websjop\" \/>\n<meta property=\"og:description\" content=\"Willem Schoorstra (1959) zet het heldhaftige leven van de meest legendarische koning R\u00eadb\u00e2d en zijn tijd neer in een meesterlijke stijl.\" \/>\n<meta property=\"og:url\" content=\"https:\/\/websjop.afuk.frl\/frl\/winkel\/redbad-kening-fan-e-friezen\/\" \/>\n<meta property=\"og:site_name\" content=\"Af\u00fbk Websjop\" \/>\n<meta property=\"article:modified_time\" content=\"2023-08-08T10:09:57+00:00\" \/>\n<meta property=\"og:image\" content=\"https:\/\/websjop.afuk.frl\/wp-content\/uploads\/2018\/07\/products-9200000095562612.jpg\" \/>\n\t<meta property=\"og:image:width\" content=\"550\" \/>\n\t<meta property=\"og:image:height\" content=\"827\" \/>\n\t<meta property=\"og:image:type\" content=\"image\/jpeg\" \/>\n<meta name=\"twitter:card\" content=\"summary_large_image\" \/>\n<script type=\"application\/ld+json\" class=\"yoast-schema-graph\">{\"@context\":\"https:\\\/\\\/schema.org\",\"@graph\":[{\"@type\":\"WebPage\",\"@id\":\"https:\\\/\\\/websjop.afuk.frl\\\/frl\\\/winkel\\\/redbad-kening-fan-e-friezen\\\/\",\"url\":\"https:\\\/\\\/websjop.afuk.frl\\\/frl\\\/winkel\\\/redbad-kening-fan-e-friezen\\\/\",\"name\":\"R\u00eadb\u00e2d - Kening fan \u2019e Friezen &#8211; Af\u00fbk Websjop\",\"isPartOf\":{\"@id\":\"https:\\\/\\\/websjop.afuk.frl\\\/frl\\\/#website\"},\"primaryImageOfPage\":{\"@id\":\"https:\\\/\\\/websjop.afuk.frl\\\/frl\\\/winkel\\\/redbad-kening-fan-e-friezen\\\/#primaryimage\"},\"image\":{\"@id\":\"https:\\\/\\\/websjop.afuk.frl\\\/frl\\\/winkel\\\/redbad-kening-fan-e-friezen\\\/#primaryimage\"},\"thumbnailUrl\":\"https:\\\/\\\/websjop.afuk.frl\\\/wp-content\\\/uploads\\\/2018\\\/07\\\/products-9200000095562612.jpg\",\"datePublished\":\"2018-07-05T11:47:20+00:00\",\"dateModified\":\"2023-08-08T10:09:57+00:00\",\"description\":\"Willem Schoorstra (1959) zet het heldhaftige leven van de meest legendarische koning R\u00eadb\u00e2d en zijn tijd neer in een meesterlijke stijl.\",\"breadcrumb\":{\"@id\":\"https:\\\/\\\/websjop.afuk.frl\\\/frl\\\/winkel\\\/redbad-kening-fan-e-friezen\\\/#breadcrumb\"},\"inLanguage\":\"fy-NL\",\"potentialAction\":[{\"@type\":\"ReadAction\",\"target\":[\"https:\\\/\\\/websjop.afuk.frl\\\/frl\\\/winkel\\\/redbad-kening-fan-e-friezen\\\/\"]}]},{\"@type\":\"ImageObject\",\"inLanguage\":\"fy-NL\",\"@id\":\"https:\\\/\\\/websjop.afuk.frl\\\/frl\\\/winkel\\\/redbad-kening-fan-e-friezen\\\/#primaryimage\",\"url\":\"https:\\\/\\\/websjop.afuk.frl\\\/wp-content\\\/uploads\\\/2018\\\/07\\\/products-9200000095562612.jpg\",\"contentUrl\":\"https:\\\/\\\/websjop.afuk.frl\\\/wp-content\\\/uploads\\\/2018\\\/07\\\/products-9200000095562612.jpg\",\"width\":550,\"height\":827},{\"@type\":\"BreadcrumbList\",\"@id\":\"https:\\\/\\\/websjop.afuk.frl\\\/frl\\\/winkel\\\/redbad-kening-fan-e-friezen\\\/#breadcrumb\",\"itemListElement\":[{\"@type\":\"ListItem\",\"position\":1,\"name\":\"Home\",\"item\":\"https:\\\/\\\/websjop.afuk.frl\\\/frl\\\/\"},{\"@type\":\"ListItem\",\"position\":2,\"name\":\"Winkel\",\"item\":\"https:\\\/\\\/websjop.afuk.frl\\\/nl\\\/winkel\\\/\"},{\"@type\":\"ListItem\",\"position\":3,\"name\":\"R\u00eadb\u00e2d &#8211; Kening fan \u2019e Friezen\"}]},{\"@type\":\"WebSite\",\"@id\":\"https:\\\/\\\/websjop.afuk.frl\\\/frl\\\/#website\",\"url\":\"https:\\\/\\\/websjop.afuk.frl\\\/frl\\\/\",\"name\":\"Af\u00fbk Websjop\",\"description\":\"\",\"potentialAction\":[{\"@type\":\"SearchAction\",\"target\":{\"@type\":\"EntryPoint\",\"urlTemplate\":\"https:\\\/\\\/websjop.afuk.frl\\\/frl\\\/?s={search_term_string}\"},\"query-input\":{\"@type\":\"PropertyValueSpecification\",\"valueRequired\":true,\"valueName\":\"search_term_string\"}}],\"inLanguage\":\"fy-NL\"}]}<\/script>\n<!-- \/ Yoast SEO plugin. -->","yoast_head_json":{"title":"R\u00eadb\u00e2d - Kening fan \u2019e Friezen &#8211; Af\u00fbk Websjop","description":"Willem Schoorstra (1959) zet het heldhaftige leven van de meest legendarische koning R\u00eadb\u00e2d en zijn tijd neer in een meesterlijke stijl.","robots":{"index":"index","follow":"follow","max-snippet":"max-snippet:-1","max-image-preview":"max-image-preview:large","max-video-preview":"max-video-preview:-1"},"canonical":"https:\/\/websjop.afuk.frl\/frl\/winkel\/redbad-kening-fan-e-friezen\/","og_locale":"fy_NL","og_type":"article","og_title":"R\u00eadb\u00e2d - Kening fan \u2019e Friezen &#8211; Af\u00fbk Websjop","og_description":"Willem Schoorstra (1959) zet het heldhaftige leven van de meest legendarische koning R\u00eadb\u00e2d en zijn tijd neer in een meesterlijke stijl.","og_url":"https:\/\/websjop.afuk.frl\/frl\/winkel\/redbad-kening-fan-e-friezen\/","og_site_name":"Af\u00fbk Websjop","article_modified_time":"2023-08-08T10:09:57+00:00","og_image":[{"width":550,"height":827,"url":"https:\/\/websjop.afuk.frl\/wp-content\/uploads\/2018\/07\/products-9200000095562612.jpg","type":"image\/jpeg"}],"twitter_card":"summary_large_image","schema":{"@context":"https:\/\/schema.org","@graph":[{"@type":"WebPage","@id":"https:\/\/websjop.afuk.frl\/frl\/winkel\/redbad-kening-fan-e-friezen\/","url":"https:\/\/websjop.afuk.frl\/frl\/winkel\/redbad-kening-fan-e-friezen\/","name":"R\u00eadb\u00e2d - Kening fan \u2019e Friezen &#8211; Af\u00fbk Websjop","isPartOf":{"@id":"https:\/\/websjop.afuk.frl\/frl\/#website"},"primaryImageOfPage":{"@id":"https:\/\/websjop.afuk.frl\/frl\/winkel\/redbad-kening-fan-e-friezen\/#primaryimage"},"image":{"@id":"https:\/\/websjop.afuk.frl\/frl\/winkel\/redbad-kening-fan-e-friezen\/#primaryimage"},"thumbnailUrl":"https:\/\/websjop.afuk.frl\/wp-content\/uploads\/2018\/07\/products-9200000095562612.jpg","datePublished":"2018-07-05T11:47:20+00:00","dateModified":"2023-08-08T10:09:57+00:00","description":"Willem Schoorstra (1959) zet het heldhaftige leven van de meest legendarische koning R\u00eadb\u00e2d en zijn tijd neer in een meesterlijke stijl.","breadcrumb":{"@id":"https:\/\/websjop.afuk.frl\/frl\/winkel\/redbad-kening-fan-e-friezen\/#breadcrumb"},"inLanguage":"fy-NL","potentialAction":[{"@type":"ReadAction","target":["https:\/\/websjop.afuk.frl\/frl\/winkel\/redbad-kening-fan-e-friezen\/"]}]},{"@type":"ImageObject","inLanguage":"fy-NL","@id":"https:\/\/websjop.afuk.frl\/frl\/winkel\/redbad-kening-fan-e-friezen\/#primaryimage","url":"https:\/\/websjop.afuk.frl\/wp-content\/uploads\/2018\/07\/products-9200000095562612.jpg","contentUrl":"https:\/\/websjop.afuk.frl\/wp-content\/uploads\/2018\/07\/products-9200000095562612.jpg","width":550,"height":827},{"@type":"BreadcrumbList","@id":"https:\/\/websjop.afuk.frl\/frl\/winkel\/redbad-kening-fan-e-friezen\/#breadcrumb","itemListElement":[{"@type":"ListItem","position":1,"name":"Home","item":"https:\/\/websjop.afuk.frl\/frl\/"},{"@type":"ListItem","position":2,"name":"Winkel","item":"https:\/\/websjop.afuk.frl\/nl\/winkel\/"},{"@type":"ListItem","position":3,"name":"R\u00eadb\u00e2d &#8211; Kening fan \u2019e Friezen"}]},{"@type":"WebSite","@id":"https:\/\/websjop.afuk.frl\/frl\/#website","url":"https:\/\/websjop.afuk.frl\/frl\/","name":"Af\u00fbk Websjop","description":"","potentialAction":[{"@type":"SearchAction","target":{"@type":"EntryPoint","urlTemplate":"https:\/\/websjop.afuk.frl\/frl\/?s={search_term_string}"},"query-input":{"@type":"PropertyValueSpecification","valueRequired":true,"valueName":"search_term_string"}}],"inLanguage":"fy-NL"}]}},"_links":{"self":[{"href":"https:\/\/websjop.afuk.frl\/frl\/wp-json\/wp\/v2\/product\/11240","targetHints":{"allow":["GET"]}}],"collection":[{"href":"https:\/\/websjop.afuk.frl\/frl\/wp-json\/wp\/v2\/product"}],"about":[{"href":"https:\/\/websjop.afuk.frl\/frl\/wp-json\/wp\/v2\/types\/product"}],"replies":[{"embeddable":true,"href":"https:\/\/websjop.afuk.frl\/frl\/wp-json\/wp\/v2\/comments?post=11240"}],"wp:featuredmedia":[{"embeddable":true,"href":"https:\/\/websjop.afuk.frl\/frl\/wp-json\/wp\/v2\/media\/11241"}],"wp:attachment":[{"href":"https:\/\/websjop.afuk.frl\/frl\/wp-json\/wp\/v2\/media?parent=11240"}],"wp:term":[{"taxonomy":"product_brand","embeddable":true,"href":"https:\/\/websjop.afuk.frl\/frl\/wp-json\/wp\/v2\/product_brand?post=11240"},{"taxonomy":"product_cat","embeddable":true,"href":"https:\/\/websjop.afuk.frl\/frl\/wp-json\/wp\/v2\/product_cat?post=11240"},{"taxonomy":"product_tag","embeddable":true,"href":"https:\/\/websjop.afuk.frl\/frl\/wp-json\/wp\/v2\/product_tag?post=11240"}],"curies":[{"name":"wp","href":"https:\/\/api.w.org\/{rel}","templated":true}]}}