{"id":11136,"date":"2018-05-08T10:06:20","date_gmt":"2018-05-08T09:06:20","guid":{"rendered":"https:\/\/websjop.bwhontwerpers.nl\/?post_type=product&#038;p=11136"},"modified":"2024-11-18T15:56:48","modified_gmt":"2024-11-18T14:56:48","slug":"heech-tymo-sjoch-omheech","status":"publish","type":"product","link":"https:\/\/websjop.afuk.frl\/frl\/winkel\/heech-tymo-sjoch-omheech\/","title":{"rendered":"Heech Tymo, sjoch omheech"},"content":{"rendered":"<p><strong>* Genomineerd voor de Simke Kloosterman Priis 2019 *<\/strong><\/p>\n<p>&#8216;Heech Tymo, sjoch omheech&#8217; is in boek voor klein en groot, jong en oud, over liefde en verlies, het doorbreken van grenzen en het ontdekken wie je bent, geschreven met humor en tot het einde toe spannend.<\/p>\n<p>Tymo syn mem is in Frou S\u00fbnder Man. No tinkt se dat se miskien wol in leuke nije freon f\u00fbn hat. Ferdy hat in kanarjegiele auto en leit de hiele dei te luilakjen op de bank d\u00ear&#8217;t Tymo sa graach op sitte mei om te gamen. D\u00earom wol Tymo dy nije flam fan syn mem sa gau mooglik ta de doar \u00fat hawwe. Tagelyk wurdt it no echt tiid dat se in leukere freon fynt, tinkt er. Mar hoe moat er dat oanpakke? En dan komt der in nij jonkje by Tymo yn de groep. Dy&#8217;t in hiel spannende Heit S\u00fbnder Frou hat, in echte keunster dy&#8217;t bylden sa grut as in reus makket. Soe dy net mei syn mem wolle? Al gau komt Tymo derachter dat it allegear net sa maklik is, hielendal as Bahar neist him te wenjen komt.<\/p>\n<p>&nbsp;<\/p>\n","protected":false},"excerpt":{"rendered":"<p>. Auteur: Koos Tiemersma<\/p>\n","protected":false},"featured_media":11137,"comment_status":"closed","ping_status":"closed","template":"","meta":{"_acf_changed":false},"product_brand":[],"product_cat":[1213,551,16973,535,16976,552,537,1215,23212],"product_tag":[6256,6254,6212,6257,6253,6255],"class_list":{"0":"post-11136","1":"product","2":"type-product","3":"status-publish","4":"has-post-thumbnail","6":"product_cat-berne-en-jeugdboeken","7":"product_cat-berneboeken-8-12","8":"product_cat-berneboekewike2023","9":"product_cat-fryske-boeken","10":"product_cat-groep-6-en-7-en-8","11":"product_cat-jeugdboeken","12":"product_cat-romans","13":"product_cat-romans-en-literatuer","14":"product_cat-tema-10-oant-12-jier","15":"product_tag-frou-sunder-man","16":"product_tag-heech-tymo","17":"product_tag-leafde","18":"product_tag-lije","19":"product_tag-simke-kloosterman-priis-2019","20":"product_tag-sjoch-omheech","21":"product_shipping_class-brievenbus-verzending","22":"pa_auteur-koos-tiemersma-2","23":"pa_isbn-2975","24":"pa_taal-frysk","25":"pa_uitgever-het-nieuwe-kanaal","27":"first","28":"instock","29":"taxable","30":"shipping-taxable","31":"purchasable","32":"product-type-simple"},"acf":[],"yoast_head":"<!-- This site is optimized with the Yoast SEO plugin v27.2 - https:\/\/yoast.com\/product\/yoast-seo-wordpress\/ -->\n<title>Heech Tymo, sjoch omheech &#8211; Af\u00fbk Websjop<\/title>\n<meta name=\"robots\" content=\"index, follow, max-snippet:-1, max-image-preview:large, max-video-preview:-1\" \/>\n<link rel=\"canonical\" href=\"https:\/\/websjop.afuk.frl\/frl\/winkel\/heech-tymo-sjoch-omheech\/\" \/>\n<meta property=\"og:locale\" content=\"fy_NL\" \/>\n<meta property=\"og:type\" content=\"article\" \/>\n<meta property=\"og:title\" content=\"Heech Tymo, sjoch omheech &#8211; Af\u00fbk Websjop\" \/>\n<meta property=\"og:description\" content=\". Auteur: Koos Tiemersma\" \/>\n<meta property=\"og:url\" content=\"https:\/\/websjop.afuk.frl\/frl\/winkel\/heech-tymo-sjoch-omheech\/\" \/>\n<meta property=\"og:site_name\" content=\"Af\u00fbk Websjop\" \/>\n<meta property=\"article:modified_time\" content=\"2024-11-18T14:56:48+00:00\" \/>\n<meta property=\"og:image\" content=\"https:\/\/websjop.afuk.frl\/wp-content\/uploads\/2018\/05\/products-heech_tymo_sjoch_omheech.jpg\" \/>\n\t<meta property=\"og:image:width\" content=\"366\" \/>\n\t<meta property=\"og:image:height\" content=\"573\" \/>\n\t<meta property=\"og:image:type\" content=\"image\/jpeg\" \/>\n<meta name=\"twitter:card\" content=\"summary_large_image\" \/>\n<meta name=\"twitter:label1\" content=\"Est. reading time\" \/>\n\t<meta name=\"twitter:data1\" content=\"1 minute\" \/>\n<script type=\"application\/ld+json\" class=\"yoast-schema-graph\">{\"@context\":\"https:\/\/schema.org\",\"@graph\":[{\"@type\":\"WebPage\",\"@id\":\"https:\/\/websjop.afuk.frl\/frl\/winkel\/heech-tymo-sjoch-omheech\/\",\"url\":\"https:\/\/websjop.afuk.frl\/frl\/winkel\/heech-tymo-sjoch-omheech\/\",\"name\":\"Heech Tymo, sjoch omheech &#8211; Af\u00fbk Websjop\",\"isPartOf\":{\"@id\":\"https:\/\/websjop.afuk.frl\/frl\/#website\"},\"primaryImageOfPage\":{\"@id\":\"https:\/\/websjop.afuk.frl\/frl\/winkel\/heech-tymo-sjoch-omheech\/#primaryimage\"},\"image\":{\"@id\":\"https:\/\/websjop.afuk.frl\/frl\/winkel\/heech-tymo-sjoch-omheech\/#primaryimage\"},\"thumbnailUrl\":\"https:\/\/websjop.afuk.frl\/wp-content\/uploads\/2018\/05\/products-heech_tymo_sjoch_omheech.jpg\",\"datePublished\":\"2018-05-08T09:06:20+00:00\",\"dateModified\":\"2024-11-18T14:56:48+00:00\",\"breadcrumb\":{\"@id\":\"https:\/\/websjop.afuk.frl\/frl\/winkel\/heech-tymo-sjoch-omheech\/#breadcrumb\"},\"inLanguage\":\"fy-NL\",\"potentialAction\":[{\"@type\":\"ReadAction\",\"target\":[\"https:\/\/websjop.afuk.frl\/frl\/winkel\/heech-tymo-sjoch-omheech\/\"]}]},{\"@type\":\"ImageObject\",\"inLanguage\":\"fy-NL\",\"@id\":\"https:\/\/websjop.afuk.frl\/frl\/winkel\/heech-tymo-sjoch-omheech\/#primaryimage\",\"url\":\"https:\/\/websjop.afuk.frl\/wp-content\/uploads\/2018\/05\/products-heech_tymo_sjoch_omheech.jpg\",\"contentUrl\":\"https:\/\/websjop.afuk.frl\/wp-content\/uploads\/2018\/05\/products-heech_tymo_sjoch_omheech.jpg\",\"width\":366,\"height\":573,\"caption\":\"Heech Tymo, sjoch omheech\"},{\"@type\":\"BreadcrumbList\",\"@id\":\"https:\/\/websjop.afuk.frl\/frl\/winkel\/heech-tymo-sjoch-omheech\/#breadcrumb\",\"itemListElement\":[{\"@type\":\"ListItem\",\"position\":1,\"name\":\"Home\",\"item\":\"https:\/\/websjop.afuk.frl\/frl\/\"},{\"@type\":\"ListItem\",\"position\":2,\"name\":\"Winkel\",\"item\":\"https:\/\/websjop.afuk.frl\/nl\/winkel\/\"},{\"@type\":\"ListItem\",\"position\":3,\"name\":\"Heech Tymo, sjoch omheech\"}]},{\"@type\":\"WebSite\",\"@id\":\"https:\/\/websjop.afuk.frl\/frl\/#website\",\"url\":\"https:\/\/websjop.afuk.frl\/frl\/\",\"name\":\"Af\u00fbk Websjop\",\"description\":\"\",\"potentialAction\":[{\"@type\":\"SearchAction\",\"target\":{\"@type\":\"EntryPoint\",\"urlTemplate\":\"https:\/\/websjop.afuk.frl\/frl\/?s={search_term_string}\"},\"query-input\":{\"@type\":\"PropertyValueSpecification\",\"valueRequired\":true,\"valueName\":\"search_term_string\"}}],\"inLanguage\":\"fy-NL\"}]}<\/script>\n<!-- \/ Yoast SEO plugin. -->","yoast_head_json":{"title":"Heech Tymo, sjoch omheech &#8211; Af\u00fbk Websjop","robots":{"index":"index","follow":"follow","max-snippet":"max-snippet:-1","max-image-preview":"max-image-preview:large","max-video-preview":"max-video-preview:-1"},"canonical":"https:\/\/websjop.afuk.frl\/frl\/winkel\/heech-tymo-sjoch-omheech\/","og_locale":"fy_NL","og_type":"article","og_title":"Heech Tymo, sjoch omheech &#8211; Af\u00fbk Websjop","og_description":". Auteur: Koos Tiemersma","og_url":"https:\/\/websjop.afuk.frl\/frl\/winkel\/heech-tymo-sjoch-omheech\/","og_site_name":"Af\u00fbk Websjop","article_modified_time":"2024-11-18T14:56:48+00:00","og_image":[{"width":366,"height":573,"url":"https:\/\/websjop.afuk.frl\/wp-content\/uploads\/2018\/05\/products-heech_tymo_sjoch_omheech.jpg","type":"image\/jpeg"}],"twitter_card":"summary_large_image","twitter_misc":{"Est. reading time":"1 minute"},"schema":{"@context":"https:\/\/schema.org","@graph":[{"@type":"WebPage","@id":"https:\/\/websjop.afuk.frl\/frl\/winkel\/heech-tymo-sjoch-omheech\/","url":"https:\/\/websjop.afuk.frl\/frl\/winkel\/heech-tymo-sjoch-omheech\/","name":"Heech Tymo, sjoch omheech &#8211; Af\u00fbk Websjop","isPartOf":{"@id":"https:\/\/websjop.afuk.frl\/frl\/#website"},"primaryImageOfPage":{"@id":"https:\/\/websjop.afuk.frl\/frl\/winkel\/heech-tymo-sjoch-omheech\/#primaryimage"},"image":{"@id":"https:\/\/websjop.afuk.frl\/frl\/winkel\/heech-tymo-sjoch-omheech\/#primaryimage"},"thumbnailUrl":"https:\/\/websjop.afuk.frl\/wp-content\/uploads\/2018\/05\/products-heech_tymo_sjoch_omheech.jpg","datePublished":"2018-05-08T09:06:20+00:00","dateModified":"2024-11-18T14:56:48+00:00","breadcrumb":{"@id":"https:\/\/websjop.afuk.frl\/frl\/winkel\/heech-tymo-sjoch-omheech\/#breadcrumb"},"inLanguage":"fy-NL","potentialAction":[{"@type":"ReadAction","target":["https:\/\/websjop.afuk.frl\/frl\/winkel\/heech-tymo-sjoch-omheech\/"]}]},{"@type":"ImageObject","inLanguage":"fy-NL","@id":"https:\/\/websjop.afuk.frl\/frl\/winkel\/heech-tymo-sjoch-omheech\/#primaryimage","url":"https:\/\/websjop.afuk.frl\/wp-content\/uploads\/2018\/05\/products-heech_tymo_sjoch_omheech.jpg","contentUrl":"https:\/\/websjop.afuk.frl\/wp-content\/uploads\/2018\/05\/products-heech_tymo_sjoch_omheech.jpg","width":366,"height":573,"caption":"Heech Tymo, sjoch omheech"},{"@type":"BreadcrumbList","@id":"https:\/\/websjop.afuk.frl\/frl\/winkel\/heech-tymo-sjoch-omheech\/#breadcrumb","itemListElement":[{"@type":"ListItem","position":1,"name":"Home","item":"https:\/\/websjop.afuk.frl\/frl\/"},{"@type":"ListItem","position":2,"name":"Winkel","item":"https:\/\/websjop.afuk.frl\/nl\/winkel\/"},{"@type":"ListItem","position":3,"name":"Heech Tymo, sjoch omheech"}]},{"@type":"WebSite","@id":"https:\/\/websjop.afuk.frl\/frl\/#website","url":"https:\/\/websjop.afuk.frl\/frl\/","name":"Af\u00fbk Websjop","description":"","potentialAction":[{"@type":"SearchAction","target":{"@type":"EntryPoint","urlTemplate":"https:\/\/websjop.afuk.frl\/frl\/?s={search_term_string}"},"query-input":{"@type":"PropertyValueSpecification","valueRequired":true,"valueName":"search_term_string"}}],"inLanguage":"fy-NL"}]}},"_links":{"self":[{"href":"https:\/\/websjop.afuk.frl\/frl\/wp-json\/wp\/v2\/product\/11136","targetHints":{"allow":["GET"]}}],"collection":[{"href":"https:\/\/websjop.afuk.frl\/frl\/wp-json\/wp\/v2\/product"}],"about":[{"href":"https:\/\/websjop.afuk.frl\/frl\/wp-json\/wp\/v2\/types\/product"}],"replies":[{"embeddable":true,"href":"https:\/\/websjop.afuk.frl\/frl\/wp-json\/wp\/v2\/comments?post=11136"}],"wp:featuredmedia":[{"embeddable":true,"href":"https:\/\/websjop.afuk.frl\/frl\/wp-json\/wp\/v2\/media\/11137"}],"wp:attachment":[{"href":"https:\/\/websjop.afuk.frl\/frl\/wp-json\/wp\/v2\/media?parent=11136"}],"wp:term":[{"taxonomy":"product_brand","embeddable":true,"href":"https:\/\/websjop.afuk.frl\/frl\/wp-json\/wp\/v2\/product_brand?post=11136"},{"taxonomy":"product_cat","embeddable":true,"href":"https:\/\/websjop.afuk.frl\/frl\/wp-json\/wp\/v2\/product_cat?post=11136"},{"taxonomy":"product_tag","embeddable":true,"href":"https:\/\/websjop.afuk.frl\/frl\/wp-json\/wp\/v2\/product_tag?post=11136"}],"curies":[{"name":"wp","href":"https:\/\/api.w.org\/{rel}","templated":true}]}}