{"id":10794,"date":"2017-08-01T11:17:44","date_gmt":"2017-08-01T10:17:44","guid":{"rendered":"https:\/\/websjop.bwhontwerpers.nl\/?post_type=product&#038;p=10794"},"modified":"2019-11-05T16:00:20","modified_gmt":"2019-11-05T15:00:20","slug":"onder-heeren-250-jaar-groote-societeit-in-leeuwarden","status":"publish","type":"product","link":"https:\/\/websjop.afuk.frl\/frl\/winkel\/onder-heeren-250-jaar-groote-societeit-in-leeuwarden\/","title":{"rendered":"Onder Heeren &#8211; 250 jaar groote soci\u00ebteit in Leeuwarden"},"content":{"rendered":"<p>In 1765 vormden 35 merendeels adellijke heren een &#8220;Soci\u00ebteit binnen Leeuwarden&#8221;. Sindsdien biedt deze Groote Soci\u00ebteit, zoals hij vanaf 1810 heette, aan heren de gelegenheid elkaar te ontmoeten in een ongedwongen sfeer.<br \/>\nNaar aanleiding van het 250-jarig bestaan geeft de historicus J.J. Huizinga in dit boek een levendig beeld van de geschiedenis van dit traditierijke instituut, dat ondanks moeilijke perioden en veranderende tijden de eeuwen heeft doorstaan.<\/p>\n<p>&nbsp;<\/p>\n<p>Tekst: dr. J.J. Huizinga<br \/>\nBoekverzorging: Boudewijn Boer<br \/>\nUitvoering: hardcover, full colour<\/p>\n","protected":false},"excerpt":{"rendered":"<p>In 1765 vormden 35 merendeels adellijke heren een &#8220;Soci\u00ebteit binnen Leeuwarden&#8221;. Sindsdien biedt deze Groote Soci\u00ebteit, zoals hij vanaf 1810 heette, aan heren de gelegenheid elkaar te ontmoeten in een ongedwongen sfeer.<br \/>\nNaar aanleiding van het 250-jarig bestaan geeft de historicus J.J. Huizinga in dit boek een levendig beeld van de geschiedenis van dit traditierijke instituut, dat ondanks moeilijke perioden en veranderende tijden de eeuwen heeft doorstaan.<\/p>\n<p>&nbsp;<\/p>\n<p>Tekst: dr. J.J. Huizinga<br \/>\nBoekverzorging: Boudewijn Boer<br \/>\nUitvoering: hardcover, full colour<\/p>\n","protected":false},"featured_media":12286,"comment_status":"closed","ping_status":"closed","template":"","meta":{"_acf_changed":false},"product_brand":[],"product_cat":[535,539],"product_tag":[],"class_list":{"0":"post-10794","1":"product","2":"type-product","3":"status-publish","4":"has-post-thumbnail","6":"product_cat-fryske-boeken","7":"product_cat-skiednis","8":"product_shipping_class-pakketpost-verzending","9":"pa_auteur-j-j-huizinga-2","10":"pa_is-een-afuk-product-0-2","11":"pa_sale-label-0-3","13":"first","14":"instock","15":"taxable","16":"shipping-taxable","17":"purchasable","18":"product-type-simple"},"acf":[],"yoast_head":"<!-- This site is optimized with the Yoast SEO plugin v27.3 - https:\/\/yoast.com\/product\/yoast-seo-wordpress\/ -->\n<title>Onder Heeren - 250 jaar groote soci\u00ebteit in Leeuwarden<\/title>\n<meta name=\"robots\" content=\"index, follow, max-snippet:-1, max-image-preview:large, max-video-preview:-1\" \/>\n<link rel=\"canonical\" href=\"https:\/\/websjop.afuk.frl\/frl\/winkel\/onder-heeren-250-jaar-groote-societeit-in-leeuwarden\/\" \/>\n<meta property=\"og:locale\" content=\"fy_NL\" \/>\n<meta property=\"og:type\" content=\"article\" \/>\n<meta property=\"og:title\" content=\"Onder Heeren - 250 jaar groote soci\u00ebteit in Leeuwarden\" \/>\n<meta property=\"og:description\" content=\"In 1765 vormden 35 merendeels adellijke heren een &quot;Soci\u00ebteit binnen Leeuwarden&quot;. Sindsdien biedt deze Groote Soci\u00ebteit, zoals hij vanaf 1810 heette, aan heren de gelegenheid elkaar te ontmoeten in een ongedwongen sfeer. Naar aanleiding van het 250-jarig bestaan geeft de historicus J.J. Huizinga in dit boek een levendig beeld van de geschiedenis van dit traditierijke instituut, dat ondanks moeilijke perioden en veranderende tijden de eeuwen heeft doorstaan.  &nbsp;  Tekst: dr. J.J. Huizinga Boekverzorging: Boudewijn Boer Uitvoering: hardcover, full colour\" \/>\n<meta property=\"og:url\" content=\"https:\/\/websjop.afuk.frl\/frl\/winkel\/onder-heeren-250-jaar-groote-societeit-in-leeuwarden\/\" \/>\n<meta property=\"og:site_name\" content=\"Af\u00fbk Websjop\" \/>\n<meta property=\"article:modified_time\" content=\"2019-11-05T15:00:20+00:00\" \/>\n<meta property=\"og:image\" content=\"https:\/\/websjop.afuk.frl\/wp-content\/uploads\/2017\/08\/onder-heeren-001.jpg\" \/>\n\t<meta property=\"og:image:width\" content=\"2000\" \/>\n\t<meta property=\"og:image:height\" content=\"2768\" \/>\n\t<meta property=\"og:image:type\" content=\"image\/jpeg\" \/>\n<meta name=\"twitter:card\" content=\"summary_large_image\" \/>\n<script type=\"application\/ld+json\" class=\"yoast-schema-graph\">{\"@context\":\"https:\\\/\\\/schema.org\",\"@graph\":[{\"@type\":\"WebPage\",\"@id\":\"https:\\\/\\\/websjop.afuk.frl\\\/frl\\\/winkel\\\/onder-heeren-250-jaar-groote-societeit-in-leeuwarden\\\/\",\"url\":\"https:\\\/\\\/websjop.afuk.frl\\\/frl\\\/winkel\\\/onder-heeren-250-jaar-groote-societeit-in-leeuwarden\\\/\",\"name\":\"Onder Heeren - 250 jaar groote soci\u00ebteit in Leeuwarden\",\"isPartOf\":{\"@id\":\"https:\\\/\\\/websjop.afuk.frl\\\/frl\\\/#website\"},\"primaryImageOfPage\":{\"@id\":\"https:\\\/\\\/websjop.afuk.frl\\\/frl\\\/winkel\\\/onder-heeren-250-jaar-groote-societeit-in-leeuwarden\\\/#primaryimage\"},\"image\":{\"@id\":\"https:\\\/\\\/websjop.afuk.frl\\\/frl\\\/winkel\\\/onder-heeren-250-jaar-groote-societeit-in-leeuwarden\\\/#primaryimage\"},\"thumbnailUrl\":\"https:\\\/\\\/websjop.afuk.frl\\\/wp-content\\\/uploads\\\/2017\\\/08\\\/onder-heeren-001.jpg\",\"datePublished\":\"2017-08-01T10:17:44+00:00\",\"dateModified\":\"2019-11-05T15:00:20+00:00\",\"breadcrumb\":{\"@id\":\"https:\\\/\\\/websjop.afuk.frl\\\/frl\\\/winkel\\\/onder-heeren-250-jaar-groote-societeit-in-leeuwarden\\\/#breadcrumb\"},\"inLanguage\":\"fy-NL\",\"potentialAction\":[{\"@type\":\"ReadAction\",\"target\":[\"https:\\\/\\\/websjop.afuk.frl\\\/frl\\\/winkel\\\/onder-heeren-250-jaar-groote-societeit-in-leeuwarden\\\/\"]}]},{\"@type\":\"ImageObject\",\"inLanguage\":\"fy-NL\",\"@id\":\"https:\\\/\\\/websjop.afuk.frl\\\/frl\\\/winkel\\\/onder-heeren-250-jaar-groote-societeit-in-leeuwarden\\\/#primaryimage\",\"url\":\"https:\\\/\\\/websjop.afuk.frl\\\/wp-content\\\/uploads\\\/2017\\\/08\\\/onder-heeren-001.jpg\",\"contentUrl\":\"https:\\\/\\\/websjop.afuk.frl\\\/wp-content\\\/uploads\\\/2017\\\/08\\\/onder-heeren-001.jpg\",\"width\":2000,\"height\":2768},{\"@type\":\"BreadcrumbList\",\"@id\":\"https:\\\/\\\/websjop.afuk.frl\\\/frl\\\/winkel\\\/onder-heeren-250-jaar-groote-societeit-in-leeuwarden\\\/#breadcrumb\",\"itemListElement\":[{\"@type\":\"ListItem\",\"position\":1,\"name\":\"Home\",\"item\":\"https:\\\/\\\/websjop.afuk.frl\\\/frl\\\/\"},{\"@type\":\"ListItem\",\"position\":2,\"name\":\"Winkel\",\"item\":\"https:\\\/\\\/websjop.afuk.frl\\\/nl\\\/winkel\\\/\"},{\"@type\":\"ListItem\",\"position\":3,\"name\":\"Onder Heeren &#8211; 250 jaar groote soci\u00ebteit in Leeuwarden\"}]},{\"@type\":\"WebSite\",\"@id\":\"https:\\\/\\\/websjop.afuk.frl\\\/frl\\\/#website\",\"url\":\"https:\\\/\\\/websjop.afuk.frl\\\/frl\\\/\",\"name\":\"Af\u00fbk Websjop\",\"description\":\"\",\"potentialAction\":[{\"@type\":\"SearchAction\",\"target\":{\"@type\":\"EntryPoint\",\"urlTemplate\":\"https:\\\/\\\/websjop.afuk.frl\\\/frl\\\/?s={search_term_string}\"},\"query-input\":{\"@type\":\"PropertyValueSpecification\",\"valueRequired\":true,\"valueName\":\"search_term_string\"}}],\"inLanguage\":\"fy-NL\"}]}<\/script>\n<!-- \/ Yoast SEO plugin. -->","yoast_head_json":{"title":"Onder Heeren - 250 jaar groote soci\u00ebteit in Leeuwarden","robots":{"index":"index","follow":"follow","max-snippet":"max-snippet:-1","max-image-preview":"max-image-preview:large","max-video-preview":"max-video-preview:-1"},"canonical":"https:\/\/websjop.afuk.frl\/frl\/winkel\/onder-heeren-250-jaar-groote-societeit-in-leeuwarden\/","og_locale":"fy_NL","og_type":"article","og_title":"Onder Heeren - 250 jaar groote soci\u00ebteit in Leeuwarden","og_description":"In 1765 vormden 35 merendeels adellijke heren een \"Soci\u00ebteit binnen Leeuwarden\". Sindsdien biedt deze Groote Soci\u00ebteit, zoals hij vanaf 1810 heette, aan heren de gelegenheid elkaar te ontmoeten in een ongedwongen sfeer. Naar aanleiding van het 250-jarig bestaan geeft de historicus J.J. Huizinga in dit boek een levendig beeld van de geschiedenis van dit traditierijke instituut, dat ondanks moeilijke perioden en veranderende tijden de eeuwen heeft doorstaan.  &nbsp;  Tekst: dr. J.J. Huizinga Boekverzorging: Boudewijn Boer Uitvoering: hardcover, full colour","og_url":"https:\/\/websjop.afuk.frl\/frl\/winkel\/onder-heeren-250-jaar-groote-societeit-in-leeuwarden\/","og_site_name":"Af\u00fbk Websjop","article_modified_time":"2019-11-05T15:00:20+00:00","og_image":[{"width":2000,"height":2768,"url":"https:\/\/websjop.afuk.frl\/wp-content\/uploads\/2017\/08\/onder-heeren-001.jpg","type":"image\/jpeg"}],"twitter_card":"summary_large_image","schema":{"@context":"https:\/\/schema.org","@graph":[{"@type":"WebPage","@id":"https:\/\/websjop.afuk.frl\/frl\/winkel\/onder-heeren-250-jaar-groote-societeit-in-leeuwarden\/","url":"https:\/\/websjop.afuk.frl\/frl\/winkel\/onder-heeren-250-jaar-groote-societeit-in-leeuwarden\/","name":"Onder Heeren - 250 jaar groote soci\u00ebteit in Leeuwarden","isPartOf":{"@id":"https:\/\/websjop.afuk.frl\/frl\/#website"},"primaryImageOfPage":{"@id":"https:\/\/websjop.afuk.frl\/frl\/winkel\/onder-heeren-250-jaar-groote-societeit-in-leeuwarden\/#primaryimage"},"image":{"@id":"https:\/\/websjop.afuk.frl\/frl\/winkel\/onder-heeren-250-jaar-groote-societeit-in-leeuwarden\/#primaryimage"},"thumbnailUrl":"https:\/\/websjop.afuk.frl\/wp-content\/uploads\/2017\/08\/onder-heeren-001.jpg","datePublished":"2017-08-01T10:17:44+00:00","dateModified":"2019-11-05T15:00:20+00:00","breadcrumb":{"@id":"https:\/\/websjop.afuk.frl\/frl\/winkel\/onder-heeren-250-jaar-groote-societeit-in-leeuwarden\/#breadcrumb"},"inLanguage":"fy-NL","potentialAction":[{"@type":"ReadAction","target":["https:\/\/websjop.afuk.frl\/frl\/winkel\/onder-heeren-250-jaar-groote-societeit-in-leeuwarden\/"]}]},{"@type":"ImageObject","inLanguage":"fy-NL","@id":"https:\/\/websjop.afuk.frl\/frl\/winkel\/onder-heeren-250-jaar-groote-societeit-in-leeuwarden\/#primaryimage","url":"https:\/\/websjop.afuk.frl\/wp-content\/uploads\/2017\/08\/onder-heeren-001.jpg","contentUrl":"https:\/\/websjop.afuk.frl\/wp-content\/uploads\/2017\/08\/onder-heeren-001.jpg","width":2000,"height":2768},{"@type":"BreadcrumbList","@id":"https:\/\/websjop.afuk.frl\/frl\/winkel\/onder-heeren-250-jaar-groote-societeit-in-leeuwarden\/#breadcrumb","itemListElement":[{"@type":"ListItem","position":1,"name":"Home","item":"https:\/\/websjop.afuk.frl\/frl\/"},{"@type":"ListItem","position":2,"name":"Winkel","item":"https:\/\/websjop.afuk.frl\/nl\/winkel\/"},{"@type":"ListItem","position":3,"name":"Onder Heeren &#8211; 250 jaar groote soci\u00ebteit in Leeuwarden"}]},{"@type":"WebSite","@id":"https:\/\/websjop.afuk.frl\/frl\/#website","url":"https:\/\/websjop.afuk.frl\/frl\/","name":"Af\u00fbk Websjop","description":"","potentialAction":[{"@type":"SearchAction","target":{"@type":"EntryPoint","urlTemplate":"https:\/\/websjop.afuk.frl\/frl\/?s={search_term_string}"},"query-input":{"@type":"PropertyValueSpecification","valueRequired":true,"valueName":"search_term_string"}}],"inLanguage":"fy-NL"}]}},"_links":{"self":[{"href":"https:\/\/websjop.afuk.frl\/frl\/wp-json\/wp\/v2\/product\/10794","targetHints":{"allow":["GET"]}}],"collection":[{"href":"https:\/\/websjop.afuk.frl\/frl\/wp-json\/wp\/v2\/product"}],"about":[{"href":"https:\/\/websjop.afuk.frl\/frl\/wp-json\/wp\/v2\/types\/product"}],"replies":[{"embeddable":true,"href":"https:\/\/websjop.afuk.frl\/frl\/wp-json\/wp\/v2\/comments?post=10794"}],"wp:featuredmedia":[{"embeddable":true,"href":"https:\/\/websjop.afuk.frl\/frl\/wp-json\/wp\/v2\/media\/12286"}],"wp:attachment":[{"href":"https:\/\/websjop.afuk.frl\/frl\/wp-json\/wp\/v2\/media?parent=10794"}],"wp:term":[{"taxonomy":"product_brand","embeddable":true,"href":"https:\/\/websjop.afuk.frl\/frl\/wp-json\/wp\/v2\/product_brand?post=10794"},{"taxonomy":"product_cat","embeddable":true,"href":"https:\/\/websjop.afuk.frl\/frl\/wp-json\/wp\/v2\/product_cat?post=10794"},{"taxonomy":"product_tag","embeddable":true,"href":"https:\/\/websjop.afuk.frl\/frl\/wp-json\/wp\/v2\/product_tag?post=10794"}],"curies":[{"name":"wp","href":"https:\/\/api.w.org\/{rel}","templated":true}]}}