{"id":10564,"date":"2017-03-03T10:28:53","date_gmt":"2017-03-03T09:28:53","guid":{"rendered":"https:\/\/websjop.bwhontwerpers.nl\/?post_type=product&#038;p=10564"},"modified":"2021-09-24T12:57:25","modified_gmt":"2021-09-24T11:57:25","slug":"sels-in-tibetaan-belanet-op-it-lest-yn-see-e-book","status":"publish","type":"product","link":"https:\/\/websjop.afuk.frl\/frl\/winkel\/sels-in-tibetaan-belanet-op-it-lest-yn-see-e-book\/","title":{"rendered":"Sels in Tibetaan bel\u00e2net op it l\u00east yn see &#8211; e-book"},"content":{"rendered":"<p><strong>Sels in Tibetaan bel\u00e2net op it l\u00east yn see &#8211; e-book<\/strong><br \/>\n<em>dichtbundel fan Edwin de Groot<\/em><\/p>\n<p>&nbsp;<\/p>\n<p>Dizze bondel fan Edwin de Groot is in hommaazje oan twa rigels fan de Poalske dichteres Wislawa Szymborska:<\/p>\n<p><strong>Je bent &#8211; je moet voorbijgaan.<\/strong><br \/>\n<strong>Je gaat voorbij &#8211; en alles is ok\u00e9.<\/strong><\/p>\n<p>By wat der sa op syn wei komt, spilet by Edwin de Groot it besef fan it tydlik-w\u00eazen fan de dingen in grutte rol. Mei wikseljende konkl\u00fazjejes jout hy dat besef foarm yn taal. Al wie it mar om foar te kommen dat jo <em>sprakeleas tusken siiep ten\u00fbndergean<\/em>.<\/p>\n<p>Edwin de Groot (1963) w\u00fbn al meardere kearen in Rely Jorritsma-priis foar syn po\u00ebzy. Earder publisearre hy de dichtbondels <em>Ik skip<\/em> (2009), <em>Tongfal<\/em> (2010) en de twatalige bondel<em> In hazze is in lokkich bern\/Een haas een gelukkig kind<\/em> (2013). De Groot skriuwt net allinnich yn it Frysk, hy publisearret ek gedichten yn Nederl\u00e2nske en Flaamske liter\u00eare tydskriften.<\/p>\n","protected":false},"excerpt":{"rendered":"<p>Sels in Tibetaan bel\u00e2net op it l\u00east yn see &#8211; e-book<br \/>\ndichtbundel fan Edwin de Groot<\/p>\n","protected":false},"featured_media":10565,"comment_status":"closed","ping_status":"closed","template":"","meta":{"_acf_changed":false},"product_brand":[],"product_cat":[538,548,535,1215],"product_tag":[],"class_list":{"0":"post-10564","1":"product","2":"type-product","3":"status-publish","4":"has-post-thumbnail","6":"product_cat-dichtbondels","7":"product_cat-e-books","8":"product_cat-fryske-boeken","9":"product_cat-romans-en-literatuer","10":"pa_auteur-edwin-de-groot-2","11":"pa_is-een-afuk-product-1-2","12":"pa_sale-label-0-3","14":"first","15":"instock","16":"downloadable","17":"virtual","18":"taxable","19":"purchasable","20":"product-type-simple"},"acf":[],"yoast_head":"<!-- This site is optimized with the Yoast SEO plugin v27.3 - https:\/\/yoast.com\/product\/yoast-seo-wordpress\/ -->\n<title>Sels in Tibetaan bel\u00e2net op it l\u00east yn see<\/title>\n<meta name=\"description\" content=\"By wat der sa op syn wei komt, spilet by Edwin de Groot it besef fan it tydlik-w\u00eazen fan de dingen in grutte rol. Mei wikseljende konkl\u00fazjejes jout hy dat besef foarm yn taal. Al wie it mar om foar te kommen dat jo sprakeleas tusken siiep ten\u00fbndergean.\" \/>\n<meta name=\"robots\" content=\"index, follow, max-snippet:-1, max-image-preview:large, max-video-preview:-1\" \/>\n<link rel=\"canonical\" href=\"https:\/\/websjop.afuk.frl\/frl\/winkel\/sels-in-tibetaan-belanet-op-it-lest-yn-see-e-book\/\" \/>\n<meta property=\"og:locale\" content=\"fy_NL\" \/>\n<meta property=\"og:type\" content=\"article\" \/>\n<meta property=\"og:title\" content=\"Sels in Tibetaan bel\u00e2net op it l\u00east yn see\" \/>\n<meta property=\"og:description\" content=\"By wat der sa op syn wei komt, spilet by Edwin de Groot it besef fan it tydlik-w\u00eazen fan de dingen in grutte rol. Mei wikseljende konkl\u00fazjejes jout hy dat besef foarm yn taal. Al wie it mar om foar te kommen dat jo sprakeleas tusken siiep ten\u00fbndergean.\" \/>\n<meta property=\"og:url\" content=\"https:\/\/websjop.afuk.frl\/frl\/winkel\/sels-in-tibetaan-belanet-op-it-lest-yn-see-e-book\/\" \/>\n<meta property=\"og:site_name\" content=\"Af\u00fbk Websjop\" \/>\n<meta property=\"article:modified_time\" content=\"2021-09-24T11:57:25+00:00\" \/>\n<meta property=\"og:image\" content=\"https:\/\/websjop.afuk.frl\/wp-content\/uploads\/2017\/03\/products-sels-in-tibetaan-web_1.jpg\" \/>\n\t<meta property=\"og:image:width\" content=\"600\" \/>\n\t<meta property=\"og:image:height\" content=\"878\" \/>\n\t<meta property=\"og:image:type\" content=\"image\/jpeg\" \/>\n<meta name=\"twitter:card\" content=\"summary_large_image\" \/>\n<meta name=\"twitter:label1\" content=\"Est. reading time\" \/>\n\t<meta name=\"twitter:data1\" content=\"1 minute\" \/>\n<script type=\"application\/ld+json\" class=\"yoast-schema-graph\">{\"@context\":\"https:\\\/\\\/schema.org\",\"@graph\":[{\"@type\":\"WebPage\",\"@id\":\"https:\\\/\\\/websjop.afuk.frl\\\/frl\\\/winkel\\\/sels-in-tibetaan-belanet-op-it-lest-yn-see-e-book\\\/\",\"url\":\"https:\\\/\\\/websjop.afuk.frl\\\/frl\\\/winkel\\\/sels-in-tibetaan-belanet-op-it-lest-yn-see-e-book\\\/\",\"name\":\"Sels in Tibetaan bel\u00e2net op it l\u00east yn see\",\"isPartOf\":{\"@id\":\"https:\\\/\\\/websjop.afuk.frl\\\/frl\\\/#website\"},\"primaryImageOfPage\":{\"@id\":\"https:\\\/\\\/websjop.afuk.frl\\\/frl\\\/winkel\\\/sels-in-tibetaan-belanet-op-it-lest-yn-see-e-book\\\/#primaryimage\"},\"image\":{\"@id\":\"https:\\\/\\\/websjop.afuk.frl\\\/frl\\\/winkel\\\/sels-in-tibetaan-belanet-op-it-lest-yn-see-e-book\\\/#primaryimage\"},\"thumbnailUrl\":\"https:\\\/\\\/websjop.afuk.frl\\\/wp-content\\\/uploads\\\/2017\\\/03\\\/products-sels-in-tibetaan-web_1.jpg\",\"datePublished\":\"2017-03-03T09:28:53+00:00\",\"dateModified\":\"2021-09-24T11:57:25+00:00\",\"description\":\"By wat der sa op syn wei komt, spilet by Edwin de Groot it besef fan it tydlik-w\u00eazen fan de dingen in grutte rol. Mei wikseljende konkl\u00fazjejes jout hy dat besef foarm yn taal. Al wie it mar om foar te kommen dat jo sprakeleas tusken siiep ten\u00fbndergean.\",\"breadcrumb\":{\"@id\":\"https:\\\/\\\/websjop.afuk.frl\\\/frl\\\/winkel\\\/sels-in-tibetaan-belanet-op-it-lest-yn-see-e-book\\\/#breadcrumb\"},\"inLanguage\":\"fy-NL\",\"potentialAction\":[{\"@type\":\"ReadAction\",\"target\":[\"https:\\\/\\\/websjop.afuk.frl\\\/frl\\\/winkel\\\/sels-in-tibetaan-belanet-op-it-lest-yn-see-e-book\\\/\"]}]},{\"@type\":\"ImageObject\",\"inLanguage\":\"fy-NL\",\"@id\":\"https:\\\/\\\/websjop.afuk.frl\\\/frl\\\/winkel\\\/sels-in-tibetaan-belanet-op-it-lest-yn-see-e-book\\\/#primaryimage\",\"url\":\"https:\\\/\\\/websjop.afuk.frl\\\/wp-content\\\/uploads\\\/2017\\\/03\\\/products-sels-in-tibetaan-web_1.jpg\",\"contentUrl\":\"https:\\\/\\\/websjop.afuk.frl\\\/wp-content\\\/uploads\\\/2017\\\/03\\\/products-sels-in-tibetaan-web_1.jpg\",\"width\":600,\"height\":878},{\"@type\":\"BreadcrumbList\",\"@id\":\"https:\\\/\\\/websjop.afuk.frl\\\/frl\\\/winkel\\\/sels-in-tibetaan-belanet-op-it-lest-yn-see-e-book\\\/#breadcrumb\",\"itemListElement\":[{\"@type\":\"ListItem\",\"position\":1,\"name\":\"Home\",\"item\":\"https:\\\/\\\/websjop.afuk.frl\\\/frl\\\/\"},{\"@type\":\"ListItem\",\"position\":2,\"name\":\"Winkel\",\"item\":\"https:\\\/\\\/websjop.afuk.frl\\\/nl\\\/winkel\\\/\"},{\"@type\":\"ListItem\",\"position\":3,\"name\":\"Sels in Tibetaan bel\u00e2net op it l\u00east yn see &#8211; e-book\"}]},{\"@type\":\"WebSite\",\"@id\":\"https:\\\/\\\/websjop.afuk.frl\\\/frl\\\/#website\",\"url\":\"https:\\\/\\\/websjop.afuk.frl\\\/frl\\\/\",\"name\":\"Af\u00fbk Websjop\",\"description\":\"\",\"potentialAction\":[{\"@type\":\"SearchAction\",\"target\":{\"@type\":\"EntryPoint\",\"urlTemplate\":\"https:\\\/\\\/websjop.afuk.frl\\\/frl\\\/?s={search_term_string}\"},\"query-input\":{\"@type\":\"PropertyValueSpecification\",\"valueRequired\":true,\"valueName\":\"search_term_string\"}}],\"inLanguage\":\"fy-NL\"}]}<\/script>\n<!-- \/ Yoast SEO plugin. -->","yoast_head_json":{"title":"Sels in Tibetaan bel\u00e2net op it l\u00east yn see","description":"By wat der sa op syn wei komt, spilet by Edwin de Groot it besef fan it tydlik-w\u00eazen fan de dingen in grutte rol. Mei wikseljende konkl\u00fazjejes jout hy dat besef foarm yn taal. Al wie it mar om foar te kommen dat jo sprakeleas tusken siiep ten\u00fbndergean.","robots":{"index":"index","follow":"follow","max-snippet":"max-snippet:-1","max-image-preview":"max-image-preview:large","max-video-preview":"max-video-preview:-1"},"canonical":"https:\/\/websjop.afuk.frl\/frl\/winkel\/sels-in-tibetaan-belanet-op-it-lest-yn-see-e-book\/","og_locale":"fy_NL","og_type":"article","og_title":"Sels in Tibetaan bel\u00e2net op it l\u00east yn see","og_description":"By wat der sa op syn wei komt, spilet by Edwin de Groot it besef fan it tydlik-w\u00eazen fan de dingen in grutte rol. Mei wikseljende konkl\u00fazjejes jout hy dat besef foarm yn taal. Al wie it mar om foar te kommen dat jo sprakeleas tusken siiep ten\u00fbndergean.","og_url":"https:\/\/websjop.afuk.frl\/frl\/winkel\/sels-in-tibetaan-belanet-op-it-lest-yn-see-e-book\/","og_site_name":"Af\u00fbk Websjop","article_modified_time":"2021-09-24T11:57:25+00:00","og_image":[{"width":600,"height":878,"url":"https:\/\/websjop.afuk.frl\/wp-content\/uploads\/2017\/03\/products-sels-in-tibetaan-web_1.jpg","type":"image\/jpeg"}],"twitter_card":"summary_large_image","twitter_misc":{"Est. reading time":"1 minute"},"schema":{"@context":"https:\/\/schema.org","@graph":[{"@type":"WebPage","@id":"https:\/\/websjop.afuk.frl\/frl\/winkel\/sels-in-tibetaan-belanet-op-it-lest-yn-see-e-book\/","url":"https:\/\/websjop.afuk.frl\/frl\/winkel\/sels-in-tibetaan-belanet-op-it-lest-yn-see-e-book\/","name":"Sels in Tibetaan bel\u00e2net op it l\u00east yn see","isPartOf":{"@id":"https:\/\/websjop.afuk.frl\/frl\/#website"},"primaryImageOfPage":{"@id":"https:\/\/websjop.afuk.frl\/frl\/winkel\/sels-in-tibetaan-belanet-op-it-lest-yn-see-e-book\/#primaryimage"},"image":{"@id":"https:\/\/websjop.afuk.frl\/frl\/winkel\/sels-in-tibetaan-belanet-op-it-lest-yn-see-e-book\/#primaryimage"},"thumbnailUrl":"https:\/\/websjop.afuk.frl\/wp-content\/uploads\/2017\/03\/products-sels-in-tibetaan-web_1.jpg","datePublished":"2017-03-03T09:28:53+00:00","dateModified":"2021-09-24T11:57:25+00:00","description":"By wat der sa op syn wei komt, spilet by Edwin de Groot it besef fan it tydlik-w\u00eazen fan de dingen in grutte rol. Mei wikseljende konkl\u00fazjejes jout hy dat besef foarm yn taal. Al wie it mar om foar te kommen dat jo sprakeleas tusken siiep ten\u00fbndergean.","breadcrumb":{"@id":"https:\/\/websjop.afuk.frl\/frl\/winkel\/sels-in-tibetaan-belanet-op-it-lest-yn-see-e-book\/#breadcrumb"},"inLanguage":"fy-NL","potentialAction":[{"@type":"ReadAction","target":["https:\/\/websjop.afuk.frl\/frl\/winkel\/sels-in-tibetaan-belanet-op-it-lest-yn-see-e-book\/"]}]},{"@type":"ImageObject","inLanguage":"fy-NL","@id":"https:\/\/websjop.afuk.frl\/frl\/winkel\/sels-in-tibetaan-belanet-op-it-lest-yn-see-e-book\/#primaryimage","url":"https:\/\/websjop.afuk.frl\/wp-content\/uploads\/2017\/03\/products-sels-in-tibetaan-web_1.jpg","contentUrl":"https:\/\/websjop.afuk.frl\/wp-content\/uploads\/2017\/03\/products-sels-in-tibetaan-web_1.jpg","width":600,"height":878},{"@type":"BreadcrumbList","@id":"https:\/\/websjop.afuk.frl\/frl\/winkel\/sels-in-tibetaan-belanet-op-it-lest-yn-see-e-book\/#breadcrumb","itemListElement":[{"@type":"ListItem","position":1,"name":"Home","item":"https:\/\/websjop.afuk.frl\/frl\/"},{"@type":"ListItem","position":2,"name":"Winkel","item":"https:\/\/websjop.afuk.frl\/nl\/winkel\/"},{"@type":"ListItem","position":3,"name":"Sels in Tibetaan bel\u00e2net op it l\u00east yn see &#8211; e-book"}]},{"@type":"WebSite","@id":"https:\/\/websjop.afuk.frl\/frl\/#website","url":"https:\/\/websjop.afuk.frl\/frl\/","name":"Af\u00fbk Websjop","description":"","potentialAction":[{"@type":"SearchAction","target":{"@type":"EntryPoint","urlTemplate":"https:\/\/websjop.afuk.frl\/frl\/?s={search_term_string}"},"query-input":{"@type":"PropertyValueSpecification","valueRequired":true,"valueName":"search_term_string"}}],"inLanguage":"fy-NL"}]}},"_links":{"self":[{"href":"https:\/\/websjop.afuk.frl\/frl\/wp-json\/wp\/v2\/product\/10564","targetHints":{"allow":["GET"]}}],"collection":[{"href":"https:\/\/websjop.afuk.frl\/frl\/wp-json\/wp\/v2\/product"}],"about":[{"href":"https:\/\/websjop.afuk.frl\/frl\/wp-json\/wp\/v2\/types\/product"}],"replies":[{"embeddable":true,"href":"https:\/\/websjop.afuk.frl\/frl\/wp-json\/wp\/v2\/comments?post=10564"}],"wp:featuredmedia":[{"embeddable":true,"href":"https:\/\/websjop.afuk.frl\/frl\/wp-json\/wp\/v2\/media\/10565"}],"wp:attachment":[{"href":"https:\/\/websjop.afuk.frl\/frl\/wp-json\/wp\/v2\/media?parent=10564"}],"wp:term":[{"taxonomy":"product_brand","embeddable":true,"href":"https:\/\/websjop.afuk.frl\/frl\/wp-json\/wp\/v2\/product_brand?post=10564"},{"taxonomy":"product_cat","embeddable":true,"href":"https:\/\/websjop.afuk.frl\/frl\/wp-json\/wp\/v2\/product_cat?post=10564"},{"taxonomy":"product_tag","embeddable":true,"href":"https:\/\/websjop.afuk.frl\/frl\/wp-json\/wp\/v2\/product_tag?post=10564"}],"curies":[{"name":"wp","href":"https:\/\/api.w.org\/{rel}","templated":true}]}}